-- Table structure for table `t_event_attachments`
--

CREATE TABLE `t_event_attachments` (
  `ea_id` int(10) UNSIGNED NOT NULL,
  `e_id` int(10) UNSIGNED NOT NULL,
  `ea_file` varchar(255) COLLATE utf8mb4_unicode_ci DEFAULT NULL,
  `created_at` timestamp NULL DEFAULT NULL,
  `updated_at` timestamp NULL DEFAULT NULL
) ENGINE=InnoDB DEFAULT CHARSET=utf8mb4 COLLATE=utf8mb4_unicode_ci;

--
-- Dumping data for table `t_event_attachments`
--

INSERT INTO `t_event_attachments` (`ea_id`, `e_id`, `ea_file`, `created_at`, `updated_at`) VALUES
(1, 38, 'upload/event_files/38/BasicNutritionAndWellness.png', '2017-01-11 01:21:00', '0000-00-00 00:00:00'),
(2, 38, 'upload/event_files/38/FoodSafetyAtHome.png', '2017-01-11 01:21:00', '0000-00-00 00:00:00'),
(3, 83, 'upload/event_files/83/RWM Celebration_Advisory.pdf', '2017-03-01 07:02:40', '0000-00-00 00:00:00'),
(4, 83, 'upload/event_files/83/RWM Celebration_RLAs4.pdf', '2017-03-01 07:02:40', '0000-00-00 00:00:00'),
(6, 165, 'upload/event_files/165/SO RA 9184 Seminar Workshop.pdf', '2017-05-02 07:57:15', '0000-00-00 00:00:00'),
(7, 221, 'upload/event_files/221/2017-01B Invitation to Bid.doc', '2017-05-19 00:11:40', '0000-00-00 00:00:00'),
(8, 256, 'upload/event_files/256/2017NM_Streamer_NNC_8x4.5ft 1.jpg', '2017-06-29 08:13:06', '0000-00-00 00:00:00'),
(9, 455, 'upload/event_files/455/Rizal MSME Development Conference Invitation.pdf', '2017-11-07 03:44:29', '0000-00-00 00:00:00'),
(10, 474, 'upload/event_files/474/ppan_regionallaunch_programme.docx', '2017-11-23 01:42:17', '0000-00-00 00:00:00'),
(11, 481, 'upload/event_files/481/Memo re Q4 mtg 2017.pdf', '2017-11-29 00:55:15', '0000-00-00 00:00:00'),
(12, 483, 'upload/event_files/483/Program MRP Calauan.ppt', '2017-11-29 06:41:38', '0000-00-00 00:00:00'),
(13, 513, 'upload/event_files/513/DOST 4A.pdf', '2018-01-09 07:23:52', '0000-00-00 00:00:00'),
(14, 585, 'upload/event_files/585/memo.preparatory meeting.docx', '2018-02-12 08:56:58', '0000-00-00 00:00:00');

-- --------------------------------------------------------

--
-- Table structure for table `t_event_seen`
--

CREATE TABLE `t_event_seen` (
  `es_id` int(10) UNSIGNED NOT NULL,
  `e_id` int(10) UNSIGNED NOT NULL,
  `u_id` int(10) UNSIGNED NOT NULL,
  `es_seen` tinyint(4) NOT NULL DEFAULT '0',
  `es_invited` tinyint(4) NOT NULL DEFAULT '0',
  `e_confirm` tinyint(4) NOT NULL DEFAULT '0',
  `es_confirmed` tinyint(4) NOT NULL DEFAULT '99',
  `es_reason` text COLLATE utf8mb4_unicode_ci,
  `created_at` timestamp NULL DEFAULT NULL,
  `updated_at` timestamp NULL DEFAULT NULL
) ENGINE=InnoDB DEFAULT CHARSET=utf8mb4 COLLATE=utf8mb4_unicode_ci;

--
-- Dumping data for table `t_event_seen`
--

INSERT INTO `t_event_seen` (`es_id`, `e_id`, `u_id`, `es_seen`, `es_invited`, `e_confirm`, `es_confirmed`, `es_reason`, `created_at`, `updated_at`) VALUES
(1, 36, 54, 1, 1, 0, 1, '', '2017-01-11 01:13:46', '0000-00-00 00:00:00'),
(2, 36, 92, 1, 1, 0, 1, '', '2017-01-11 01:13:46', '2017-01-27 00:50:26'),
(3, 36, 56, 1, 1, 0, 1, '', '2017-01-11 01:13:46', '2017-01-13 01:47:25'),
(4, 36, 58, 1, 1, 0, 1, '', '2017-01-11 01:13:46', '2017-01-17 22:06:49'),
(5, 36, 3, 1, 1, 0, 1, '', '2017-01-11 01:13:46', '2017-01-31 03:55:23'),
(6, 36, 60, 1, 1, 0, 1, '', '2017-01-11 01:13:46', '0000-00-00 00:00:00'),
(7, 36, 104, 1, 1, 0, 1, '', '2017-01-11 01:13:46', '0000-00-00 00:00:00'),
(8, 37, 54, 1, 1, 0, 1, '', '2017-01-11 01:13:53', '0000-00-00 00:00:00'),
(9, 37, 92, 1, 1, 0, 1, '', '2017-01-11 01:13:53', '2017-01-27 00:50:09'),
(10, 37, 56, 1, 1, 0, 1, '', '2017-01-11 01:13:53', '2017-01-13 01:44:51'),
(11, 37, 58, 1, 1, 0, 1, '', '2017-01-11 01:13:53', '2017-01-17 22:06:58'),
(12, 37, 3, 1, 1, 0, 1, '', '2017-01-11 01:13:53', '2017-01-31 03:55:23'),
(13, 37, 60, 1, 1, 0, 1, '', '2017-01-11 01:13:53', '0000-00-00 00:00:00'),
(14, 37, 104, 1, 1, 0, 1, '', '2017-01-11 01:13:53', '0000-00-00 00:00:00'),
(15, 38, 1, 1, 1, 0, 1, '', '2017-01-11 01:21:00', '2017-01-11 08:33:44'),
(16, 38, 92, 1, 1, 0, 1, '', '2017-01-11 01:21:00', '2017-01-27 00:51:41'),
(17, 38, 3, 1, 1, 0, 1, '', '2017-01-11 01:21:00', '2017-01-31 03:55:24'),
(18, 38, 5, 1, 1, 0, 1, '', '2017-01-11 01:21:00', '2017-01-11 02:40:00'),
(19, 39, 2, 1, 1, 0, 1, '', '2017-01-11 01:22:35', '2017-01-23 09:21:16'),
(20, 39, 3, 1, 1, 0, 1, '', '2017-01-11 01:22:35', '2017-01-31 05:23:11'),
(21, 40, 43, 1, 1, 0, 1, '', '2017-02-01 00:38:02', '0000-00-00 00:00:00'),
(22, 40, 48, 1, 1, 0, 1, '', '2017-02-01 00:38:02', '0000-00-00 00:00:00'),
(23, 40, 104, 1, 1, 0, 1, '', '2017-02-01 00:38:02', '0000-00-00 00:00:00'),
(24, 41, 3, 1, 1, 0, 1, '', '2017-02-01 00:42:18', '0000-00-00 00:00:00'),
(25, 42, 3, 1, 1, 0, 1, '', '2017-02-01 00:44:01', '0000-00-00 00:00:00'),
(26, 43, 91, 1, 1, 0, 1, '', '2017-02-01 00:45:32', '0000-00-00 00:00:00'),
(27, 43, 92, 1, 1, 0, 1, '', '2017-02-01 00:45:32', '0000-00-00 00:00:00'),
(28, 43, 104, 1, 1, 0, 1, '', '2017-02-01 00:45:32', '0000-00-00 00:00:00'),
(29, 44, 92, 1, 1, 0, 1, '', '2017-02-01 00:46:37', '0000-00-00 00:00:00'),
(30, 44, 58, 1, 1, 0, 1, '', '2017-02-01 00:46:37', '2017-02-03 04:05:08'),
(31, 44, 59, 1, 1, 0, 1, '', '2017-02-01 00:46:37', '2017-02-01 02:43:23'),
(32, 45, 2, 1, 1, 0, 1, '', '2017-02-01 05:30:12', '2017-02-09 15:32:59'),
(33, 45, 3, 1, 1, 0, 1, '', '2017-02-01 05:30:12', '2017-02-09 00:30:58'),
(34, 45, 5, 1, 1, 0, 1, '', '2017-02-01 05:30:12', '2017-02-06 01:12:29'),
(35, 45, 10, 1, 1, 0, 1, '', '2017-02-01 05:30:12', '0000-00-00 00:00:00'),
(36, 45, 11, 1, 1, 0, 1, '', '2017-02-01 05:30:12', '2017-05-31 07:25:37'),
(37, 45, 20, 1, 1, 0, 1, '', '2017-02-01 05:30:12', '2017-02-03 03:16:17'),
(38, 45, 21, 1, 1, 0, 1, '', '2017-02-01 05:30:12', '0000-00-00 00:00:00'),
(39, 45, 24, 1, 1, 0, 1, '', '2017-02-01 05:30:12', '2017-02-02 08:29:53'),
(40, 45, 25, 1, 1, 0, 1, '', '2017-02-01 05:30:12', '0000-00-00 00:00:00'),
(41, 45, 27, 1, 1, 0, 1, '', '2017-02-01 05:30:12', '2017-02-02 08:06:36'),
(42, 45, 28, 1, 1, 0, 1, '', '2017-02-01 05:30:12', '0000-00-00 00:00:00'),
(43, 45, 29, 1, 1, 0, 1, '', '2017-02-01 05:30:12', '2017-02-02 08:56:19'),
(44, 45, 30, 1, 1, 0, 1, '', '2017-02-01 05:30:12', '0000-00-00 00:00:00'),
(45, 45, 31, 1, 1, 0, 1, '', '2017-02-01 05:30:12', '0000-00-00 00:00:00'),
(46, 45, 32, 1, 1, 0, 1, '', '2017-02-01 05:30:12', '2017-02-06 01:06:41'),
(47, 45, 35, 1, 1, 0, 1, '', '2017-02-01 05:30:12', '0000-00-00 00:00:00'),
(48, 45, 36, 1, 1, 0, 1, '', '2017-02-01 05:30:12', '0000-00-00 00:00:00'),
(49, 45, 37, 1, 1, 0, 1, '', '2017-02-01 05:30:12', '0000-00-00 00:00:00'),
(50, 45, 40, 1, 1, 0, 1, '', '2017-02-01 05:30:12', '2017-02-03 01:12:51'),
(51, 45, 43, 1, 1, 0, 1, '', '2017-02-01 05:30:12', '0000-00-00 00:00:00'),
(52, 45, 44, 1, 1, 0, 1, '', '2017-02-01 05:30:12', '2017-02-01 05:42:11'),
(53, 45, 48, 1, 1, 0, 1, '', '2017-02-01 05:30:12', '0000-00-00 00:00:00'),
(54, 45, 49, 1, 1, 0, 1, '', '2017-02-01 05:30:12', '2017-02-07 08:51:58'),
(55, 45, 50, 1, 1, 0, 1, '', '2017-02-01 05:30:12', '0000-00-00 00:00:00'),
(56, 45, 51, 1, 1, 0, 1, '', '2017-02-01 05:30:12', '2017-02-02 09:10:14'),
(57, 45, 52, 1, 1, 0, 1, '', '2017-02-01 05:30:12', '0000-00-00 00:00:00'),
(58, 45, 53, 1, 1, 0, 1, '', '2017-02-01 05:30:12', '2017-03-18 06:06:48'),
(59, 45, 54, 1, 1, 0, 1, '', '2017-02-01 05:30:12', '0000-00-00 00:00:00'),
(60, 45, 55, 1, 1, 0, 1, '', '2017-02-01 05:30:12', '2017-02-04 10:58:00'),
(61, 45, 56, 1, 1, 0, 1, '', '2017-02-01 05:30:12', '2017-02-03 09:56:21'),
(62, 45, 57, 1, 1, 0, 1, '', '2017-02-01 05:30:12', '0000-00-00 00:00:00'),
(63, 45, 58, 1, 1, 0, 1, '', '2017-02-01 05:30:12', '2017-02-03 04:11:23'),
(64, 45, 59, 1, 1, 0, 1, '', '2017-02-01 05:30:12', '2017-02-03 07:44:51'),
(65, 45, 60, 1, 1, 0, 1, '', '2017-02-01 05:30:12', '0000-00-00 00:00:00'),
(66, 45, 61, 1, 1, 0, 1, '', '2017-02-01 05:30:12', '0000-00-00 00:00:00'),
(67, 45, 62, 1, 1, 0, 1, '', '2017-02-01 05:30:12', '0000-00-00 00:00:00'),
(68, 45, 63, 1, 1, 0, 1, '', '2017-02-01 05:30:12', '2017-02-03 01:00:19'),
(69, 45, 65, 1, 1, 0, 1, '', '2017-02-01 05:30:12', '2017-02-01 05:43:42'),
(70, 45, 66, 1, 1, 0, 1, '', '2017-02-01 05:30:12', '0000-00-00 00:00:00'),
(71, 45, 67, 1, 1, 0, 1, '', '2017-02-01 05:30:12', '2017-02-03 01:03:07'),
(72, 45, 69, 1, 1, 0, 1, '', '2017-02-01 05:30:12', '0000-00-00 00:00:00'),
(73, 45, 70, 1, 1, 0, 1, '', '2017-02-01 05:30:12', '2017-02-03 01:22:17'),
(74, 45, 71, 1, 1, 0, 1, '', '2017-02-01 05:30:12', '2017-03-10 01:05:12'),
(75, 45, 73, 1, 1, 0, 1, '', '2017-02-01 05:30:12', '2017-02-02 05:14:01'),
(76, 45, 74, 1, 1, 0, 1, '', '2017-02-01 05:30:12', '2017-03-07 02:23:45'),
(77, 45, 75, 1, 1, 0, 1, '', '2017-02-01 05:30:12', '0000-00-00 00:00:00'),
(78, 45, 76, 1, 1, 0, 1, '', '2017-02-01 05:30:12', '0000-00-00 00:00:00'),
(79, 45, 77, 1, 1, 0, 1, '', '2017-02-01 05:30:12', '0000-00-00 00:00:00'),
(80, 45, 79, 1, 1, 0, 1, '', '2017-02-01 05:30:12', '0000-00-00 00:00:00'),
(81, 45, 80, 1, 1, 0, 1, '', '2017-02-01 05:30:12', '0000-00-00 00:00:00'),
(82, 45, 81, 1, 1, 0, 1, '', '2017-02-01 05:30:12', '2017-02-03 07:44:28'),
(83, 45, 82, 1, 1, 0, 1, '', '2017-02-01 05:30:12', '2017-02-03 02:08:55'),
(84, 45, 83, 1, 1, 0, 1, '', '2017-02-01 05:30:12', '0000-00-00 00:00:00'),
(85, 45, 84, 1, 1, 0, 1, '', '2017-02-01 05:30:12', '0000-00-00 00:00:00'),
(86, 45, 86, 1, 1, 0, 1, '', '2017-02-01 05:30:12', '2017-02-01 05:41:32'),
(87, 45, 87, 1, 1, 0, 1, '', '2017-02-01 05:30:12', '2017-02-01 05:46:53'),
(88, 45, 88, 1, 1, 0, 1, '', '2017-02-01 05:30:12', '0000-00-00 00:00:00'),
(89, 45, 90, 1, 1, 0, 1, '', '2017-02-01 05:30:12', '0000-00-00 00:00:00'),
(90, 45, 91, 1, 1, 0, 1, '', '2017-02-01 05:30:12', '0000-00-00 00:00:00'),
(91, 45, 92, 1, 1, 0, 1, '', '2017-02-01 05:30:12', '0000-00-00 00:00:00'),
(92, 45, 98, 1, 1, 0, 1, '', '2017-02-01 05:30:12', '0000-00-00 00:00:00'),
(93, 45, 99, 1, 1, 0, 1, '', '2017-02-01 05:30:12', '0000-00-00 00:00:00'),
(94, 45, 100, 1, 1, 0, 1, '', '2017-02-01 05:30:12', '0000-00-00 00:00:00'),
(95, 45, 101, 1, 1, 0, 1, '', '2017-02-01 05:30:12', '0000-00-00 00:00:00'),
(96, 45, 102, 1, 1, 0, 1, '', '2017-02-01 05:30:12', '0000-00-00 00:00:00'),
(97, 45, 103, 1, 1, 0, 1, '', '2017-02-01 05:30:12', '0000-00-00 00:00:00'),
(98, 45, 104, 1, 1, 0, 1, '', '2017-02-01 05:30:12', '0000-00-00 00:00:00'),
(99, 45, 105, 1, 1, 0, 1, '', '2017-02-01 05:30:12', '0000-00-00 00:00:00'),
(100, 45, 106, 1, 1, 0, 1, '', '2017-02-01 05:30:12', '0000-00-00 00:00:00'),
(101, 45, 107, 1, 1, 0, 1, '', '2017-02-01 05:30:12', '0000-00-00 00:00:00'),
(102, 45, 108, 1, 1, 0, 1, '', '2017-02-01 05:30:12', '0000-00-00 00:00:00'),
(103, 45, 109, 1, 1, 0, 1, '', '2017-02-01 05:30:12', '0000-00-00 00:00:00'),
(104, 45, 110, 1, 1, 0, 1, '', '2017-02-01 05:30:12', '0000-00-00 00:00:00'),
(105, 45, 111, 1, 1, 0, 1, '', '2017-02-01 05:30:12', '0000-00-00 00:00:00'),
(106, 45, 114, 1, 1, 0, 1, '', '2017-02-01 05:30:12', '0000-00-00 00:00:00'),
(107, 45, 115, 1, 1, 0, 1, '', '2017-02-01 05:30:12', '0000-00-00 00:00:00'),
(108, 45, 116, 1, 1, 0, 1, '', '2017-02-01 05:30:12', '0000-00-00 00:00:00'),
(109, 45, 117, 1, 1, 0, 1, '', '2017-02-01 05:30:12', '2017-03-22 01:04:05'),
(110, 45, 129, 1, 1, 0, 1, '', '2017-02-01 05:30:12', '2017-02-07 00:44:24'),
(111, 45, 130, 1, 1, 0, 1, '', '2017-02-01 05:30:12', '0000-00-00 00:00:00'),
(112, 45, 131, 1, 1, 0, 1, '', '2017-02-01 05:30:12', '0000-00-00 00:00:00'),
(113, 45, 132, 1, 1, 0, 1, '', '2017-02-01 05:30:12', '2017-02-02 07:58:25'),
(114, 45, 134, 1, 1, 0, 1, '', '2017-02-01 05:30:12', '0000-00-00 00:00:00'),
(115, 45, 135, 1, 1, 0, 1, '', '2017-02-01 05:30:12', '0000-00-00 00:00:00'),
(116, 45, 136, 1, 1, 0, 1, '', '2017-02-01 05:30:12', '2017-02-03 00:14:41'),
(117, 45, 137, 1, 1, 0, 1, '', '2017-02-01 05:30:12', '2017-02-07 22:29:41'),
(118, 45, 138, 1, 1, 0, 1, '', '2017-02-01 05:30:12', '0000-00-00 00:00:00'),
(119, 45, 139, 1, 1, 0, 1, '', '2017-02-01 05:30:12', '0000-00-00 00:00:00'),
(120, 45, 140, 1, 1, 0, 1, '', '2017-02-01 05:30:12', '0000-00-00 00:00:00'),
(121, 45, 141, 1, 1, 0, 1, '', '2017-02-01 05:30:12', '0000-00-00 00:00:00'),
(122, 45, 142, 1, 1, 0, 1, '', '2017-02-01 05:30:12', '2017-02-06 07:13:46'),
(123, 45, 143, 1, 1, 0, 1, '', '2017-02-01 05:30:12', '0000-00-00 00:00:00'),
(124, 45, 144, 1, 1, 0, 1, '', '2017-02-01 05:30:12', '0000-00-00 00:00:00'),
(125, 45, 145, 1, 1, 0, 1, '', '2017-02-01 05:30:12', '0000-00-00 00:00:00'),
(126, 45, 146, 1, 1, 0, 1, '', '2017-02-01 05:30:12', '0000-00-00 00:00:00'),
(127, 45, 147, 1, 1, 0, 1, '', '2017-02-01 05:30:12', '2017-02-07 00:00:30'),
(128, 56, 50, 1, 1, 0, 1, '', '2017-02-21 12:24:26', '0000-00-00 00:00:00'),
(129, 56, 28, 1, 1, 0, 1, '', '2017-02-21 12:24:26', '0000-00-00 00:00:00'),
(130, 56, 73, 1, 1, 0, 1, '', '2017-02-21 12:24:26', '2017-03-08 23:50:29'),
(131, 56, 150, 1, 1, 0, 1, '', '2017-02-21 12:24:26', '0000-00-00 00:00:00'),
(132, 56, 74, 1, 1, 0, 1, '', '2017-02-21 12:24:26', '2017-03-07 02:23:59'),
(133, 56, 5, 1, 1, 0, 1, '', '2017-02-21 12:24:26', '2017-02-22 01:52:19'),
(134, 56, 83, 1, 1, 0, 1, '', '2017-02-21 12:24:26', '0000-00-00 00:00:00'),
(135, 57, 142, 1, 1, 0, 1, '', '2017-03-01 00:49:49', '2017-03-13 01:45:05'),
(136, 57, 73, 1, 1, 0, 1, '', '2017-03-01 00:49:49', '2017-03-08 23:50:40'),
(137, 57, 69, 1, 1, 0, 1, '', '2017-03-01 00:49:49', '0000-00-00 00:00:00'),
(138, 57, 137, 1, 1, 0, 1, '', '2017-03-01 00:49:49', '2017-04-09 23:42:18'),
(139, 57, 2, 1, 1, 0, 1, '', '2017-03-01 00:49:49', '0000-00-00 00:00:00'),
(140, 57, 70, 1, 1, 0, 1, '', '2017-03-01 00:49:49', '0000-00-00 00:00:00'),
(141, 57, 3, 1, 1, 0, 1, '', '2017-03-01 00:49:49', '0000-00-00 00:00:00'),
(142, 69, 48, 1, 1, 0, 1, '', '2017-03-01 01:14:45', '0000-00-00 00:00:00'),
(143, 69, 91, 1, 1, 0, 1, '', '2017-03-01 01:14:45', '0000-00-00 00:00:00'),
(144, 69, 92, 1, 1, 0, 1, '', '2017-03-01 01:14:45', '0000-00-00 00:00:00'),
(145, 69, 3, 1, 1, 0, 1, '', '2017-03-01 01:14:45', '0000-00-00 00:00:00'),
(146, 69, 104, 1, 1, 0, 1, '', '2017-03-01 01:14:45', '0000-00-00 00:00:00'),
(147, 70, 92, 1, 1, 0, 1, '', '2017-03-01 01:18:05', '0000-00-00 00:00:00'),
(148, 70, 58, 1, 1, 0, 1, '', '2017-03-01 01:18:05', '2017-03-02 01:18:57'),
(149, 70, 59, 1, 1, 0, 1, '', '2017-03-01 01:18:05', '0000-00-00 00:00:00'),
(150, 70, 3, 1, 1, 0, 1, '', '2017-03-01 01:18:05', '0000-00-00 00:00:00'),
(151, 80, 48, 1, 1, 0, 1, '', '2017-03-01 01:39:47', '0000-00-00 00:00:00'),
(152, 80, 92, 1, 1, 0, 1, '', '2017-03-01 01:39:47', '0000-00-00 00:00:00'),
(153, 80, 3, 1, 1, 0, 1, '', '2017-03-01 01:39:47', '0000-00-00 00:00:00'),
(154, 80, 104, 1, 1, 0, 1, '', '2017-03-01 01:39:47', '0000-00-00 00:00:00'),
(155, 81, 58, 1, 1, 0, 1, '', '2017-03-01 01:52:37', '2017-03-02 01:21:23'),
(156, 82, 50, 1, 1, 0, 1, '', '2017-03-01 02:17:46', '0000-00-00 00:00:00'),
(157, 82, 43, 1, 1, 0, 1, '', '2017-03-01 02:17:46', '0000-00-00 00:00:00'),
(158, 82, 10, 1, 1, 0, 1, '', '2017-03-01 02:17:46', '0000-00-00 00:00:00'),
(159, 82, 53, 1, 1, 0, 1, '', '2017-03-01 02:17:46', '0000-00-00 00:00:00'),
(160, 82, 24, 1, 1, 0, 1, '', '2017-03-01 02:17:46', '2017-03-01 05:32:29'),
(161, 82, 3, 1, 1, 0, 1, '', '2017-03-01 02:17:46', '0000-00-00 00:00:00'),
(162, 82, 40, 1, 1, 0, 1, '', '2017-03-01 02:17:46', '2017-03-06 06:00:43'),
(163, 87, 43, 1, 1, 0, 1, '', '2017-03-01 06:50:32', '0000-00-00 00:00:00'),
(164, 87, 1, 1, 1, 0, 1, '', '2017-03-01 06:50:32', '2017-03-01 11:56:28'),
(165, 87, 2, 1, 1, 0, 1, '', '2017-03-01 06:50:32', '0000-00-00 00:00:00'),
(166, 87, 145, 1, 1, 0, 1, '', '2017-03-01 06:50:32', '0000-00-00 00:00:00'),
(167, 91, 75, 1, 1, 0, 1, '', '2017-03-01 07:10:07', '0000-00-00 00:00:00'),
(168, 91, 77, 1, 1, 0, 1, '', '2017-03-01 07:10:07', '0000-00-00 00:00:00'),
(169, 91, 63, 1, 1, 0, 1, '', '2017-03-01 07:10:07', '2017-03-06 01:04:20'),
(173, 98, 24, 1, 1, 0, 1, '', '2017-03-01 08:31:01', '2017-03-02 00:39:27'),
(174, 101, 43, 1, 1, 0, 1, '', '2017-03-14 08:17:46', '0000-00-00 00:00:00'),
(175, 103, 50, 1, 1, 0, 1, '', '2017-03-15 07:07:58', '0000-00-00 00:00:00'),
(176, 103, 20, 1, 1, 0, 1, '', '2017-03-15 07:07:58', '2017-04-03 07:30:32'),
(177, 103, 43, 1, 1, 0, 1, '', '2017-03-15 07:07:58', '0000-00-00 00:00:00'),
(178, 103, 10, 1, 1, 0, 1, '', '2017-03-15 07:07:58', '0000-00-00 00:00:00'),
(179, 103, 3, 1, 1, 0, 1, '', '2017-03-15 07:07:58', '0000-00-00 00:00:00'),
(180, 103, 40, 1, 1, 0, 1, '', '2017-03-15 07:07:58', '2017-03-16 06:30:57'),
(181, 104, 50, 1, 1, 0, 1, '', '2017-03-15 07:13:56', '0000-00-00 00:00:00'),
(182, 104, 20, 1, 1, 0, 1, '', '2017-03-15 07:13:56', '2017-04-03 07:29:39'),
(183, 104, 43, 1, 1, 0, 1, '', '2017-03-15 07:13:56', '0000-00-00 00:00:00'),
(184, 104, 10, 1, 1, 0, 1, '', '2017-03-15 07:13:56', '0000-00-00 00:00:00'),
(185, 104, 3, 1, 1, 0, 1, '', '2017-03-15 07:13:56', '0000-00-00 00:00:00'),
(186, 104, 40, 1, 1, 0, 1, '', '2017-03-15 07:13:56', '2017-03-16 06:30:31'),
(187, 105, 50, 1, 1, 0, 1, '', '2017-03-15 07:24:15', '2017-04-03 08:07:05'),
(188, 105, 20, 1, 1, 0, 1, '', '2017-03-15 07:24:15', '2017-04-03 07:29:33'),
(189, 105, 43, 1, 1, 0, 1, '', '2017-03-15 07:24:15', '0000-00-00 00:00:00'),
(190, 105, 10, 1, 1, 0, 1, '', '2017-03-15 07:24:15', '0000-00-00 00:00:00'),
(191, 105, 3, 1, 1, 0, 1, '', '2017-03-15 07:24:15', '0000-00-00 00:00:00'),
(192, 105, 40, 1, 1, 0, 1, '', '2017-03-15 07:24:15', '2017-03-16 06:29:38'),
(193, 106, 50, 1, 1, 0, 1, '', '2017-03-15 07:42:17', '0000-00-00 00:00:00'),
(194, 106, 20, 1, 1, 0, 1, '', '2017-03-15 07:42:17', '2017-04-03 07:29:26'),
(195, 106, 43, 1, 1, 0, 1, '', '2017-03-15 07:42:17', '0000-00-00 00:00:00'),
(196, 106, 10, 1, 1, 0, 1, '', '2017-03-15 07:42:17', '0000-00-00 00:00:00'),
(197, 106, 3, 1, 1, 0, 1, '', '2017-03-15 07:42:17', '0000-00-00 00:00:00'),
(198, 106, 40, 1, 1, 0, 1, '', '2017-03-15 07:42:17', '2017-03-16 06:30:22'),
(199, 107, 50, 1, 1, 0, 1, '', '2017-03-15 07:49:14', '0000-00-00 00:00:00'),
(200, 107, 20, 1, 1, 0, 1, '', '2017-03-15 07:49:14', '2017-04-03 07:29:19'),
(201, 107, 43, 1, 1, 0, 1, '', '2017-03-15 07:49:14', '0000-00-00 00:00:00'),
(202, 107, 10, 1, 1, 0, 1, '', '2017-03-15 07:49:14', '0000-00-00 00:00:00'),
(203, 107, 53, 1, 1, 0, 1, '', '2017-03-15 07:49:14', '2017-03-16 03:14:58'),
(204, 107, 24, 1, 1, 0, 1, '', '2017-03-15 07:49:14', '2017-03-15 07:58:40'),
(205, 107, 3, 1, 1, 0, 1, '', '2017-03-15 07:49:14', '0000-00-00 00:00:00'),
(206, 107, 40, 1, 1, 0, 1, '', '2017-03-15 07:49:14', '2017-03-16 06:29:53'),
(207, 107, 53, 1, 1, 0, 1, '', '2017-03-15 07:50:59', '2017-03-16 03:14:58'),
(208, 107, 24, 1, 1, 0, 1, '', '2017-03-15 07:50:59', '2017-03-15 07:58:40'),
(209, 108, 3, 1, 1, 0, 1, '', '2017-03-16 08:27:24', '0000-00-00 00:00:00'),
(210, 109, 98, 1, 1, 0, 1, '', '2017-03-16 08:30:09', '0000-00-00 00:00:00'),
(211, 109, 54, 1, 1, 0, 1, '', '2017-03-16 08:30:09', '0000-00-00 00:00:00'),
(212, 111, 1, 1, 1, 0, 1, '', '2017-03-16 08:35:15', '2017-03-20 11:06:01'),
(213, 111, 92, 1, 1, 0, 1, '', '2017-03-16 08:35:15', '2017-03-23 06:29:24'),
(214, 111, 5, 1, 1, 0, 1, '', '2017-03-16 08:35:15', '2017-03-20 02:06:51'),
(215, 129, 43, 1, 1, 0, 1, '', '2017-04-05 00:30:42', '0000-00-00 00:00:00'),
(216, 129, 3, 1, 1, 0, 1, '', '2017-04-05 00:30:42', '0000-00-00 00:00:00'),
(218, 130, 56, 1, 1, 0, 1, '', '2017-04-05 00:53:07', '2017-04-18 01:46:29'),
(219, 132, 92, 1, 1, 0, 1, '', '2017-04-05 00:56:32', '0000-00-00 00:00:00'),
(220, 132, 104, 1, 1, 0, 1, '', '2017-04-05 00:56:32', '0000-00-00 00:00:00'),
(221, 133, 92, 1, 1, 0, 1, '', '2017-04-05 00:58:28', '0000-00-00 00:00:00'),
(222, 133, 104, 1, 1, 0, 1, '', '2017-04-05 00:58:28', '0000-00-00 00:00:00'),
(224, 136, 49, 1, 1, 0, 1, '', '2017-04-05 05:57:48', '2017-04-06 01:17:51'),
(225, 136, 56, 1, 1, 0, 1, '', '2017-04-05 05:57:48', '2017-04-18 01:49:28'),
(226, 136, 111, 1, 1, 0, 1, '', '2017-04-05 05:57:48', '2017-04-12 03:11:17'),
(227, 136, 66, 1, 1, 0, 1, '', '2017-04-05 05:57:48', '0000-00-00 00:00:00'),
(228, 136, 113, 1, 1, 0, 1, '', '2017-04-05 05:57:48', '0000-00-00 00:00:00'),
(229, 137, 54, 1, 1, 0, 1, '', '2017-04-05 06:47:29', '0000-00-00 00:00:00'),
(230, 137, 99, 1, 1, 0, 1, '', '2017-04-05 06:47:29', '0000-00-00 00:00:00'),
(231, 138, 98, 1, 1, 0, 1, '', '2017-04-05 06:49:41', '0000-00-00 00:00:00'),
(232, 138, 99, 1, 1, 0, 1, '', '2017-04-05 06:49:41', '0000-00-00 00:00:00'),
(233, 139, 98, 1, 1, 0, 1, '', '2017-04-05 06:57:32', '0000-00-00 00:00:00'),
(234, 140, 73, 1, 1, 0, 1, '', '2017-04-05 08:53:42', '2017-04-07 06:21:26'),
(235, 140, 137, 1, 1, 0, 1, '', '2017-04-05 08:53:42', '2017-04-09 23:41:20'),
(236, 140, 145, 1, 1, 0, 1, '', '2017-04-05 08:53:42', '2017-04-11 01:51:28'),
(237, 141, 73, 1, 1, 0, 1, '', '2017-04-05 08:56:59', '2017-04-07 06:21:14'),
(238, 141, 137, 1, 1, 0, 1, '', '2017-04-05 08:56:59', '2017-04-09 23:41:40'),
(239, 141, 145, 1, 1, 0, 1, '', '2017-04-05 08:56:59', '2017-04-11 01:51:16'),
(240, 149, 98, 1, 1, 0, 1, '', '2017-04-27 14:58:20', '0000-00-00 00:00:00'),
(241, 149, 54, 1, 1, 0, 1, '', '2017-04-27 14:58:20', '0000-00-00 00:00:00'),
(245, 151, 44, 1, 1, 0, 1, '', '2017-05-02 02:37:40', '2017-05-03 03:23:17'),
(246, 151, 51, 1, 1, 0, 1, '', '2017-05-02 02:37:40', '2017-05-02 04:15:45'),
(247, 151, 55, 1, 1, 0, 1, '', '2017-05-02 02:37:40', '0000-00-00 00:00:00'),
(248, 151, 61, 1, 1, 0, 1, '', '2017-05-02 02:37:40', '0000-00-00 00:00:00'),
(249, 151, 84, 1, 1, 0, 1, '', '2017-05-02 02:37:40', '0000-00-00 00:00:00'),
(250, 151, 86, 1, 1, 0, 1, '', '2017-05-02 02:37:40', '2017-05-10 05:29:33'),
(251, 151, 103, 1, 1, 0, 1, '', '2017-05-02 02:37:40', '0000-00-00 00:00:00'),
(252, 151, 135, 1, 1, 0, 1, '', '2017-05-02 02:37:40', '0000-00-00 00:00:00'),
(253, 151, 134, 1, 1, 0, 1, '', '2017-05-02 02:37:40', '0000-00-00 00:00:00'),
(254, 151, 138, 1, 1, 0, 1, '', '2017-05-02 02:37:40', '0000-00-00 00:00:00'),
(255, 151, 87, 1, 1, 0, 1, '', '2017-05-02 02:37:40', '0000-00-00 00:00:00'),
(256, 152, 56, 1, 1, 0, 1, '', '2017-05-02 05:18:50', '2017-05-09 07:00:45'),
(257, 152, 111, 1, 1, 0, 1, '', '2017-05-02 05:18:50', '0000-00-00 00:00:00'),
(258, 153, 144, 1, 1, 0, 1, '', '2017-05-02 05:23:03', '0000-00-00 00:00:00'),
(259, 153, 113, 1, 1, 0, 1, '', '2017-05-02 05:23:03', '0000-00-00 00:00:00'),
(260, 154, 144, 1, 1, 0, 1, '', '2017-05-02 05:26:20', '0000-00-00 00:00:00'),
(261, 154, 113, 1, 1, 0, 1, '', '2017-05-02 05:26:20', '0000-00-00 00:00:00'),
(262, 155, 56, 1, 1, 0, 1, '', '2017-05-02 05:28:28', '2017-05-09 07:00:29'),
(263, 155, 111, 1, 1, 0, 1, '', '2017-05-02 05:28:28', '0000-00-00 00:00:00'),
(264, 155, 144, 1, 1, 0, 1, '', '2017-05-02 05:28:28', '0000-00-00 00:00:00'),
(265, 155, 113, 1, 1, 0, 1, '', '2017-05-02 05:28:28', '0000-00-00 00:00:00'),
(266, 156, 92, 1, 1, 0, 1, '', '2017-05-02 05:58:00', '0000-00-00 00:00:00'),
(267, 156, 104, 1, 1, 0, 1, '', '2017-05-02 05:58:00', '0000-00-00 00:00:00'),
(268, 157, 92, 1, 1, 0, 1, '', '2017-05-02 05:59:39', '0000-00-00 00:00:00'),
(269, 157, 58, 1, 1, 0, 1, '', '2017-05-02 05:59:39', '2017-05-08 00:20:02'),
(270, 158, 92, 1, 1, 0, 1, '', '2017-05-02 06:00:57', '0000-00-00 00:00:00'),
(271, 158, 104, 1, 1, 0, 1, '', '2017-05-02 06:00:57', '0000-00-00 00:00:00'),
(272, 159, 2, 1, 1, 0, 1, '', '2017-05-02 06:02:56', '0000-00-00 00:00:00'),
(273, 159, 3, 1, 1, 0, 1, '', '2017-05-02 06:02:56', '0000-00-00 00:00:00'),
(274, 163, 49, 1, 1, 0, 1, '', '2017-05-02 06:19:22', '2017-05-02 08:57:30'),
(275, 163, 50, 1, 1, 0, 1, '', '2017-05-02 06:19:22', '0000-00-00 00:00:00'),
(276, 163, 30, 1, 1, 0, 1, '', '2017-05-02 06:19:22', '0000-00-00 00:00:00'),
(277, 163, 28, 1, 1, 0, 1, '', '2017-05-02 06:19:22', '0000-00-00 00:00:00'),
(278, 163, 51, 1, 1, 0, 1, '', '2017-05-02 06:19:22', '2017-05-11 00:55:11'),
(279, 163, 10, 1, 1, 0, 1, '', '2017-05-02 06:19:22', '0000-00-00 00:00:00'),
(280, 163, 48, 1, 1, 0, 1, '', '2017-05-02 06:19:22', '0000-00-00 00:00:00'),
(281, 163, 71, 1, 1, 0, 1, '', '2017-05-02 06:19:22', '2017-05-05 01:34:21'),
(282, 163, 53, 1, 1, 0, 1, '', '2017-05-02 06:19:22', '2017-05-05 10:20:29'),
(283, 163, 55, 1, 1, 0, 1, '', '2017-05-02 06:19:22', '2017-05-09 02:44:59'),
(284, 163, 36, 1, 1, 0, 1, '', '2017-05-02 06:19:22', '0000-00-00 00:00:00'),
(285, 163, 57, 1, 1, 0, 1, '', '2017-05-02 06:19:22', '0000-00-00 00:00:00'),
(286, 163, 2, 1, 1, 0, 1, '', '2017-05-02 06:19:22', '0000-00-00 00:00:00'),
(287, 163, 59, 1, 1, 0, 1, '', '2017-05-02 06:19:22', '2017-05-02 07:04:13'),
(288, 163, 70, 1, 1, 0, 1, '', '2017-05-02 06:19:22', '2017-05-04 03:06:02'),
(289, 163, 3, 1, 1, 0, 1, '', '2017-05-02 06:19:22', '0000-00-00 00:00:00'),
(290, 163, 11, 1, 1, 0, 1, '', '2017-05-02 06:19:22', '2017-05-31 07:25:17'),
(291, 163, 61, 1, 1, 0, 1, '', '2017-05-02 06:19:22', '0000-00-00 00:00:00'),
(292, 163, 25, 1, 1, 0, 1, '', '2017-05-02 06:19:22', '0000-00-00 00:00:00'),
(293, 163, 35, 1, 1, 0, 1, '', '2017-05-02 06:19:22', '2017-05-19 00:18:22'),
(294, 163, 40, 1, 1, 0, 1, '', '2017-05-02 06:19:22', '2017-05-03 01:07:25'),
(295, 163, 27, 1, 1, 0, 1, '', '2017-05-02 06:19:22', '2017-05-02 08:17:00'),
(296, 163, 62, 1, 1, 0, 1, '', '2017-05-02 06:19:22', '0000-00-00 00:00:00'),
(297, 164, 50, 1, 1, 0, 1, '', '2017-05-02 06:25:39', '0000-00-00 00:00:00'),
(298, 164, 43, 1, 1, 0, 1, '', '2017-05-02 06:25:39', '0000-00-00 00:00:00'),
(299, 164, 28, 1, 1, 0, 1, '', '2017-05-02 06:25:39', '0000-00-00 00:00:00'),
(300, 164, 24, 1, 1, 0, 1, '', '2017-05-02 06:25:39', '2017-05-04 01:57:05'),
(301, 164, 3, 1, 1, 0, 1, '', '2017-05-02 06:25:39', '0000-00-00 00:00:00'),
(302, 164, 11, 1, 1, 0, 1, '', '2017-05-02 06:25:39', '2017-05-31 07:25:19'),
(303, 164, 40, 1, 1, 0, 1, '', '2017-05-02 06:25:39', '2017-05-03 01:07:02'),
(304, 164, 27, 1, 1, 0, 1, '', '2017-05-02 06:25:39', '2017-05-02 08:16:13'),
(305, 164, 62, 1, 1, 0, 1, '', '2017-05-02 06:25:39', '0000-00-00 00:00:00'),
(306, 165, 50, 1, 1, 0, 1, '', '2017-05-02 07:57:15', '0000-00-00 00:00:00'),
(307, 165, 10, 1, 1, 0, 1, '', '2017-05-02 07:57:15', '0000-00-00 00:00:00'),
(308, 165, 35, 1, 1, 0, 1, '', '2017-05-02 07:57:15', '0000-00-00 00:00:00'),
(309, 165, 40, 1, 1, 0, 1, '', '2017-05-02 07:57:15', '2017-05-03 01:08:01'),
(310, 201, 49, 1, 1, 0, 1, '', '2017-05-09 07:03:42', '2017-05-10 02:31:18'),
(311, 201, 144, 1, 1, 0, 1, '', '2017-05-09 07:03:42', '0000-00-00 00:00:00'),
(312, 211, 49, 1, 1, 0, 1, '', '2017-05-11 04:37:10', '2017-05-11 04:39:34'),
(313, 211, 56, 1, 1, 0, 1, '', '2017-05-11 04:37:10', '2017-05-15 06:13:12'),
(315, 211, 111, 1, 1, 0, 1, '', '2017-05-11 04:37:10', '0000-00-00 00:00:00'),
(316, 212, 40, 1, 1, 0, 1, '', '2017-05-12 03:10:23', '2017-05-17 01:52:43'),
(317, 213, 58, 1, 1, 0, 1, '', '2017-05-12 03:12:07', '2017-05-15 07:31:16'),
(318, 213, 60, 1, 1, 0, 1, '', '2017-05-12 03:12:07', '0000-00-00 00:00:00'),
(319, 218, 63, 1, 1, 0, 1, '', '2017-05-17 01:40:59', '2017-05-23 08:11:16'),
(320, 218, 75, 1, 1, 0, 1, '', '2017-05-17 01:40:59', '0000-00-00 00:00:00'),
(321, 218, 77, 1, 1, 0, 1, '', '2017-05-17 01:40:59', '0000-00-00 00:00:00'),
(322, 218, 140, 1, 1, 0, 1, '', '2017-05-17 01:40:59', '0000-00-00 00:00:00'),
(323, 219, 54, 1, 1, 0, 1, '', '2017-05-18 07:56:19', '0000-00-00 00:00:00'),
(324, 219, 101, 1, 1, 0, 1, '', '2017-05-18 07:56:19', '0000-00-00 00:00:00'),
(325, 220, 54, 1, 1, 0, 1, '', '2017-05-18 07:58:17', '0000-00-00 00:00:00'),
(327, 221, 50, 1, 1, 0, 1, '', '2017-05-19 00:11:40', '0000-00-00 00:00:00'),
(328, 221, 20, 1, 1, 0, 1, '', '2017-05-19 00:11:40', '2017-05-22 02:27:04'),
(329, 221, 43, 1, 1, 0, 1, '', '2017-05-19 00:11:40', '0000-00-00 00:00:00'),
(330, 221, 10, 1, 1, 0, 1, '', '2017-05-19 00:11:40', '0000-00-00 00:00:00'),
(331, 221, 53, 1, 1, 0, 1, '', '2017-05-19 00:11:40', '2017-05-22 02:30:56'),
(332, 221, 24, 1, 1, 0, 1, '', '2017-05-19 00:11:40', '2017-05-22 02:17:03'),
(333, 221, 3, 1, 1, 0, 1, '', '2017-05-19 00:11:40', '0000-00-00 00:00:00'),
(334, 221, 40, 1, 1, 0, 1, '', '2017-05-19 00:11:40', '2017-06-05 08:29:01'),
(335, 222, 50, 1, 1, 0, 1, '', '2017-05-19 00:17:50', '0000-00-00 00:00:00'),
(336, 222, 20, 1, 1, 0, 1, '', '2017-05-19 00:17:50', '2017-06-07 03:50:45'),
(337, 222, 43, 1, 1, 0, 1, '', '2017-05-19 00:17:50', '0000-00-00 00:00:00'),
(338, 222, 10, 1, 1, 0, 1, '', '2017-05-19 00:17:50', '0000-00-00 00:00:00'),
(339, 222, 53, 1, 1, 0, 1, '', '2017-05-19 00:17:50', '2017-06-07 02:35:11'),
(340, 222, 24, 1, 1, 0, 1, '', '2017-05-19 00:17:50', '2017-06-06 00:34:58'),
(341, 222, 3, 1, 1, 0, 1, '', '2017-05-19 00:17:50', '0000-00-00 00:00:00'),
(342, 222, 40, 1, 1, 0, 1, '', '2017-05-19 00:17:50', '2017-06-08 02:04:45'),
(345, 229, 49, 1, 1, 0, 1, '', '2017-06-01 02:17:55', '2017-06-01 02:28:58'),
(346, 229, 56, 1, 1, 0, 1, '', '2017-06-01 02:17:55', '2017-06-01 03:19:36'),
(347, 229, 110, 1, 1, 0, 1, '', '2017-06-01 02:17:55', '0000-00-00 00:00:00'),
(348, 229, 111, 1, 1, 0, 1, '', '2017-06-01 02:17:55', '0000-00-00 00:00:00'),
(349, 231, 27, 1, 1, 0, 1, '', '2017-06-01 02:30:40', '2017-06-05 05:38:35'),
(350, 231, 92, 1, 1, 0, 1, '', '2017-06-01 02:30:40', '0000-00-00 00:00:00'),
(351, 231, 27, 1, 1, 0, 1, '', '2017-06-01 02:37:04', '2017-06-05 05:38:35'),
(352, 231, 92, 1, 1, 0, 1, '', '2017-06-01 02:37:04', '0000-00-00 00:00:00'),
(353, 232, 51, 1, 1, 0, 1, '', '2017-06-01 02:47:31', '2017-06-02 01:01:30'),
(354, 243, 54, 1, 1, 0, 1, '', '2017-06-05 10:12:03', '0000-00-00 00:00:00'),
(355, 243, 101, 1, 1, 0, 1, '', '2017-06-05 10:12:03', '0000-00-00 00:00:00'),
(356, 244, 3, 1, 1, 0, 1, '', '2017-06-07 01:19:57', '0000-00-00 00:00:00'),
(357, 251, 54, 1, 1, 0, 1, '', '2017-06-09 06:05:50', '0000-00-00 00:00:00'),
(358, 251, 101, 1, 1, 0, 1, '', '2017-06-09 06:05:50', '0000-00-00 00:00:00'),
(359, 253, 50, 1, 1, 0, 1, '', '2017-06-21 02:09:43', '0000-00-00 00:00:00'),
(360, 253, 20, 1, 1, 0, 1, '', '2017-06-21 02:09:43', '0000-00-00 00:00:00'),
(361, 253, 43, 1, 1, 0, 1, '', '2017-06-21 02:09:43', '0000-00-00 00:00:00'),
(362, 253, 10, 1, 1, 0, 1, '', '2017-06-21 02:09:43', '0000-00-00 00:00:00'),
(363, 253, 3, 1, 1, 0, 1, '', '2017-06-21 02:09:43', '0000-00-00 00:00:00'),
(364, 253, 5, 1, 1, 0, 1, '', '2017-06-21 02:09:43', '2017-06-23 01:13:02'),
(365, 253, 40, 1, 1, 0, 1, '', '2017-06-21 02:09:43', '2017-06-23 01:00:26'),
(366, 257, 91, 1, 1, 0, 1, '', '2017-06-29 08:29:06', '0000-00-00 00:00:00'),
(367, 258, 40, 1, 1, 0, 1, '', '2017-06-29 08:31:48', '0000-00-00 00:00:00'),
(368, 260, 98, 0, 1, 0, 1, '', '2017-07-03 03:20:04', '0000-00-00 00:00:00'),
(369, 260, 99, 0, 1, 0, 1, '', '2017-07-03 03:20:04', '0000-00-00 00:00:00'),
(370, 257, 132, 1, 0, 0, 1, '', '2017-07-03 03:24:40', '2017-07-03 03:24:40'),
(371, 262, 98, 0, 1, 0, 1, '', '2017-07-03 03:29:25', '0000-00-00 00:00:00'),
(372, 262, 130, 0, 1, 0, 1, '', '2017-07-03 03:29:25', '0000-00-00 00:00:00'),
(373, 262, 99, 0, 1, 0, 1, '', '2017-07-03 03:29:25', '0000-00-00 00:00:00'),
(374, 263, 54, 1, 1, 0, 1, '', '2017-07-03 03:31:54', '2017-08-01 03:15:50'),
(375, 263, 101, 0, 1, 0, 1, '', '2017-07-03 03:31:54', '0000-00-00 00:00:00'),
(376, 263, 5, 1, 0, 0, 1, '', '2017-07-03 04:53:26', '2017-07-03 04:53:26'),
(377, 254, 20, 1, 0, 0, 1, '', '2017-07-03 05:27:01', '2017-07-03 05:27:01'),
(378, 263, 20, 1, 0, 0, 1, '', '2017-07-03 05:27:23', '2017-07-03 05:27:23'),
(379, 255, 57, 1, 0, 0, 1, '', '2017-07-03 09:55:58', '2017-07-03 09:55:58'),
(380, 230, 51, 1, 0, 0, 1, '', '2017-07-03 10:23:07', '2017-07-03 10:23:07'),
(381, 266, 69, 1, 0, 0, 1, '', '2017-07-04 00:53:13', '2017-07-04 00:53:13'),
(382, 267, 129, 0, 1, 0, 1, '', '2017-07-04 02:19:38', '0000-00-00 00:00:00'),
(383, 267, 59, 1, 1, 0, 1, '', '2017-07-04 02:19:38', '2017-07-06 01:17:37'),
(384, 268, 59, 1, 1, 0, 1, '', '2017-07-04 02:22:40', '2017-07-06 01:17:53'),
(385, 269, 59, 1, 1, 0, 1, '', '2017-07-04 02:25:08', '2017-07-06 01:17:13'),
(386, 270, 59, 1, 1, 0, 1, '', '2017-07-04 02:27:44', '2017-07-06 01:16:59'),
(387, 271, 59, 1, 1, 0, 1, '', '2017-07-04 02:29:45', '2017-07-06 01:16:12'),
(388, 271, 50, 1, 0, 0, 1, '', '2017-07-04 05:00:04', '2017-07-04 05:00:04'),
(389, 272, 50, 0, 1, 0, 1, '', '2017-07-06 00:41:33', '0000-00-00 00:00:00'),
(390, 272, 20, 1, 1, 0, 1, '', '2017-07-06 00:41:33', '2017-07-07 01:32:35'),
(391, 272, 43, 0, 1, 0, 1, '', '2017-07-06 00:41:33', '0000-00-00 00:00:00'),
(392, 272, 1, 1, 1, 0, 1, '', '2017-07-06 00:41:33', '2017-07-06 04:29:11'),
(393, 272, 10, 0, 1, 0, 1, '', '2017-07-06 00:41:33', '0000-00-00 00:00:00'),
(394, 272, 3, 1, 1, 0, 1, '', '2017-07-06 00:41:33', '2018-06-06 19:40:13'),
(395, 272, 5, 1, 1, 0, 1, '', '2017-07-06 00:41:33', '2017-07-14 02:04:03'),
(396, 272, 40, 0, 1, 0, 1, '', '2017-07-06 00:41:33', '0000-00-00 00:00:00'),
(397, 272, 35, 1, 0, 0, 1, '', '2017-07-07 00:10:20', '2017-07-07 00:10:38'),
(398, 262, 132, 1, 0, 0, 1, '', '2017-07-07 06:48:31', '2017-07-07 06:48:31'),
(399, 261, 132, 1, 0, 0, 1, '', '2017-07-07 06:50:15', '2017-07-07 06:50:15'),
(400, 254, 48, 1, 0, 0, 1, '', '2017-07-10 05:48:59', '2017-07-10 05:48:59'),
(401, 271, 129, 1, 0, 0, 1, '', '2017-07-13 07:12:54', '2017-07-13 07:12:54'),
(402, 273, 132, 1, 0, 0, 1, '', '2017-07-18 12:59:15', '2017-07-18 12:59:15'),
(403, 273, 20, 1, 0, 0, 1, '', '2017-07-19 02:05:41', '2017-07-19 02:05:41'),
(404, 273, 51, 1, 0, 0, 1, '', '2017-07-21 05:42:42', '2017-07-21 05:42:42'),
(405, 230, 56, 1, 0, 0, 1, '', '2017-07-26 02:44:23', '2017-07-26 02:44:23'),
(406, 84, 151, 1, 0, 0, 1, '', '2017-07-27 00:22:43', '2017-07-27 00:22:43'),
(407, 254, 151, 1, 0, 0, 1, '', '2017-07-27 00:27:01', '2017-07-27 00:27:01'),
(408, 275, 5, 1, 0, 0, 1, '', '2017-08-01 00:46:40', '2017-08-01 00:46:40'),
(409, 276, 129, 1, 0, 0, 1, '', '2017-08-10 07:27:00', '2017-08-10 07:27:00'),
(410, 276, 2, 1, 0, 0, 1, '', '2017-08-11 11:54:44', '2017-08-11 11:54:44'),
(411, 276, 63, 1, 0, 0, 1, '', '2017-08-14 01:02:35', '2017-08-14 01:02:35'),
(412, 276, 35, 1, 0, 0, 1, '', '2017-08-14 01:10:35', '2017-08-14 01:10:35'),
(413, 275, 35, 1, 0, 0, 1, '', '2017-08-14 01:13:28', '2017-08-14 01:13:28'),
(414, 278, 75, 1, 0, 0, 1, '', '2017-08-14 01:43:17', '2017-08-14 01:43:17'),
(415, 281, 129, 1, 0, 0, 1, '', '2017-08-14 02:00:47', '2017-08-14 02:00:47'),
(416, 310, 63, 1, 0, 0, 1, '', '2017-08-14 09:50:55', '2017-08-15 07:45:21'),
(417, 310, 150, 1, 0, 0, 1, '', '2017-08-15 01:42:03', '2017-08-15 01:42:03'),
(418, 310, 136, 1, 0, 0, 1, '', '2017-08-15 03:11:08', '2017-08-15 03:18:35'),
(419, 310, 141, 1, 0, 0, 1, '', '2017-08-15 23:38:08', '2017-08-15 23:38:08'),
(420, 310, 73, 1, 0, 0, 1, '', '2017-08-16 00:09:36', '2017-08-16 00:09:36'),
(421, 298, 73, 1, 0, 0, 1, '', '2017-08-16 00:09:53', '2017-08-16 00:09:53'),
(422, 310, 56, 1, 0, 0, 1, '', '2017-08-16 05:42:38', '2017-08-16 05:42:38'),
(423, 310, 36, 1, 0, 0, 1, '', '2017-08-16 08:00:43', '2017-08-16 08:00:43'),
(424, 311, 117, 1, 0, 0, 1, '', '2017-08-22 03:05:25', '2017-08-22 03:05:25'),
(425, 311, 1, 1, 0, 0, 1, '', '2017-08-23 01:17:34', '2017-08-23 01:17:34'),
(426, 316, 50, 0, 1, 0, 1, '', '2017-08-24 02:23:41', '0000-00-00 00:00:00'),
(427, 316, 20, 1, 1, 0, 1, '', '2017-08-24 02:23:41', '2017-08-31 02:33:33'),
(428, 316, 43, 0, 1, 0, 1, '', '2017-08-24 02:23:41', '0000-00-00 00:00:00'),
(429, 316, 10, 0, 1, 0, 1, '', '2017-08-24 02:23:41', '0000-00-00 00:00:00'),
(430, 316, 138, 1, 1, 0, 1, '', '2017-08-24 02:23:41', '2017-12-14 01:14:54'),
(431, 316, 3, 0, 1, 0, 1, '', '2017-08-24 02:23:41', '0000-00-00 00:00:00'),
(432, 316, 61, 0, 1, 0, 1, '', '2017-08-24 02:23:41', '0000-00-00 00:00:00'),
(433, 316, 40, 0, 1, 0, 1, '', '2017-08-24 02:23:41', '0000-00-00 00:00:00'),
(434, 317, 50, 0, 1, 0, 1, '', '2017-08-24 02:31:50', '0000-00-00 00:00:00'),
(435, 317, 20, 1, 1, 0, 1, '', '2017-08-24 02:31:50', '2017-08-31 02:33:47'),
(436, 317, 43, 0, 1, 0, 1, '', '2017-08-24 02:31:50', '0000-00-00 00:00:00'),
(437, 317, 10, 0, 1, 0, 1, '', '2017-08-24 02:31:50', '0000-00-00 00:00:00'),
(438, 317, 138, 0, 1, 0, 1, '', '2017-08-24 02:31:50', '0000-00-00 00:00:00'),
(439, 317, 3, 0, 1, 0, 1, '', '2017-08-24 02:31:50', '0000-00-00 00:00:00'),
(440, 317, 61, 0, 1, 0, 1, '', '2017-08-24 02:31:50', '0000-00-00 00:00:00'),
(441, 317, 40, 0, 1, 0, 1, '', '2017-08-24 02:31:50', '0000-00-00 00:00:00'),
(442, 317, 141, 1, 0, 0, 1, '', '2017-08-24 07:05:34', '2017-08-24 07:05:34'),
(443, 317, 75, 1, 0, 0, 1, '', '2017-08-25 01:02:36', '2017-08-25 01:02:36'),
(444, 317, 49, 1, 0, 0, 1, '', '2017-08-29 03:51:56', '2017-08-29 03:51:56'),
(445, 317, 53, 1, 0, 0, 1, '', '2017-08-29 07:01:22', '2017-08-29 07:01:22'),
(447, 318, 51, 1, 1, 0, 1, '', '2017-09-05 01:34:32', '2017-09-08 04:21:17'),
(448, 318, 55, 1, 1, 0, 1, '', '2017-09-05 01:34:32', '2017-09-06 03:41:42'),
(449, 318, 61, 0, 1, 0, 1, '', '2017-09-05 01:34:32', '0000-00-00 00:00:00'),
(450, 318, 86, 1, 1, 0, 1, '', '2017-09-05 01:34:32', '2017-09-25 01:30:21'),
(452, 318, 135, 0, 1, 0, 1, '', '2017-09-05 01:34:32', '0000-00-00 00:00:00'),
(453, 318, 134, 0, 1, 0, 1, '', '2017-09-05 01:34:32', '0000-00-00 00:00:00'),
(454, 318, 138, 0, 1, 0, 1, '', '2017-09-05 01:34:32', '0000-00-00 00:00:00'),
(456, 321, 54, 1, 0, 0, 1, '', '2017-09-06 01:07:32', '2017-09-06 01:07:48'),
(457, 323, 49, 1, 1, 0, 1, '', '2017-09-06 01:29:52', '2017-09-08 02:24:23'),
(458, 323, 56, 1, 1, 0, 1, '', '2017-09-06 01:29:52', '2017-09-06 07:48:04'),
(459, 323, 166, 0, 1, 0, 1, '', '2017-09-06 01:29:52', '0000-00-00 00:00:00'),
(460, 323, 144, 1, 1, 0, 1, '', '2017-09-06 01:29:52', '2018-01-11 08:39:59'),
(461, 323, 165, 0, 1, 0, 1, '', '2017-09-06 01:29:52', '0000-00-00 00:00:00'),
(462, 326, 111, 1, 0, 0, 1, '', '2017-09-06 01:39:57', '2017-09-06 01:39:57'),
(463, 330, 168, 0, 1, 0, 1, '', '2017-09-06 02:34:28', '0000-00-00 00:00:00'),
(464, 330, 58, 1, 1, 0, 1, '', '2017-09-06 02:34:28', '2017-09-07 09:00:16'),
(465, 330, 59, 1, 1, 0, 0, '', '2017-09-06 02:34:28', '2017-09-22 06:03:06'),
(466, 316, 35, 1, 0, 0, 1, '', '2017-09-06 02:34:30', '2017-09-06 02:35:17'),
(467, 326, 1, 1, 0, 0, 1, '', '2017-09-06 03:20:25', '2017-09-06 03:20:25'),
(468, 317, 1, 1, 0, 0, 1, '', '2017-09-06 04:34:15', '2017-09-06 04:34:15'),
(469, 316, 2, 1, 0, 0, 1, '', '2017-09-06 13:12:21', '2017-09-06 13:12:21'),
(470, 317, 35, 1, 0, 0, 1, '', '2017-09-07 02:53:09', '2017-09-07 02:54:36'),
(471, 327, 49, 1, 0, 0, 1, '', '2017-09-07 08:04:42', '2017-09-07 08:04:42'),
(472, 326, 49, 1, 0, 0, 1, '', '2017-09-07 08:04:50', '2017-09-07 08:04:50'),
(473, 331, 11, 1, 0, 0, 1, '', '2017-09-07 08:37:59', '2017-09-07 08:37:59'),
(474, 326, 58, 1, 0, 0, 1, '', '2017-09-07 08:59:12', '2017-09-07 08:59:12'),
(475, 319, 58, 1, 0, 0, 1, '', '2017-09-07 08:59:45', '2017-09-07 08:59:45'),
(476, 331, 164, 1, 0, 0, 1, '', '2017-09-13 05:55:00', '2017-09-13 05:55:00'),
(477, 331, 49, 1, 0, 0, 1, '', '2017-09-18 01:24:51', '2017-09-18 01:24:51'),
(478, 332, 50, 0, 1, 0, 1, '', '2017-09-18 05:17:57', '0000-00-00 00:00:00'),
(479, 332, 20, 0, 1, 0, 1, '', '2017-09-18 05:17:57', '0000-00-00 00:00:00'),
(480, 332, 43, 0, 1, 0, 1, '', '2017-09-18 05:17:57', '0000-00-00 00:00:00'),
(481, 332, 10, 0, 1, 0, 1, '', '2017-09-18 05:17:57', '0000-00-00 00:00:00'),
(482, 332, 138, 0, 1, 0, 1, '', '2017-09-18 05:17:57', '0000-00-00 00:00:00'),
(483, 332, 3, 0, 1, 0, 1, '', '2017-09-18 05:17:57', '0000-00-00 00:00:00'),
(484, 332, 61, 0, 1, 0, 1, '', '2017-09-18 05:17:57', '0000-00-00 00:00:00'),
(485, 332, 40, 0, 1, 0, 1, '', '2017-09-18 05:17:57', '0000-00-00 00:00:00'),
(486, 333, 50, 0, 1, 0, 1, '', '2017-09-18 05:22:15', '0000-00-00 00:00:00'),
(487, 333, 20, 0, 1, 0, 1, '', '2017-09-18 05:22:15', '0000-00-00 00:00:00'),
(488, 333, 43, 0, 1, 0, 1, '', '2017-09-18 05:22:15', '0000-00-00 00:00:00'),
(489, 333, 10, 0, 1, 0, 1, '', '2017-09-18 05:22:15', '0000-00-00 00:00:00'),
(490, 333, 138, 0, 1, 0, 1, '', '2017-09-18 05:22:15', '0000-00-00 00:00:00'),
(491, 333, 3, 0, 1, 0, 1, '', '2017-09-18 05:22:15', '0000-00-00 00:00:00'),
(492, 333, 61, 0, 1, 0, 1, '', '2017-09-18 05:22:15', '0000-00-00 00:00:00'),
(493, 333, 40, 0, 1, 0, 1, '', '2017-09-18 05:22:15', '0000-00-00 00:00:00'),
(494, 334, 63, 1, 1, 99, 99, '', '2017-09-19 05:41:11', '2017-09-19 05:41:25'),
(495, 334, 75, 1, 1, 99, 99, '', '2017-09-19 05:41:11', '2017-09-25 08:32:42'),
(496, 334, 77, 0, 1, 99, 99, '', '2017-09-19 05:41:11', '0000-00-00 00:00:00'),
(497, 334, 140, 0, 1, 99, 99, '', '2017-09-19 05:41:11', '0000-00-00 00:00:00'),
(498, 333, 75, 1, 0, 0, 99, '', '2017-09-25 08:31:12', '2017-09-25 08:31:12'),
(499, 334, 48, 1, 0, 0, 99, '', '2017-09-26 11:43:21', '2017-09-26 11:43:21'),
(500, 319, 153, 1, 0, 0, 99, '', '2017-09-27 08:30:12', '2017-09-27 08:30:12'),
(501, 345, 3, 0, 1, 99, 99, '', '2017-10-02 03:45:21', '0000-00-00 00:00:00'),
(503, 353, 27, 1, 0, 0, 0, '', '2017-10-02 05:08:02', '2017-10-10 07:56:15'),
(504, 360, 66, 1, 0, 0, 99, '', '2017-10-02 07:34:29', '2017-10-02 07:34:29'),
(505, 361, 53, 1, 1, 99, 99, '', '2017-10-02 07:36:56', '2018-02-07 04:50:46'),
(506, 361, 54, 0, 1, 99, 99, '', '2017-10-02 07:36:56', '0000-00-00 00:00:00'),
(507, 361, 98, 0, 1, 99, 99, '', '2017-10-02 07:36:56', '0000-00-00 00:00:00'),
(508, 361, 99, 0, 1, 99, 99, '', '2017-10-02 07:36:56', '0000-00-00 00:00:00'),
(509, 361, 100, 0, 1, 99, 99, '', '2017-10-02 07:36:56', '0000-00-00 00:00:00'),
(510, 361, 101, 0, 1, 99, 99, '', '2017-10-02 07:36:56', '0000-00-00 00:00:00'),
(511, 361, 102, 0, 1, 99, 99, '', '2017-10-02 07:36:56', '0000-00-00 00:00:00'),
(512, 361, 117, 0, 1, 99, 99, '', '2017-10-02 07:36:56', '0000-00-00 00:00:00'),
(513, 361, 132, 1, 1, 99, 0, '', '2017-10-02 07:36:56', '2018-01-12 02:06:08'),
(514, 361, 48, 0, 1, 99, 99, '', '2017-10-02 07:36:56', '0000-00-00 00:00:00'),
(515, 361, 91, 0, 1, 99, 99, '', '2017-10-02 07:36:56', '0000-00-00 00:00:00'),
(516, 361, 104, 0, 1, 99, 99, '', '2017-10-02 07:36:56', '0000-00-00 00:00:00'),
(517, 361, 105, 0, 1, 99, 99, '', '2017-10-02 07:36:56', '0000-00-00 00:00:00'),
(518, 361, 106, 1, 1, 99, 99, '', '2017-10-02 07:36:56', '2017-12-12 01:49:07'),
(519, 361, 57, 0, 1, 99, 99, '', '2017-10-02 07:36:56', '0000-00-00 00:00:00'),
(520, 361, 60, 0, 1, 99, 99, '', '2017-10-02 07:36:56', '0000-00-00 00:00:00'),
(521, 361, 114, 0, 1, 99, 99, '', '2017-10-02 07:36:56', '0000-00-00 00:00:00'),
(522, 361, 115, 0, 1, 99, 99, '', '2017-10-02 07:36:56', '0000-00-00 00:00:00'),
(523, 361, 116, 0, 1, 99, 99, '', '2017-10-02 07:36:56', '0000-00-00 00:00:00'),
(524, 361, 130, 0, 1, 99, 99, '', '2017-10-02 07:36:56', '0000-00-00 00:00:00'),
(525, 361, 131, 0, 1, 99, 99, '', '2017-10-02 07:36:56', '0000-00-00 00:00:00'),
(526, 361, 170, 0, 1, 99, 99, '', '2017-10-02 07:36:56', '0000-00-00 00:00:00'),
(527, 353, 92, 1, 0, 0, 0, '', '2017-10-02 08:27:14', '2017-10-02 08:27:43'),
(528, 362, 27, 1, 0, 0, 99, '', '2017-10-02 08:36:36', '2017-10-02 08:36:36'),
(529, 351, 27, 1, 0, 0, 0, '', '2017-10-02 08:37:58', '2017-10-10 07:57:00'),
(530, 353, 132, 1, 0, 0, 99, '', '2017-10-02 08:48:35', '2017-10-10 02:43:12'),
(531, 351, 132, 1, 0, 0, 99, '', '2017-10-02 08:49:09', '2017-10-02 08:49:09'),
(532, 353, 43, 0, 1, 0, 99, '', '2017-10-02 08:57:21', '0000-00-00 00:00:00'),
(533, 353, 142, 1, 1, 0, 99, '', '2017-10-02 08:57:21', '2017-10-09 08:16:48'),
(534, 353, 82, 1, 1, 0, 1, '', '2017-10-02 08:57:21', '2017-10-03 00:41:08'),
(535, 353, 69, 0, 1, 0, 99, '', '2017-10-02 08:57:21', '0000-00-00 00:00:00'),
(536, 353, 2, 1, 1, 0, 0, '', '2017-10-02 08:57:21', '2017-10-02 21:35:55'),
(537, 353, 70, 0, 1, 0, 99, '', '2017-10-02 08:57:21', '0000-00-00 00:00:00'),
(538, 353, 3, 0, 1, 0, 99, '', '2017-10-02 08:57:21', '0000-00-00 00:00:00'),
(539, 364, 132, 1, 0, 0, 0, '', '2017-10-02 08:57:55', '2017-10-23 08:40:53'),
(540, 351, 43, 0, 1, 0, 99, '', '2017-10-02 08:58:25', '0000-00-00 00:00:00'),
(541, 351, 142, 1, 1, 0, 1, '', '2017-10-02 08:58:25', '2017-10-20 07:41:57'),
(542, 351, 82, 1, 1, 0, 1, '', '2017-10-02 08:58:25', '2017-10-03 00:40:52'),
(543, 351, 92, 1, 1, 0, 99, '', '2017-10-02 08:58:25', '2017-12-12 02:48:58'),
(544, 351, 69, 0, 1, 0, 99, '', '2017-10-02 08:58:25', '0000-00-00 00:00:00'),
(545, 351, 2, 1, 1, 0, 0, '', '2017-10-02 08:58:25', '2017-10-02 21:36:28'),
(546, 351, 70, 0, 1, 0, 99, '', '2017-10-02 08:58:25', '0000-00-00 00:00:00'),
(547, 351, 3, 0, 1, 0, 99, '', '2017-10-02 08:58:25', '0000-00-00 00:00:00'),
(550, 375, 63, 1, 0, 0, 0, '', '2017-10-03 02:45:36', '2017-10-09 00:36:14'),
(551, 346, 27, 1, 0, 0, 99, '', '2017-10-04 01:51:23', '2017-10-04 01:51:30'),
(552, 375, 27, 1, 0, 0, 99, '', '2017-10-04 01:51:59', '2017-10-10 07:56:50'),
(553, 353, 173, 1, 0, 0, 99, '', '2017-10-05 01:25:46', '2017-10-05 01:25:46'),
(554, 368, 173, 1, 0, 0, 99, '', '2017-10-05 01:26:53', '2017-10-05 01:26:53'),
(555, 364, 106, 1, 0, 0, 99, '', '2017-10-09 00:50:22', '2017-10-09 00:50:22'),
(556, 353, 99, 1, 0, 0, 99, '', '2017-10-09 02:24:41', '2017-10-09 02:24:41'),
(557, 368, 99, 1, 0, 0, 0, '', '2017-10-09 02:25:42', '2017-10-23 08:44:12'),
(558, 343, 99, 1, 0, 0, 99, '', '2017-10-09 02:25:54', '2017-10-09 02:25:54'),
(559, 376, 129, 0, 1, 99, 99, '', '2017-10-09 05:16:54', '0000-00-00 00:00:00'),
(560, 376, 59, 1, 1, 99, 0, 'mikey will attend', '2017-10-09 05:16:54', '2017-12-04 04:38:24'),
(561, 377, 59, 1, 1, 99, 1, '', '2017-10-09 05:25:49', '2017-12-04 04:37:26'),
(562, 378, 109, 0, 1, 99, 99, '', '2017-10-09 05:27:03', '0000-00-00 00:00:00'),
(563, 378, 59, 1, 1, 99, 0, '', '2017-10-09 05:27:03', '2017-12-04 04:33:27'),
(564, 379, 172, 0, 1, 99, 99, '', '2017-10-09 05:29:16', '0000-00-00 00:00:00'),
(565, 379, 168, 0, 1, 99, 99, '', '2017-10-09 05:29:16', '0000-00-00 00:00:00'),
(566, 379, 59, 1, 1, 99, 1, '', '2017-10-09 05:29:16', '2017-12-04 04:33:59'),
(567, 380, 52, 0, 1, 99, 99, '', '2017-10-09 05:34:07', '0000-00-00 00:00:00'),
(568, 380, 172, 0, 1, 99, 99, '', '2017-10-09 05:34:07', '0000-00-00 00:00:00'),
(569, 381, 21, 0, 1, 99, 99, '', '2017-10-09 05:36:23', '0000-00-00 00:00:00'),
(570, 381, 172, 0, 1, 99, 99, '', '2017-10-09 05:36:23', '0000-00-00 00:00:00'),
(571, 382, 129, 0, 1, 99, 99, '', '2017-10-09 05:37:41', '0000-00-00 00:00:00'),
(572, 383, 168, 0, 1, 99, 99, '', '2017-10-09 05:39:39', '0000-00-00 00:00:00'),
(573, 383, 59, 1, 1, 99, 1, '', '2017-10-09 05:39:39', '2017-12-04 04:32:59'),
(574, 384, 168, 0, 1, 99, 99, '', '2017-10-09 05:41:39', '0000-00-00 00:00:00'),
(575, 384, 59, 1, 1, 99, 0, 'attend RICE ', '2017-10-09 05:41:39', '2017-12-04 04:32:37'),
(576, 366, 132, 1, 0, 0, 0, '', '2017-10-10 02:44:00', '2017-10-10 03:09:24'),
(577, 336, 132, 1, 0, 0, 99, '', '2017-10-10 03:15:43', '2017-10-10 03:15:43'),
(578, 387, 48, 0, 1, 0, 99, '', '2017-10-12 07:03:02', '0000-00-00 00:00:00'),
(579, 387, 52, 0, 1, 0, 99, '', '2017-10-12 07:03:02', '0000-00-00 00:00:00'),
(580, 166, 50, 1, 0, 0, 99, '', '2017-10-13 02:16:15', '2017-10-13 02:16:15'),
(581, 385, 53, 1, 0, 0, 99, '', '2017-10-16 11:52:06', '2017-10-16 11:52:06'),
(582, 385, 142, 1, 0, 0, 99, '', '2017-10-20 07:41:30', '2017-10-20 07:41:30'),
(583, 394, 73, 1, 0, 0, 99, '', '2017-10-22 22:30:52', '2017-10-22 22:30:52'),
(584, 375, 73, 1, 0, 0, 99, '', '2017-10-22 22:31:42', '2017-10-22 22:31:42'),
(585, 394, 141, 1, 0, 0, 99, '', '2017-10-22 23:31:43', '2017-10-22 23:31:43'),
(586, 385, 132, 1, 0, 0, 99, '', '2017-10-23 08:38:17', '2017-10-23 08:38:17'),
(587, 385, 99, 1, 0, 0, 0, '', '2017-10-23 08:42:08', '2017-10-23 08:42:28'),
(588, 385, 98, 1, 0, 0, 99, '', '2017-10-23 08:47:47', '2017-10-23 08:47:47'),
(589, 385, 129, 1, 0, 0, 99, '', '2017-10-25 01:06:55', '2017-10-25 01:06:55'),
(590, 395, 59, 1, 1, 99, 0, 'mikey will attend', '2017-10-25 01:11:04', '2017-12-04 04:38:58'),
(591, 400, 129, 1, 0, 0, 99, '', '2017-10-25 01:58:52', '2017-10-25 01:58:52'),
(592, 399, 129, 1, 0, 0, 99, '', '2017-10-25 01:59:07', '2017-10-25 01:59:07'),
(593, 403, 129, 1, 0, 0, 99, '', '2017-10-25 08:01:50', '2017-10-25 08:01:50'),
(594, 403, 92, 1, 0, 0, 0, '', '2017-10-26 01:05:42', '2017-10-26 01:05:54'),
(596, 406, 48, 0, 1, 99, 99, '', '2017-10-26 06:25:56', '0000-00-00 00:00:00'),
(597, 406, 52, 0, 1, 99, 99, '', '2017-10-26 06:25:56', '0000-00-00 00:00:00'),
(598, 406, 75, 1, 1, 99, 99, '', '2017-10-26 06:25:56', '2017-10-26 08:26:06'),
(599, 406, 59, 1, 1, 99, 0, '', '2017-10-26 06:25:56', '2017-11-17 08:25:59'),
(600, 406, 77, 0, 1, 99, 99, '', '2017-10-26 06:25:56', '0000-00-00 00:00:00'),
(601, 406, 139, 0, 1, 99, 99, '', '2017-10-26 06:25:56', '0000-00-00 00:00:00'),
(602, 406, 63, 1, 0, 0, 0, '', '2017-10-26 07:01:33', '2017-10-26 07:02:02'),
(603, 407, 3, 0, 1, 0, 99, '', '2017-10-27 00:30:13', '0000-00-00 00:00:00'),
(604, 406, 129, 1, 0, 0, 99, '', '2017-10-27 01:41:06', '2017-10-27 01:41:06'),
(606, 410, 3, 0, 1, 99, 99, '', '2017-10-30 05:50:30', '0000-00-00 00:00:00'),
(607, 412, 50, 0, 1, 0, 99, '', '2017-11-02 07:14:31', '0000-00-00 00:00:00'),
(608, 412, 43, 0, 1, 0, 99, '', '2017-11-02 07:14:31', '0000-00-00 00:00:00'),
(609, 412, 1, 1, 1, 0, 1, '', '2017-11-02 07:14:31', '2017-11-02 08:14:33'),
(610, 412, 28, 0, 1, 0, 99, '', '2017-11-02 07:14:31', '0000-00-00 00:00:00'),
(611, 412, 136, 1, 1, 0, 1, '', '2017-11-02 07:14:31', '2017-11-02 07:43:34'),
(612, 412, 65, 0, 1, 0, 99, '', '2017-11-02 07:14:31', '0000-00-00 00:00:00'),
(613, 412, 59, 1, 1, 0, 0, '', '2017-11-02 07:14:31', '2017-11-17 08:28:10'),
(614, 412, 3, 0, 1, 0, 99, '', '2017-11-02 07:14:31', '0000-00-00 00:00:00'),
(615, 412, 40, 0, 1, 0, 99, '', '2017-11-02 07:14:31', '0000-00-00 00:00:00'),
(616, 413, 136, 1, 0, 0, 99, '', '2017-11-02 07:42:48', '2017-11-02 07:42:48'),
(617, 414, 73, 1, 1, 0, 1, '', '2017-11-02 07:46:14', '2017-11-06 04:09:59'),
(618, 414, 150, 1, 1, 0, 1, '', '2017-11-02 07:46:14', '2017-11-02 08:48:17'),
(619, 414, 137, 1, 1, 0, 1, '', '2017-11-02 07:46:14', '2017-11-02 08:19:35'),
(620, 414, 1, 1, 0, 0, 99, '', '2017-11-02 07:48:04', '2017-11-02 08:19:09'),
(621, 415, 129, 0, 1, 99, 99, '', '2017-11-02 07:48:39', '0000-00-00 00:00:00'),
(622, 415, 59, 1, 1, 99, 0, 'mikey will attend', '2017-11-02 07:48:39', '2017-12-04 04:36:32'),
(623, 416, 59, 1, 1, 0, 1, '', '2017-11-02 07:50:37', '2017-12-04 04:35:48'),
(624, 418, 168, 0, 1, 0, 99, '', '2017-11-02 07:53:28', '0000-00-00 00:00:00'),
(625, 418, 59, 1, 1, 0, 0, '', '2017-11-02 07:53:28', '2017-12-04 04:31:03'),
(626, 413, 1, 1, 0, 0, 99, '', '2017-11-02 07:56:15', '2017-11-02 07:56:15'),
(627, 417, 1, 1, 0, 0, 0, '', '2017-11-02 07:56:21', '2017-11-02 08:30:46'),
(628, 419, 129, 0, 1, 99, 99, '', '2017-11-02 07:59:25', '0000-00-00 00:00:00'),
(629, 419, 168, 0, 1, 99, 99, '', '2017-11-02 07:59:25', '0000-00-00 00:00:00'),
(630, 419, 59, 1, 1, 99, 0, '', '2017-11-02 07:59:25', '2017-12-04 04:31:35'),
(631, 420, 107, 0, 1, 99, 99, '', '2017-11-02 08:02:21', '0000-00-00 00:00:00'),
(632, 420, 129, 1, 1, 99, 99, '', '2017-11-02 08:02:21', '2017-11-03 02:13:53'),
(633, 420, 59, 1, 1, 99, 0, '', '2017-11-02 08:02:21', '2017-11-17 08:28:30'),
(634, 421, 44, 1, 1, 99, 99, '', '2017-11-02 08:04:24', '2018-01-31 09:28:49'),
(635, 421, 51, 1, 1, 99, 99, '', '2017-11-02 08:04:24', '2017-11-02 08:08:25'),
(636, 421, 55, 1, 1, 99, 99, '', '2017-11-02 08:04:24', '2017-11-17 01:00:59'),
(637, 421, 61, 0, 1, 99, 99, '', '2017-11-02 08:04:24', '0000-00-00 00:00:00'),
(638, 421, 86, 1, 1, 99, 1, '', '2017-11-02 08:04:24', '2017-11-03 00:27:38'),
(640, 421, 135, 0, 1, 99, 99, '', '2017-11-02 08:04:24', '0000-00-00 00:00:00'),
(641, 421, 134, 0, 1, 99, 99, '', '2017-11-02 08:04:24', '0000-00-00 00:00:00'),
(642, 421, 138, 0, 1, 99, 99, '', '2017-11-02 08:04:24', '0000-00-00 00:00:00'),
(643, 421, 87, 0, 1, 99, 99, '', '2017-11-02 08:04:24', '0000-00-00 00:00:00'),
(644, 422, 59, 1, 1, 99, 0, '', '2017-11-02 08:09:39', '2017-11-17 08:28:54'),
(645, 423, 59, 1, 1, 99, 0, '', '2017-11-02 08:26:52', '2017-11-17 08:26:50'),
(646, 424, 168, 0, 1, 99, 99, '', '2017-11-02 08:31:36', '0000-00-00 00:00:00'),
(647, 424, 59, 1, 1, 99, 0, '', '2017-11-02 08:31:36', '2017-11-17 08:27:28'),
(648, 425, 129, 1, 1, 99, 99, '', '2017-11-02 08:34:24', '2017-11-03 02:13:47'),
(649, 425, 168, 0, 1, 99, 99, '', '2017-11-02 08:34:24', '0000-00-00 00:00:00'),
(650, 425, 59, 1, 1, 99, 0, '', '2017-11-02 08:34:24', '2017-11-17 08:26:14'),
(651, 406, 87, 1, 0, 0, 99, '', '2017-11-02 08:35:18', '2017-11-02 08:35:18'),
(652, 405, 63, 1, 0, 0, 0, '', '2017-11-02 08:35:49', '2017-11-02 08:36:19'),
(653, 408, 104, 0, 1, 0, 0, '', '2017-11-02 08:36:34', '0000-00-00 00:00:00'),
(654, 408, 27, 1, 0, 0, 99, '', '2017-11-02 08:36:34', '2017-11-02 08:36:49'),
(655, 426, 50, 0, 1, 99, 99, '', '2017-11-02 08:38:14', '0000-00-00 00:00:00'),
(656, 426, 129, 1, 1, 99, 99, '', '2017-11-02 08:38:14', '2017-11-03 02:07:02'),
(657, 426, 59, 1, 1, 99, 0, '', '2017-11-02 08:38:14', '2017-11-17 08:25:40'),
(658, 427, 50, 0, 1, 99, 99, '', '2017-11-02 08:41:48', '0000-00-00 00:00:00'),
(659, 427, 168, 0, 1, 99, 99, '', '2017-11-02 08:41:48', '0000-00-00 00:00:00'),
(660, 427, 114, 1, 0, 0, 99, '', '2017-11-03 00:47:37', '2017-11-03 00:47:37'),
(661, 430, 114, 1, 0, 0, 0, '', '2017-11-03 00:48:48', '2017-11-06 06:01:03'),
(662, 428, 114, 1, 0, 0, 0, '', '2017-11-03 00:50:10', '2017-11-06 06:00:07'),
(663, 429, 114, 1, 0, 0, 0, '', '2017-11-03 00:51:48', '2017-11-06 06:06:16'),
(664, 431, 114, 1, 0, 0, 99, '', '2017-11-03 01:03:14', '2017-11-03 01:03:14'),
(665, 413, 132, 1, 0, 0, 99, '', '2017-11-03 03:01:14', '2017-11-03 03:01:14'),
(666, 442, 54, 0, 1, 99, 99, '', '2017-11-03 03:07:08', '0000-00-00 00:00:00'),
(667, 438, 87, 1, 0, 0, 99, '', '2017-11-03 05:31:23', '2017-11-03 05:31:23'),
(668, 442, 3, 1, 0, 0, 99, '', '2017-11-03 07:41:38', '2017-11-03 07:41:38'),
(669, 438, 92, 1, 0, 0, 99, '', '2017-11-06 02:24:21', '2017-12-04 09:19:45'),
(670, 438, 99, 1, 0, 0, 0, '', '2017-11-06 02:42:04', '2017-11-06 02:42:08'),
(671, 438, 73, 1, 0, 0, 99, '', '2017-11-06 04:09:37', '2017-11-06 04:09:37'),
(672, 436, 114, 1, 0, 0, 99, '', '2017-11-06 05:49:10', '2017-11-06 05:49:10'),
(673, 437, 114, 1, 0, 0, 99, '', '2017-11-06 05:50:43', '2017-11-06 05:50:43'),
(674, 446, 114, 1, 0, 0, 0, '', '2017-11-06 06:00:33', '2017-11-09 05:58:36'),
(675, 447, 114, 1, 0, 0, 99, '', '2017-11-06 06:01:31', '2017-11-06 06:01:31');
INSERT INTO `t_event_seen` (`es_id`, `e_id`, `u_id`, `es_seen`, `es_invited`, `e_confirm`, `es_confirmed`, `es_reason`, `created_at`, `updated_at`) VALUES
(676, 448, 114, 1, 0, 0, 99, '', '2017-11-06 06:02:00', '2017-11-06 06:02:00'),
(677, 432, 114, 1, 0, 0, 99, '', '2017-11-06 06:02:35', '2017-11-06 06:02:35'),
(678, 445, 114, 1, 0, 0, 99, '', '2017-11-06 06:03:24', '2017-11-06 06:03:24'),
(679, 444, 114, 1, 0, 0, 99, '', '2017-11-06 06:04:01', '2017-11-06 06:04:01'),
(680, 438, 117, 1, 0, 0, 99, '', '2017-11-06 06:36:02', '2017-11-06 06:36:02'),
(681, 456, 117, 1, 0, 0, 99, '', '2017-11-07 06:24:21', '2017-11-07 06:24:21'),
(682, 456, 53, 1, 0, 0, 99, '', '2017-11-07 08:09:00', '2017-11-07 08:09:00'),
(683, 456, 136, 1, 0, 0, 99, '', '2017-11-08 00:07:36', '2017-11-08 00:07:36'),
(684, 457, 40, 0, 1, 99, 99, '', '2017-11-08 03:15:13', '0000-00-00 00:00:00'),
(685, 457, 156, 1, 0, 0, 99, '', '2017-11-09 07:03:05', '2017-11-09 07:03:05'),
(686, 461, 117, 1, 0, 0, 0, '', '2017-11-10 08:17:30', '2017-12-01 05:46:09'),
(687, 439, 35, 1, 0, 0, 99, '', '2017-11-13 01:07:52', '2017-11-13 01:07:52'),
(688, 463, 136, 1, 0, 0, 99, '', '2017-11-14 02:02:29', '2017-11-14 02:02:29'),
(689, 465, 27, 1, 0, 0, 99, '', '2017-11-15 00:25:18', '2017-11-15 00:25:18'),
(690, 468, 5, 1, 0, 0, 99, '', '2017-11-15 01:00:07', '2017-11-15 01:00:07'),
(691, 471, 73, 1, 1, 0, 1, '', '2017-11-15 22:54:45', '2017-11-27 03:29:57'),
(692, 471, 137, 1, 1, 0, 99, '', '2017-11-15 22:54:45', '2017-11-16 22:11:05'),
(693, 471, 2, 0, 1, 0, 99, '', '2017-11-15 22:54:45', '0000-00-00 00:00:00'),
(694, 470, 132, 1, 0, 0, 99, '', '2017-11-16 06:10:32', '2017-11-16 06:10:32'),
(695, 465, 132, 1, 0, 0, 99, '', '2017-11-16 06:10:51', '2017-11-16 06:10:51'),
(696, 469, 137, 1, 1, 0, 99, '', '2017-11-16 22:10:38', '2017-11-16 22:10:38'),
(697, 461, 137, 1, 0, 0, 99, '', '2017-11-16 22:10:48', '2017-11-16 22:10:48'),
(698, 461, 55, 1, 0, 0, 99, '', '2017-11-17 00:59:37', '2017-11-17 00:59:37'),
(699, 473, 117, 1, 0, 0, 99, '', '2017-11-17 07:25:02', '2017-11-17 07:25:02'),
(700, 427, 59, 1, 0, 0, 0, '', '2017-11-17 08:25:12', '2017-11-17 08:25:20'),
(701, 387, 59, 1, 0, 0, 0, '', '2017-11-17 08:29:58', '2017-11-17 08:30:14'),
(702, 474, 2, 0, 1, 99, 99, '', '2017-11-23 01:42:17', '0000-00-00 00:00:00'),
(703, 461, 99, 1, 0, 0, 0, '', '2017-11-23 05:42:37', '2017-11-23 05:42:42'),
(704, 470, 99, 1, 0, 0, 0, '', '2017-11-23 05:43:09', '2017-11-23 05:43:20'),
(705, 461, 106, 1, 0, 0, 99, '', '2017-11-23 08:00:47', '2017-11-23 08:00:47'),
(706, 477, 86, 1, 1, 99, 99, '', '2017-11-24 03:50:07', '2017-12-05 00:30:46'),
(707, 478, 138, 0, 1, 99, 99, '', '2017-11-24 03:52:21', '0000-00-00 00:00:00'),
(708, 468, 51, 1, 0, 0, 99, '', '2017-11-24 03:52:30', '2017-11-24 03:52:30'),
(709, 478, 53, 1, 0, 0, 99, '', '2017-11-27 07:07:23', '2017-11-27 07:07:23'),
(710, 479, 52, 0, 1, 99, 99, '', '2017-11-28 00:45:23', '0000-00-00 00:00:00'),
(711, 480, 49, 1, 1, 0, 1, '', '2017-11-28 04:47:53', '2017-11-28 08:01:37'),
(712, 480, 50, 0, 1, 0, 99, '', '2017-11-28 04:47:53', '0000-00-00 00:00:00'),
(713, 480, 30, 0, 1, 0, 99, '', '2017-11-28 04:47:53', '0000-00-00 00:00:00'),
(714, 480, 43, 0, 1, 0, 99, '', '2017-11-28 04:47:53', '0000-00-00 00:00:00'),
(715, 480, 28, 0, 1, 0, 99, '', '2017-11-28 04:47:53', '0000-00-00 00:00:00'),
(716, 480, 10, 0, 1, 0, 99, '', '2017-11-28 04:47:53', '0000-00-00 00:00:00'),
(717, 480, 48, 0, 1, 0, 99, '', '2017-11-28 04:47:53', '0000-00-00 00:00:00'),
(718, 480, 53, 1, 1, 0, 99, '', '2017-11-28 04:47:53', '2017-12-13 03:40:25'),
(719, 480, 82, 1, 1, 0, 1, '', '2017-11-28 04:47:53', '2017-11-29 00:52:41'),
(720, 480, 36, 0, 1, 0, 99, '', '2017-11-28 04:47:53', '0000-00-00 00:00:00'),
(721, 480, 57, 0, 1, 0, 99, '', '2017-11-28 04:47:53', '0000-00-00 00:00:00'),
(722, 480, 2, 0, 1, 0, 99, '', '2017-11-28 04:47:53', '0000-00-00 00:00:00'),
(723, 480, 59, 1, 1, 0, 1, '', '2017-11-28 04:47:53', '2017-12-04 04:26:30'),
(724, 480, 3, 0, 1, 0, 99, '', '2017-11-28 04:47:53', '0000-00-00 00:00:00'),
(725, 480, 11, 0, 1, 0, 99, '', '2017-11-28 04:47:53', '0000-00-00 00:00:00'),
(726, 480, 25, 0, 1, 0, 99, '', '2017-11-28 04:47:53', '0000-00-00 00:00:00'),
(727, 480, 40, 0, 1, 0, 99, '', '2017-11-28 04:47:53', '0000-00-00 00:00:00'),
(728, 480, 27, 1, 1, 0, 1, '', '2017-11-28 04:47:53', '2017-11-28 05:00:34'),
(729, 480, 62, 0, 1, 0, 99, '', '2017-11-28 04:47:53', '0000-00-00 00:00:00'),
(730, 480, 67, 1, 1, 0, 1, '', '2017-11-28 04:47:53', '2017-11-29 00:39:10'),
(731, 438, 82, 1, 0, 0, 99, '', '2017-11-29 00:52:24', '2017-11-29 00:52:24'),
(732, 481, 69, 0, 1, 99, 99, '', '2017-11-29 00:55:15', '0000-00-00 00:00:00'),
(733, 481, 2, 0, 1, 99, 99, '', '2017-11-29 00:55:15', '0000-00-00 00:00:00'),
(734, 481, 3, 0, 1, 99, 99, '', '2017-11-29 00:55:15', '0000-00-00 00:00:00'),
(735, 482, 69, 0, 1, 0, 99, '', '2017-11-29 00:56:51', '0000-00-00 00:00:00'),
(736, 482, 2, 0, 1, 0, 99, '', '2017-11-29 00:56:51', '0000-00-00 00:00:00'),
(737, 482, 3, 0, 1, 0, 99, '', '2017-11-29 00:56:51', '0000-00-00 00:00:00'),
(738, 482, 82, 1, 0, 0, 99, '', '2017-11-29 00:56:51', '2017-11-29 00:56:51'),
(739, 483, 48, 0, 1, 0, 99, '', '2017-11-29 06:41:38', '0000-00-00 00:00:00'),
(740, 483, 87, 1, 0, 0, 0, '', '2017-12-01 05:20:12', '2017-12-01 05:21:14'),
(741, 483, 50, 1, 0, 0, 99, '', '2017-12-01 05:25:24', '2017-12-01 05:25:24'),
(742, 438, 114, 1, 0, 0, 99, '', '2017-12-01 07:34:18', '2017-12-01 07:34:18'),
(743, 487, 51, 1, 0, 0, 99, '', '2017-12-01 08:49:43', '2017-12-01 08:49:43'),
(744, 483, 27, 1, 0, 0, 99, '', '2017-12-02 03:00:17', '2017-12-02 03:01:15'),
(745, 438, 53, 1, 0, 0, 99, '', '2017-12-02 07:42:37', '2017-12-02 07:42:37'),
(746, 438, 59, 1, 0, 0, 0, '', '2017-12-04 04:27:19', '2017-12-04 04:29:27'),
(747, 471, 59, 1, 0, 0, 0, '', '2017-12-04 04:30:04', '2017-12-04 04:30:09'),
(748, 481, 106, 1, 0, 0, 99, '', '2017-12-04 08:41:46', '2017-12-04 08:41:46'),
(749, 487, 87, 1, 0, 0, 99, '', '2017-12-05 00:51:23', '2017-12-05 00:51:23'),
(750, 482, 106, 1, 0, 0, 99, '', '2017-12-06 05:02:03', '2017-12-06 05:02:03'),
(751, 491, 99, 1, 0, 0, 0, '', '2017-12-08 02:24:43', '2017-12-13 03:45:13'),
(752, 491, 49, 1, 0, 0, 0, '', '2017-12-08 02:59:18', '2017-12-08 03:08:49'),
(753, 491, 66, 1, 0, 0, 99, '', '2017-12-08 03:15:19', '2017-12-08 03:15:19'),
(754, 497, 1, 1, 1, 99, 99, '', '2017-12-08 06:36:02', '2017-12-13 04:14:51'),
(755, 497, 2, 0, 1, 99, 99, '', '2017-12-08 06:36:02', '0000-00-00 00:00:00'),
(756, 497, 3, 0, 1, 99, 99, '', '2017-12-08 06:36:02', '0000-00-00 00:00:00'),
(757, 497, 5, 1, 1, 99, 99, '', '2017-12-08 06:36:02', '2017-12-12 04:24:33'),
(758, 497, 10, 0, 1, 99, 99, '', '2017-12-08 06:36:02', '0000-00-00 00:00:00'),
(759, 497, 11, 0, 1, 99, 99, '', '2017-12-08 06:36:02', '0000-00-00 00:00:00'),
(760, 497, 20, 0, 1, 99, 99, '', '2017-12-08 06:36:02', '0000-00-00 00:00:00'),
(761, 497, 21, 0, 1, 99, 99, '', '2017-12-08 06:36:02', '0000-00-00 00:00:00'),
(762, 497, 24, 1, 1, 99, 99, '', '2017-12-08 06:36:02', '2017-12-11 04:51:04'),
(763, 497, 25, 0, 1, 99, 99, '', '2017-12-08 06:36:02', '0000-00-00 00:00:00'),
(764, 497, 27, 1, 1, 99, 0, '', '2017-12-08 06:36:02', '2017-12-08 07:23:55'),
(765, 497, 28, 0, 1, 99, 99, '', '2017-12-08 06:36:02', '0000-00-00 00:00:00'),
(766, 497, 29, 0, 1, 99, 99, '', '2017-12-08 06:36:02', '0000-00-00 00:00:00'),
(767, 497, 30, 0, 1, 99, 99, '', '2017-12-08 06:36:02', '0000-00-00 00:00:00'),
(768, 497, 31, 0, 1, 99, 99, '', '2017-12-08 06:36:02', '0000-00-00 00:00:00'),
(769, 497, 35, 1, 1, 99, 99, '', '2017-12-08 06:36:02', '2017-12-15 02:34:52'),
(770, 497, 36, 0, 1, 99, 99, '', '2017-12-08 06:36:02', '0000-00-00 00:00:00'),
(771, 497, 37, 0, 1, 99, 99, '', '2017-12-08 06:36:02', '0000-00-00 00:00:00'),
(772, 497, 40, 0, 1, 99, 99, '', '2017-12-08 06:36:02', '0000-00-00 00:00:00'),
(773, 497, 43, 0, 1, 99, 99, '', '2017-12-08 06:36:02', '0000-00-00 00:00:00'),
(774, 497, 44, 1, 1, 99, 99, '', '2017-12-08 06:36:02', '2017-12-28 02:47:23'),
(775, 497, 48, 0, 1, 99, 99, '', '2017-12-08 06:36:02', '0000-00-00 00:00:00'),
(776, 497, 49, 1, 1, 99, 99, '', '2017-12-08 06:36:02', '2017-12-12 03:31:59'),
(777, 497, 50, 0, 1, 99, 99, '', '2017-12-08 06:36:02', '0000-00-00 00:00:00'),
(778, 497, 51, 1, 1, 99, 99, '', '2017-12-08 06:36:02', '2017-12-14 01:22:21'),
(779, 497, 52, 0, 1, 99, 99, '', '2017-12-08 06:36:02', '0000-00-00 00:00:00'),
(780, 497, 53, 1, 1, 99, 99, '', '2017-12-08 06:36:02', '2017-12-13 03:40:14'),
(781, 497, 54, 0, 1, 99, 99, '', '2017-12-08 06:36:02', '0000-00-00 00:00:00'),
(782, 497, 55, 1, 1, 99, 1, '', '2017-12-08 06:36:02', '2017-12-14 01:06:00'),
(783, 497, 56, 0, 1, 99, 99, '', '2017-12-08 06:36:02', '0000-00-00 00:00:00'),
(784, 497, 57, 0, 1, 99, 99, '', '2017-12-08 06:36:02', '0000-00-00 00:00:00'),
(785, 497, 58, 1, 1, 99, 0, '', '2017-12-08 06:36:02', '2017-12-15 00:43:12'),
(786, 497, 59, 1, 1, 99, 0, '', '2017-12-08 06:36:02', '2017-12-13 04:16:22'),
(787, 497, 60, 0, 1, 99, 99, '', '2017-12-08 06:36:02', '0000-00-00 00:00:00'),
(788, 497, 61, 0, 1, 99, 99, '', '2017-12-08 06:36:02', '0000-00-00 00:00:00'),
(789, 497, 62, 0, 1, 99, 99, '', '2017-12-08 06:36:02', '0000-00-00 00:00:00'),
(790, 497, 63, 1, 1, 99, 99, '', '2017-12-08 06:36:02', '2017-12-11 08:15:09'),
(791, 497, 65, 0, 1, 99, 99, '', '2017-12-08 06:36:02', '0000-00-00 00:00:00'),
(792, 497, 66, 0, 1, 99, 99, '', '2017-12-08 06:36:02', '0000-00-00 00:00:00'),
(793, 497, 67, 1, 1, 99, 99, '', '2017-12-08 06:36:02', '2017-12-13 02:50:25'),
(794, 497, 69, 0, 1, 99, 99, '', '2017-12-08 06:36:02', '0000-00-00 00:00:00'),
(795, 497, 70, 0, 1, 99, 99, '', '2017-12-08 06:36:02', '0000-00-00 00:00:00'),
(796, 497, 71, 1, 1, 99, 0, '', '2017-12-08 06:36:02', '2017-12-11 09:03:09'),
(797, 497, 73, 1, 1, 99, 0, '', '2017-12-08 06:36:02', '2017-12-13 10:14:52'),
(798, 497, 74, 1, 1, 99, 0, '', '2017-12-08 06:36:02', '2018-01-15 03:06:21'),
(799, 497, 75, 1, 1, 99, 99, '', '2017-12-08 06:36:02', '2017-12-11 05:46:23'),
(800, 497, 77, 0, 1, 99, 99, '', '2017-12-08 06:36:02', '0000-00-00 00:00:00'),
(801, 497, 79, 0, 1, 99, 99, '', '2017-12-08 06:36:02', '0000-00-00 00:00:00'),
(802, 497, 80, 0, 1, 99, 99, '', '2017-12-08 06:36:02', '0000-00-00 00:00:00'),
(803, 497, 82, 1, 1, 99, 99, '', '2017-12-08 06:36:02', '2017-12-11 07:19:45'),
(804, 497, 83, 1, 1, 99, 99, '', '2017-12-08 06:36:02', '2017-12-13 06:20:04'),
(805, 497, 86, 1, 1, 99, 99, '', '2017-12-08 06:36:02', '2017-12-14 01:05:34'),
(806, 497, 87, 1, 1, 99, 0, 'I have a forum to attend to ', '2017-12-08 06:36:02', '2017-12-12 07:33:10'),
(807, 497, 88, 1, 1, 99, 99, '', '2017-12-08 06:36:02', '2017-12-12 01:34:39'),
(808, 497, 90, 0, 1, 99, 99, '', '2017-12-08 06:36:02', '0000-00-00 00:00:00'),
(809, 497, 91, 0, 1, 99, 99, '', '2017-12-08 06:36:02', '0000-00-00 00:00:00'),
(810, 497, 92, 1, 1, 99, 99, '', '2017-12-08 06:36:02', '2017-12-12 02:48:36'),
(811, 497, 99, 0, 1, 99, 99, '', '2017-12-08 06:36:02', '0000-00-00 00:00:00'),
(812, 497, 100, 0, 1, 99, 99, '', '2017-12-08 06:36:02', '0000-00-00 00:00:00'),
(813, 497, 101, 0, 1, 99, 99, '', '2017-12-08 06:36:02', '0000-00-00 00:00:00'),
(814, 497, 102, 0, 1, 99, 99, '', '2017-12-08 06:36:02', '0000-00-00 00:00:00'),
(815, 497, 103, 0, 1, 99, 99, '', '2017-12-08 06:36:02', '0000-00-00 00:00:00'),
(816, 497, 104, 0, 1, 99, 99, '', '2017-12-08 06:36:02', '0000-00-00 00:00:00'),
(817, 497, 105, 0, 1, 99, 99, '', '2017-12-08 06:36:02', '0000-00-00 00:00:00'),
(818, 497, 106, 1, 1, 99, 99, '', '2017-12-08 06:36:02', '2017-12-12 01:48:36'),
(819, 497, 107, 0, 1, 99, 99, '', '2017-12-08 06:36:02', '0000-00-00 00:00:00'),
(820, 497, 109, 0, 1, 99, 99, '', '2017-12-08 06:36:02', '0000-00-00 00:00:00'),
(821, 497, 110, 0, 1, 99, 99, '', '2017-12-08 06:36:02', '0000-00-00 00:00:00'),
(822, 497, 111, 0, 1, 99, 99, '', '2017-12-08 06:36:02', '0000-00-00 00:00:00'),
(823, 497, 114, 0, 1, 99, 99, '', '2017-12-08 06:36:02', '0000-00-00 00:00:00'),
(824, 497, 115, 0, 1, 99, 99, '', '2017-12-08 06:36:02', '0000-00-00 00:00:00'),
(825, 497, 116, 0, 1, 99, 99, '', '2017-12-08 06:36:02', '0000-00-00 00:00:00'),
(826, 497, 117, 0, 1, 99, 99, '', '2017-12-08 06:36:02', '0000-00-00 00:00:00'),
(827, 497, 129, 0, 1, 99, 99, '', '2017-12-08 06:36:02', '0000-00-00 00:00:00'),
(828, 497, 130, 0, 1, 99, 99, '', '2017-12-08 06:36:02', '0000-00-00 00:00:00'),
(829, 497, 131, 1, 1, 99, 99, '', '2017-12-08 06:36:02', '2017-12-12 01:12:17'),
(830, 497, 132, 1, 1, 99, 1, '', '2017-12-08 06:36:02', '2018-01-12 02:05:16'),
(831, 497, 134, 0, 1, 99, 99, '', '2017-12-08 06:36:02', '0000-00-00 00:00:00'),
(832, 497, 135, 0, 1, 99, 99, '', '2017-12-08 06:36:02', '0000-00-00 00:00:00'),
(833, 497, 136, 0, 1, 99, 99, '', '2017-12-08 06:36:02', '0000-00-00 00:00:00'),
(834, 497, 137, 1, 1, 99, 99, '', '2017-12-08 06:36:02', '2017-12-10 22:15:34'),
(835, 497, 138, 0, 1, 99, 99, '', '2017-12-08 06:36:02', '0000-00-00 00:00:00'),
(836, 497, 139, 0, 1, 99, 99, '', '2017-12-08 06:36:02', '0000-00-00 00:00:00'),
(837, 497, 140, 0, 1, 99, 99, '', '2017-12-08 06:36:02', '0000-00-00 00:00:00'),
(838, 497, 141, 0, 1, 99, 99, '', '2017-12-08 06:36:02', '0000-00-00 00:00:00'),
(839, 497, 142, 0, 1, 99, 99, '', '2017-12-08 06:36:02', '0000-00-00 00:00:00'),
(840, 497, 143, 0, 1, 99, 99, '', '2017-12-08 06:36:02', '0000-00-00 00:00:00'),
(841, 497, 144, 1, 1, 99, 99, '', '2017-12-08 06:36:02', '2018-01-11 08:38:58'),
(842, 497, 145, 0, 1, 99, 99, '', '2017-12-08 06:36:02', '0000-00-00 00:00:00'),
(843, 497, 146, 0, 1, 99, 99, '', '2017-12-08 06:36:02', '0000-00-00 00:00:00'),
(844, 497, 147, 1, 1, 99, 99, '', '2017-12-08 06:36:02', '2017-12-13 07:00:31'),
(845, 497, 150, 0, 1, 99, 99, '', '2017-12-08 06:36:02', '0000-00-00 00:00:00'),
(846, 497, 151, 1, 1, 99, 99, '', '2017-12-08 06:36:02', '2017-12-15 06:18:54'),
(847, 497, 153, 0, 1, 99, 99, '', '2017-12-08 06:36:02', '0000-00-00 00:00:00'),
(848, 497, 154, 0, 1, 99, 99, '', '2017-12-08 06:36:02', '0000-00-00 00:00:00'),
(849, 497, 155, 0, 1, 99, 99, '', '2017-12-08 06:36:02', '0000-00-00 00:00:00'),
(850, 497, 156, 1, 1, 99, 99, '', '2017-12-08 06:36:02', '2017-12-09 03:45:17'),
(851, 497, 159, 0, 1, 99, 99, '', '2017-12-08 06:36:02', '0000-00-00 00:00:00'),
(852, 497, 160, 1, 1, 99, 99, '', '2017-12-08 06:36:02', '2017-12-12 00:53:32'),
(853, 497, 162, 0, 1, 99, 99, '', '2017-12-08 06:36:02', '0000-00-00 00:00:00'),
(854, 497, 163, 0, 1, 99, 99, '', '2017-12-08 06:36:02', '0000-00-00 00:00:00'),
(855, 497, 164, 0, 1, 99, 99, '', '2017-12-08 06:36:02', '0000-00-00 00:00:00'),
(856, 497, 165, 0, 1, 99, 99, '', '2017-12-08 06:36:02', '0000-00-00 00:00:00'),
(857, 497, 166, 0, 1, 99, 99, '', '2017-12-08 06:36:02', '0000-00-00 00:00:00'),
(858, 497, 168, 0, 1, 99, 99, '', '2017-12-08 06:36:02', '0000-00-00 00:00:00'),
(859, 497, 170, 0, 1, 99, 99, '', '2017-12-08 06:36:02', '0000-00-00 00:00:00'),
(860, 497, 171, 0, 1, 99, 99, '', '2017-12-08 06:36:02', '0000-00-00 00:00:00'),
(861, 497, 172, 0, 1, 99, 99, '', '2017-12-08 06:36:02', '0000-00-00 00:00:00'),
(862, 497, 173, 1, 1, 99, 99, '', '2017-12-08 06:36:02', '2017-12-22 05:06:01'),
(863, 497, 174, 0, 1, 99, 99, '', '2017-12-08 06:36:02', '0000-00-00 00:00:00'),
(974, 491, 156, 1, 0, 0, 99, '', '2017-12-09 03:45:07', '2017-12-09 03:45:07'),
(975, 491, 160, 1, 0, 0, 99, '', '2017-12-11 01:12:10', '2017-12-11 01:12:47'),
(976, 496, 160, 1, 0, 0, 99, '', '2017-12-11 01:12:33', '2017-12-11 01:12:33'),
(977, 491, 24, 1, 0, 0, 99, '', '2017-12-11 04:50:16', '2017-12-11 04:50:16'),
(978, 490, 75, 1, 0, 0, 99, '', '2017-12-11 05:45:37', '2017-12-11 05:45:37'),
(979, 487, 75, 1, 0, 0, 99, '', '2017-12-11 05:45:58', '2017-12-11 05:45:58'),
(980, 461, 75, 1, 0, 0, 99, '', '2017-12-11 05:46:09', '2017-12-11 05:46:09'),
(981, 494, 75, 1, 0, 0, 99, '', '2017-12-11 05:46:40', '2017-12-11 05:46:40'),
(982, 438, 75, 1, 0, 0, 99, '', '2017-12-11 05:46:52', '2017-12-11 05:46:52'),
(983, 491, 75, 1, 0, 0, 99, '', '2017-12-11 05:46:58', '2017-12-11 05:46:58'),
(984, 496, 75, 1, 0, 0, 99, '', '2017-12-11 05:47:12', '2017-12-11 05:47:12'),
(985, 491, 131, 1, 0, 0, 99, '', '2017-12-12 01:12:59', '2017-12-15 05:30:41'),
(986, 491, 88, 1, 0, 0, 99, '', '2017-12-12 01:23:04', '2017-12-12 01:23:04'),
(987, 496, 88, 1, 0, 0, 99, '', '2017-12-12 01:23:28', '2017-12-12 01:23:28'),
(988, 491, 92, 1, 0, 0, 99, '', '2017-12-12 02:48:10', '2017-12-12 02:48:10'),
(989, 496, 92, 1, 0, 0, 99, '', '2017-12-12 02:48:27', '2017-12-12 02:48:27'),
(990, 495, 57, 1, 0, 0, 99, '', '2017-12-12 08:07:01', '2017-12-12 08:07:01'),
(991, 498, 98, 1, 0, 0, 99, '', '2017-12-13 02:01:37', '2018-02-09 07:39:31'),
(992, 498, 67, 1, 0, 0, 99, '', '2017-12-13 02:50:10', '2017-12-13 02:50:43'),
(993, 498, 99, 1, 0, 0, 0, '', '2017-12-13 02:55:57', '2017-12-13 02:56:49'),
(994, 496, 99, 1, 0, 0, 0, '', '2017-12-13 02:59:25', '2017-12-13 02:59:34'),
(995, 498, 53, 1, 0, 0, 99, '', '2017-12-13 03:36:33', '2017-12-13 03:43:59'),
(996, 491, 53, 1, 0, 0, 99, '', '2017-12-13 03:43:00', '2017-12-13 03:43:00'),
(997, 496, 53, 1, 0, 0, 99, '', '2017-12-13 03:43:12', '2017-12-13 03:43:12'),
(998, 495, 53, 1, 0, 0, 99, '', '2017-12-13 03:43:27', '2017-12-13 03:43:27'),
(999, 498, 59, 1, 0, 0, 0, '', '2017-12-13 04:11:00', '2017-12-13 04:11:11'),
(1000, 491, 59, 1, 0, 0, 0, '', '2017-12-13 04:13:38', '2017-12-13 04:15:48'),
(1001, 498, 83, 1, 0, 0, 99, '', '2017-12-13 06:19:05', '2017-12-13 06:19:44'),
(1002, 498, 151, 1, 0, 0, 99, '', '2017-12-13 06:54:06', '2017-12-13 07:00:34'),
(1003, 491, 151, 1, 0, 0, 99, '', '2017-12-13 06:58:34', '2017-12-14 05:04:23'),
(1004, 498, 147, 1, 0, 0, 99, '', '2017-12-13 06:59:11', '2017-12-13 07:02:27'),
(1005, 498, 131, 1, 0, 0, 0, '', '2017-12-13 07:00:56', '2018-01-04 02:47:22'),
(1006, 491, 153, 1, 0, 0, 99, '', '2017-12-13 07:07:01', '2017-12-13 07:48:02'),
(1007, 491, 20, 1, 0, 0, 99, '', '2017-12-13 07:54:11', '2017-12-13 07:54:11'),
(1008, 498, 92, 1, 0, 0, 99, '', '2017-12-13 08:34:27', '2017-12-13 08:34:44'),
(1009, 498, 73, 1, 0, 0, 0, '', '2017-12-13 10:14:08', '2017-12-13 10:14:17'),
(1010, 491, 73, 1, 0, 0, 99, '', '2017-12-13 10:14:25', '2017-12-13 10:14:25'),
(1011, 491, 57, 1, 0, 0, 0, '', '2017-12-14 00:47:01', '2017-12-14 01:22:24'),
(1012, 498, 55, 1, 0, 0, 99, '', '2017-12-14 01:04:08', '2017-12-14 01:04:29'),
(1013, 498, 86, 1, 0, 0, 99, '', '2017-12-14 01:04:53', '2017-12-14 01:06:35'),
(1014, 491, 51, 1, 0, 0, 0, '', '2017-12-14 01:09:30', '2017-12-14 01:15:48'),
(1015, 491, 55, 1, 0, 0, 99, '', '2017-12-14 01:12:01', '2017-12-14 01:12:01'),
(1016, 498, 51, 1, 0, 0, 0, '', '2017-12-14 01:12:50', '2017-12-14 01:21:37'),
(1017, 498, 138, 1, 0, 0, 99, '', '2017-12-14 01:15:11', '2017-12-14 01:15:19'),
(1018, 491, 138, 1, 0, 0, 99, '', '2017-12-14 01:19:51', '2017-12-14 01:19:51'),
(1019, 496, 138, 1, 0, 0, 99, '', '2017-12-14 01:22:00', '2017-12-14 01:22:00'),
(1020, 493, 138, 1, 0, 0, 99, '', '2017-12-14 01:22:18', '2017-12-14 01:22:18'),
(1021, 486, 138, 1, 0, 0, 99, '', '2017-12-14 01:22:23', '2017-12-14 01:33:07'),
(1022, 480, 138, 1, 0, 0, 99, '', '2017-12-14 01:22:28', '2017-12-14 01:22:28'),
(1023, 485, 138, 1, 0, 0, 99, '', '2017-12-14 01:22:35', '2017-12-14 01:34:20'),
(1024, 483, 138, 1, 0, 0, 99, '', '2017-12-14 01:22:42', '2017-12-14 01:22:42'),
(1025, 438, 138, 1, 0, 0, 99, '', '2017-12-14 01:22:47', '2017-12-14 01:22:47'),
(1026, 490, 138, 1, 0, 0, 99, '', '2017-12-14 01:33:01', '2017-12-14 01:33:01'),
(1027, 498, 71, 1, 0, 0, 99, '', '2017-12-14 06:58:04', '2017-12-15 08:29:54'),
(1028, 498, 48, 1, 0, 0, 99, '', '2017-12-14 13:41:34', '2017-12-14 13:41:34'),
(1029, 498, 58, 1, 0, 0, 99, '', '2017-12-15 00:40:09', '2017-12-15 00:40:47'),
(1030, 491, 58, 1, 0, 0, 99, '', '2017-12-15 00:41:25', '2017-12-15 00:41:25'),
(1031, 498, 35, 1, 0, 0, 99, '', '2017-12-15 02:35:43', '2017-12-15 02:40:13'),
(1032, 499, 50, 0, 1, 0, 99, '', '2017-12-15 02:48:47', '0000-00-00 00:00:00'),
(1033, 499, 20, 0, 1, 0, 99, '', '2017-12-15 02:48:47', '0000-00-00 00:00:00'),
(1034, 499, 43, 0, 1, 0, 99, '', '2017-12-15 02:48:47', '0000-00-00 00:00:00'),
(1035, 499, 10, 0, 1, 0, 99, '', '2017-12-15 02:48:47', '0000-00-00 00:00:00'),
(1036, 499, 138, 0, 1, 0, 99, '', '2017-12-15 02:48:47', '0000-00-00 00:00:00'),
(1037, 499, 3, 0, 1, 0, 99, '', '2017-12-15 02:48:47', '0000-00-00 00:00:00'),
(1038, 499, 61, 0, 1, 0, 99, '', '2017-12-15 02:48:47', '0000-00-00 00:00:00'),
(1039, 499, 40, 0, 1, 0, 99, '', '2017-12-15 02:48:47', '0000-00-00 00:00:00'),
(1040, 500, 50, 0, 1, 0, 99, '', '2017-12-15 02:59:27', '0000-00-00 00:00:00'),
(1041, 500, 20, 0, 1, 0, 99, '', '2017-12-15 02:59:27', '0000-00-00 00:00:00'),
(1042, 500, 43, 0, 1, 0, 99, '', '2017-12-15 02:59:27', '0000-00-00 00:00:00'),
(1043, 500, 1, 1, 1, 0, 99, '', '2017-12-15 02:59:27', '2017-12-15 04:01:12'),
(1044, 500, 10, 0, 1, 0, 99, '', '2017-12-15 02:59:27', '0000-00-00 00:00:00'),
(1045, 500, 150, 0, 1, 0, 99, '', '2017-12-15 02:59:27', '0000-00-00 00:00:00'),
(1046, 500, 3, 0, 1, 0, 99, '', '2017-12-15 02:59:27', '0000-00-00 00:00:00'),
(1047, 500, 40, 0, 1, 0, 99, '', '2017-12-15 02:59:27', '0000-00-00 00:00:00'),
(1048, 499, 151, 1, 0, 0, 99, '', '2017-12-15 06:18:42', '2017-12-15 06:18:42'),
(1049, 498, 132, 1, 0, 0, 99, '', '2017-12-15 07:30:50', '2018-01-09 07:47:09'),
(1050, 491, 132, 1, 0, 0, 99, '', '2017-12-15 07:41:02', '2017-12-15 07:41:02'),
(1051, 499, 53, 1, 0, 0, 99, '', '2017-12-16 11:31:12', '2017-12-16 11:31:19'),
(1052, 502, 53, 1, 0, 0, 99, '', '2017-12-16 11:32:07', '2017-12-16 11:32:07'),
(1053, 491, 147, 1, 0, 0, 99, '', '2017-12-18 03:23:21', '2017-12-18 03:23:21'),
(1054, 498, 88, 1, 0, 0, 99, '', '2017-12-18 05:00:25', '2017-12-20 06:23:26'),
(1055, 498, 54, 1, 0, 0, 99, '', '2017-12-18 10:35:45', '2018-01-23 03:41:03'),
(1056, 498, 5, 1, 0, 0, 99, '', '2017-12-19 00:42:32', '2017-12-19 00:42:43'),
(1057, 281, 54, 1, 0, 0, 99, '', '2017-12-19 12:48:37', '2017-12-19 12:48:37'),
(1058, 277, 54, 1, 0, 0, 99, '', '2017-12-19 12:49:18', '2017-12-19 12:49:18'),
(1059, 498, 173, 1, 0, 0, 99, '', '2017-12-22 05:04:34', '2017-12-22 05:10:45'),
(1060, 498, 44, 1, 0, 0, 99, '', '2017-12-28 02:41:21', '2017-12-28 02:41:25'),
(1061, 499, 44, 1, 0, 0, 99, '', '2017-12-28 02:44:23', '2017-12-28 02:45:36'),
(1062, 500, 44, 1, 0, 0, 99, '', '2017-12-28 02:45:45', '2017-12-28 02:45:45'),
(1063, 491, 44, 1, 0, 0, 99, '', '2017-12-28 02:45:55', '2017-12-28 02:45:55'),
(1064, 438, 44, 1, 0, 0, 99, '', '2017-12-28 02:46:16', '2017-12-28 02:46:16'),
(1065, 480, 44, 1, 0, 0, 99, '', '2017-12-28 02:47:40', '2017-12-28 02:47:40'),
(1066, 502, 44, 1, 0, 0, 99, '', '2017-12-28 02:48:28', '2017-12-28 02:49:00'),
(1067, 503, 92, 0, 1, 99, 99, '', '2018-01-03 01:50:40', '0000-00-00 00:00:00'),
(1068, 503, 3, 0, 1, 99, 99, '', '2018-01-03 01:50:40', '0000-00-00 00:00:00'),
(1069, 498, 56, 1, 0, 0, 99, '', '2018-01-03 02:21:37', '2018-01-03 02:21:59'),
(1070, 503, 56, 1, 0, 0, 99, '', '2018-01-03 02:22:21', '2018-01-03 02:22:21'),
(1071, 498, 129, 1, 0, 0, 99, '', '2018-01-03 03:04:16', '2018-01-03 03:04:28'),
(1072, 503, 99, 1, 0, 0, 0, '', '2018-01-03 06:44:11', '2018-01-03 06:44:17'),
(1073, 503, 131, 1, 0, 0, 0, '', '2018-01-04 02:47:40', '2018-01-04 04:02:11'),
(1074, 503, 27, 1, 0, 0, 99, '', '2018-01-04 03:01:39', '2018-01-04 03:01:39'),
(1075, 498, 150, 1, 0, 0, 99, '', '2018-01-05 03:09:03', '2018-01-05 03:09:24'),
(1076, 503, 150, 1, 0, 0, 99, '', '2018-01-05 03:09:33', '2018-01-05 03:09:33'),
(1077, 499, 150, 1, 0, 0, 99, '', '2018-01-05 03:09:38', '2018-01-05 03:09:38'),
(1078, 505, 44, 1, 1, 99, 99, '', '2018-01-08 03:24:01', '2018-01-31 09:27:43'),
(1079, 505, 51, 1, 1, 99, 99, '', '2018-01-08 03:24:01', '2018-01-23 10:05:27'),
(1080, 505, 55, 1, 1, 99, 0, '', '2018-01-08 03:24:01', '2018-01-25 06:15:36'),
(1081, 505, 61, 0, 1, 99, 99, '', '2018-01-08 03:24:01', '0000-00-00 00:00:00'),
(1082, 505, 86, 1, 1, 99, 0, '', '2018-01-08 03:24:01', '2018-01-23 10:04:15'),
(1084, 505, 135, 0, 1, 99, 99, '', '2018-01-08 03:24:01', '0000-00-00 00:00:00'),
(1085, 505, 134, 0, 1, 99, 99, '', '2018-01-08 03:24:01', '0000-00-00 00:00:00'),
(1086, 505, 138, 0, 1, 99, 99, '', '2018-01-08 03:24:01', '0000-00-00 00:00:00'),
(1087, 505, 87, 1, 1, 99, 1, '', '2018-01-08 03:24:01', '2018-01-30 00:30:16'),
(1088, 504, 55, 1, 0, 0, 0, '', '2018-01-08 03:45:10', '2018-01-08 03:45:42'),
(1089, 506, 48, 1, 0, 0, 99, '', '2018-01-08 04:17:52', '2018-01-08 04:17:52'),
(1090, 506, 27, 1, 0, 0, 99, '', '2018-01-08 06:51:57', '2018-01-08 06:51:57'),
(1091, 504, 51, 1, 0, 0, 0, '', '2018-01-09 00:58:34', '2018-01-09 01:05:07'),
(1092, 504, 43, 0, 1, 0, 99, '', '2018-01-09 01:05:06', '0000-00-00 00:00:00'),
(1093, 504, 138, 0, 1, 0, 99, '', '2018-01-09 01:05:06', '0000-00-00 00:00:00'),
(1094, 504, 130, 0, 1, 0, 99, '', '2018-01-09 01:05:06', '0000-00-00 00:00:00'),
(1095, 504, 61, 0, 1, 0, 99, '', '2018-01-09 01:05:06', '0000-00-00 00:00:00'),
(1096, 507, 74, 1, 1, 99, 0, '', '2018-01-09 04:56:24', '2018-01-15 03:05:54'),
(1097, 507, 2, 0, 1, 99, 99, '', '2018-01-09 04:56:24', '0000-00-00 00:00:00'),
(1098, 507, 5, 1, 1, 99, 1, '', '2018-01-09 04:56:24', '2018-01-09 23:44:50'),
(1099, 507, 83, 1, 1, 99, 99, '', '2018-01-09 04:56:24', '2018-01-10 08:33:50'),
(1100, 513, 43, 0, 1, 0, 99, '', '2018-01-09 07:23:52', '0000-00-00 00:00:00'),
(1101, 513, 2, 0, 1, 0, 99, '', '2018-01-09 07:23:52', '0000-00-00 00:00:00'),
(1102, 513, 3, 0, 1, 0, 99, '', '2018-01-09 07:23:52', '0000-00-00 00:00:00'),
(1103, 513, 87, 1, 0, 0, 99, '', '2018-01-09 07:23:58', '2018-01-17 00:51:52'),
(1104, 514, 43, 0, 1, 0, 99, '', '2018-01-09 07:29:06', '0000-00-00 00:00:00'),
(1105, 514, 2, 0, 1, 0, 99, '', '2018-01-09 07:29:06', '0000-00-00 00:00:00'),
(1106, 516, 132, 1, 0, 0, 99, '', '2018-01-09 07:39:41', '2018-01-09 07:39:41'),
(1107, 510, 132, 1, 0, 0, 99, '', '2018-01-09 07:46:15', '2018-01-09 07:46:15'),
(1108, 505, 53, 1, 0, 0, 99, '', '2018-01-10 02:16:10', '2018-01-10 02:16:10'),
(1109, 498, 29, 1, 0, 0, 99, '', '2018-01-10 06:15:06', '2018-02-28 12:28:09'),
(1110, 514, 83, 1, 0, 0, 99, '', '2018-01-10 08:33:08', '2018-01-17 02:16:50'),
(1111, 518, 54, 1, 0, 0, 99, '', '2018-01-11 02:35:04', '2018-01-11 02:35:04'),
(1112, 498, 144, 1, 0, 0, 0, '', '2018-01-11 08:00:48', '2018-01-11 08:01:02'),
(1113, 513, 129, 1, 0, 0, 99, '', '2018-01-11 08:10:14', '2018-01-11 08:10:14'),
(1114, 514, 144, 1, 0, 0, 99, '', '2018-01-11 08:16:41', '2018-01-11 08:16:41'),
(1115, 530, 57, 1, 0, 0, 99, '', '2018-01-11 09:01:29', '2018-01-11 09:01:29'),
(1116, 514, 57, 1, 0, 0, 99, '', '2018-01-11 09:15:50', '2018-01-11 09:15:50'),
(1117, 517, 132, 1, 0, 0, 99, '', '2018-01-12 02:04:27', '2018-01-12 02:04:27'),
(1118, 540, 48, 1, 0, 0, 99, '', '2018-01-12 04:43:58', '2018-01-12 04:43:58'),
(1119, 514, 92, 1, 0, 0, 99, '', '2018-01-15 01:36:54', '2018-01-15 01:36:54'),
(1120, 514, 150, 1, 0, 0, 99, '', '2018-01-15 01:47:59', '2018-01-29 06:52:24'),
(1121, 539, 150, 1, 0, 0, 99, '', '2018-01-15 01:48:11', '2018-01-15 01:48:11'),
(1122, 498, 74, 1, 0, 0, 0, '', '2018-01-15 02:56:58', '2018-01-15 03:04:36'),
(1123, 540, 150, 1, 0, 0, 99, '', '2018-01-15 04:05:58', '2018-01-15 04:05:58'),
(1124, 506, 44, 1, 0, 0, 99, '', '2018-01-16 00:44:36', '2018-01-16 00:44:36'),
(1125, 540, 3, 1, 0, 0, 99, '', '2018-01-17 00:32:03', '2018-01-17 00:32:03'),
(1126, 513, 11, 1, 0, 0, 99, '', '2018-01-17 01:00:56', '2018-01-17 01:00:56'),
(1127, 514, 40, 1, 0, 0, 99, '', '2018-01-17 01:48:26', '2018-01-17 01:48:26'),
(1128, 541, 44, 1, 1, 99, 99, '', '2018-01-17 06:59:26', '2018-01-31 09:28:15'),
(1129, 541, 51, 1, 1, 99, 99, '', '2018-01-17 06:59:26', '2018-01-17 06:59:51'),
(1130, 541, 55, 1, 1, 99, 99, '', '2018-01-17 06:59:26', '2018-02-08 02:22:49'),
(1131, 541, 61, 0, 1, 99, 99, '', '2018-01-17 06:59:26', '0000-00-00 00:00:00'),
(1132, 541, 86, 0, 1, 99, 99, '', '2018-01-17 06:59:26', '0000-00-00 00:00:00'),
(1134, 541, 135, 0, 1, 99, 99, '', '2018-01-17 06:59:26', '0000-00-00 00:00:00'),
(1135, 541, 134, 0, 1, 99, 99, '', '2018-01-17 06:59:26', '0000-00-00 00:00:00'),
(1136, 541, 138, 0, 1, 99, 99, '', '2018-01-17 06:59:26', '0000-00-00 00:00:00'),
(1137, 541, 87, 0, 1, 99, 99, '', '2018-01-17 06:59:26', '0000-00-00 00:00:00'),
(1138, 314, 73, 1, 0, 0, 99, '', '2018-01-19 04:19:06', '2018-01-19 04:19:06'),
(1139, 512, 73, 1, 0, 0, 99, '', '2018-01-19 04:21:29', '2018-01-19 05:03:19'),
(1140, 543, 53, 1, 0, 0, 99, '', '2018-01-22 07:10:54', '2018-01-22 07:10:54'),
(1141, 498, 2, 1, 0, 0, 99, '', '2018-01-22 08:04:09', '2018-01-22 08:04:09'),
(1142, 514, 56, 1, 0, 0, 99, '', '2018-01-23 03:25:13', '2018-01-23 03:25:13'),
(1143, 514, 87, 1, 0, 0, 0, '', '2018-01-23 09:12:39', '2018-01-30 00:28:37'),
(1144, 514, 55, 1, 0, 0, 0, '', '2018-01-25 06:16:07', '2018-01-26 08:13:43'),
(1145, 514, 99, 1, 0, 0, 0, '', '2018-01-29 03:07:27', '2018-01-29 03:07:39'),
(1146, 547, 150, 1, 0, 0, 99, '', '2018-01-31 00:25:17', '2018-02-05 06:44:50'),
(1147, 546, 99, 1, 0, 0, 0, '', '2018-02-01 01:57:41', '2018-02-01 01:57:57'),
(1148, 547, 99, 1, 0, 0, 0, '', '2018-02-01 02:00:15', '2018-02-22 01:48:07'),
(1149, 552, 43, 0, 1, 0, 99, '', '2018-02-01 02:05:36', '0000-00-00 00:00:00'),
(1150, 552, 2, 0, 1, 0, 99, '', '2018-02-01 02:05:36', '0000-00-00 00:00:00'),
(1151, 552, 3, 0, 1, 0, 99, '', '2018-02-01 02:05:36', '0000-00-00 00:00:00'),
(1152, 552, 61, 0, 1, 0, 99, '', '2018-02-01 02:05:36', '0000-00-00 00:00:00'),
(1153, 552, 40, 0, 1, 0, 99, '', '2018-02-01 02:05:36', '0000-00-00 00:00:00'),
(1154, 498, 111, 1, 0, 0, 99, '', '2018-02-01 02:09:05', '2018-02-01 02:09:19'),
(1155, 547, 111, 1, 0, 0, 99, '', '2018-02-01 02:13:13', '2018-02-01 02:13:13'),
(1156, 551, 129, 1, 0, 0, 0, '', '2018-02-01 03:39:56', '2018-02-01 03:40:11'),
(1157, 566, 99, 1, 0, 0, 0, '', '2018-02-01 06:31:10', '2018-02-01 06:31:22'),
(1158, 568, 1, 1, 1, 99, 99, '', '2018-02-01 08:01:28', '2018-02-01 08:10:30'),
(1159, 568, 73, 1, 1, 99, 99, '', '2018-02-01 08:01:28', '2018-02-01 08:07:51'),
(1160, 568, 74, 0, 1, 99, 99, '', '2018-02-01 08:01:28', '0000-00-00 00:00:00'),
(1161, 568, 83, 0, 1, 99, 99, '', '2018-02-01 08:01:28', '0000-00-00 00:00:00'),
(1162, 568, 5, 1, 1, 99, 1, '', '2018-02-01 08:01:28', '2018-02-01 08:02:23'),
(1163, 568, 150, 0, 1, 99, 99, '', '2018-02-01 08:01:28', '0000-00-00 00:00:00'),
(1164, 547, 132, 1, 0, 0, 99, '', '2018-02-02 02:41:28', '2018-02-02 02:41:28'),
(1165, 560, 66, 1, 0, 0, 0, '', '2018-02-02 07:25:10', '2018-02-02 07:27:02'),
(1166, 565, 50, 1, 0, 0, 99, '', '2018-02-02 08:48:19', '2018-02-02 08:48:19'),
(1167, 579, 82, 1, 0, 0, 99, '', '2018-02-02 08:55:56', '2018-02-02 08:55:56'),
(1168, 498, 142, 1, 0, 0, 99, '', '2018-02-06 05:56:12', '2018-02-06 05:56:12'),
(1169, 552, 55, 1, 0, 0, 99, '', '2018-02-08 02:20:23', '2018-02-08 02:20:23'),
(1170, 572, 55, 1, 0, 0, 99, '', '2018-02-08 02:21:31', '2018-02-08 02:21:31'),
(1171, 582, 54, 0, 1, 0, 99, '', '2018-02-09 07:16:51', '0000-00-00 00:00:00'),
(1172, 582, 101, 0, 1, 0, 99, '', '2018-02-09 07:16:51', '0000-00-00 00:00:00'),
(1173, 582, 132, 1, 0, 0, 99, '', '2018-02-09 07:16:52', '2018-02-09 07:16:52'),
(1174, 583, 53, 1, 1, 99, 99, '', '2018-02-09 07:19:44', '2018-02-12 02:59:18'),
(1175, 583, 98, 0, 1, 99, 99, '', '2018-02-09 07:19:44', '0000-00-00 00:00:00'),
(1176, 584, 150, 0, 1, 99, 99, '', '2018-02-12 07:02:24', '0000-00-00 00:00:00'),
(1177, 547, 87, 1, 0, 0, 99, '', '2018-02-12 08:48:27', '2018-02-12 08:50:07'),
(1178, 557, 87, 1, 0, 0, 99, '', '2018-02-12 08:49:26', '2018-02-12 08:49:26'),
(1179, 584, 87, 1, 0, 0, 99, '', '2018-02-12 08:54:23', '2018-02-12 08:54:23'),
(1180, 585, 87, 1, 0, 0, 99, '', '2018-02-12 08:57:30', '2018-02-12 08:57:30'),
(1181, 547, 83, 1, 0, 0, 99, '', '2018-02-12 09:08:57', '2018-02-12 09:08:57'),
(1182, 557, 83, 1, 0, 0, 99, '', '2018-02-12 09:09:00', '2018-02-12 09:09:00'),
(1183, 552, 51, 1, 0, 0, 99, '', '2018-02-13 07:41:13', '2018-02-13 07:41:13'),
(1184, 585, 150, 1, 0, 0, 0, '', '2018-02-13 07:49:56', '2018-02-13 07:50:17'),
(1185, 593, 132, 1, 0, 0, 99, '', '2018-02-15 07:33:26', '2018-02-15 07:33:26'),
(1186, 583, 132, 1, 0, 0, 99, '', '2018-02-15 07:35:22', '2018-02-15 07:35:22'),
(1187, 547, 29, 1, 0, 0, 99, '', '2018-02-15 08:50:25', '2018-02-15 08:50:25'),
(1188, 593, 183, 1, 0, 0, 99, '', '2018-02-20 08:30:13', '2018-02-20 08:30:13'),
(1189, 547, 92, 1, 0, 0, 99, '', '2018-02-21 03:30:36', '2018-02-21 03:30:36'),
(1190, 593, 58, 1, 0, 0, 99, '', '2018-02-21 04:44:27', '2018-02-21 04:44:27'),
(1191, 573, 132, 1, 0, 0, 99, '', '2018-02-23 09:28:54', '2018-02-23 09:28:54'),
(1192, 572, 132, 1, 0, 0, 0, '', '2018-02-23 09:30:36', '2018-02-27 05:57:27'),
(1193, 596, 132, 1, 0, 0, 99, '', '2018-02-23 09:33:06', '2018-02-23 09:33:06'),
(1194, 498, 136, 1, 0, 0, 99, '', '2018-02-26 07:52:07', '2018-02-26 07:52:11'),
(1195, 547, 136, 1, 0, 0, 99, '', '2018-02-26 07:53:43', '2018-02-26 07:53:43'),
(1196, 597, 136, 1, 0, 0, 99, '', '2018-02-26 07:53:55', '2018-02-26 07:53:55'),
(1197, 598, 155, 1, 0, 0, 99, '', '2018-02-27 23:34:44', '2018-02-27 23:34:44'),
(1198, 599, 155, 1, 0, 0, 99, '', '2018-02-27 23:35:45', '2018-02-27 23:35:45'),
(1199, 598, 150, 1, 0, 0, 99, '', '2018-02-28 01:17:34', '2018-02-28 01:17:34'),
(1200, 579, 182, 1, 0, 0, 99, '', '2018-02-28 01:23:39', '2018-02-28 01:23:39'),
(1201, 498, 164, 1, 0, 0, 99, '', '2018-02-28 07:26:07', '2018-02-28 07:26:07'),
(1202, 600, 111, 1, 0, 0, 99, '', '2018-02-28 08:20:56', '2018-02-28 08:20:56'),
(1203, 608, 99, 1, 0, 0, 0, '', '2018-03-05 02:20:08', '2018-03-05 02:20:19'),
(1204, 606, 147, 1, 0, 0, 99, '', '2018-03-05 07:04:20', '2018-03-05 07:04:20'),
(1205, 547, 147, 1, 0, 0, 99, '', '2018-03-05 07:04:33', '2018-03-05 07:08:16'),
(1206, 610, 30, 0, 1, 99, 99, '', '2018-03-05 07:08:12', '0000-00-00 00:00:00'),
(1207, 610, 31, 0, 1, 99, 99, '', '2018-03-05 07:08:12', '0000-00-00 00:00:00'),
(1208, 610, 3, 0, 1, 99, 99, '', '2018-03-05 07:08:12', '0000-00-00 00:00:00'),
(1209, 610, 155, 0, 1, 99, 99, '', '2018-03-05 07:08:12', '0000-00-00 00:00:00'),
(1210, 611, 30, 0, 1, 99, 99, '', '2018-03-05 07:10:41', '0000-00-00 00:00:00'),
(1211, 611, 31, 0, 1, 99, 99, '', '2018-03-05 07:10:41', '0000-00-00 00:00:00'),
(1212, 611, 3, 0, 1, 99, 99, '', '2018-03-05 07:10:41', '0000-00-00 00:00:00'),
(1213, 611, 155, 0, 1, 99, 99, '', '2018-03-05 07:10:41', '0000-00-00 00:00:00'),
(1214, 612, 30, 0, 1, 99, 99, '', '2018-03-05 07:13:27', '0000-00-00 00:00:00'),
(1215, 612, 31, 0, 1, 99, 99, '', '2018-03-05 07:13:27', '0000-00-00 00:00:00'),
(1216, 612, 3, 0, 1, 99, 99, '', '2018-03-05 07:13:27', '0000-00-00 00:00:00'),
(1217, 612, 155, 0, 1, 99, 99, '', '2018-03-05 07:13:27', '0000-00-00 00:00:00'),
(1218, 613, 30, 0, 1, 99, 99, '', '2018-03-05 07:15:32', '0000-00-00 00:00:00'),
(1219, 613, 31, 0, 1, 99, 99, '', '2018-03-05 07:15:32', '0000-00-00 00:00:00'),
(1220, 613, 3, 0, 1, 99, 99, '', '2018-03-05 07:15:32', '0000-00-00 00:00:00'),
(1221, 613, 155, 0, 1, 99, 99, '', '2018-03-05 07:15:32', '0000-00-00 00:00:00'),
(1222, 614, 30, 0, 1, 99, 99, '', '2018-03-05 07:17:05', '0000-00-00 00:00:00'),
(1223, 614, 31, 0, 1, 99, 99, '', '2018-03-05 07:17:05', '0000-00-00 00:00:00'),
(1224, 614, 3, 0, 1, 99, 99, '', '2018-03-05 07:17:05', '0000-00-00 00:00:00'),
(1225, 614, 155, 0, 1, 99, 99, '', '2018-03-05 07:17:05', '0000-00-00 00:00:00'),
(1226, 615, 30, 0, 1, 99, 99, '', '2018-03-05 07:20:08', '0000-00-00 00:00:00'),
(1227, 615, 31, 0, 1, 99, 99, '', '2018-03-05 07:20:08', '0000-00-00 00:00:00'),
(1228, 615, 3, 0, 1, 99, 99, '', '2018-03-05 07:20:08', '0000-00-00 00:00:00'),
(1229, 615, 155, 0, 1, 99, 99, '', '2018-03-05 07:20:08', '0000-00-00 00:00:00'),
(1230, 598, 132, 1, 0, 0, 99, '', '2018-03-05 08:08:51', '2018-03-05 08:08:51'),
(1231, 607, 132, 1, 0, 0, 99, '', '2018-03-05 08:09:47', '2018-03-05 08:09:47'),
(1232, 611, 132, 1, 0, 0, 99, '', '2018-03-05 08:11:11', '2018-03-05 08:11:11'),
(1233, 622, 185, 1, 0, 0, 99, '', '2018-03-05 23:53:48', '2018-03-05 23:53:48'),
(1234, 622, 99, 1, 0, 0, 0, '', '2018-03-06 01:42:28', '2018-03-06 01:43:24'),
(1235, 623, 50, 0, 1, 99, 99, '', '2018-03-06 02:45:41', '0000-00-00 00:00:00'),
(1236, 623, 43, 0, 1, 99, 99, '', '2018-03-06 02:45:41', '0000-00-00 00:00:00'),
(1237, 623, 1, 0, 1, 99, 99, '', '2018-03-06 02:45:41', '0000-00-00 00:00:00'),
(1238, 623, 51, 1, 1, 99, 99, '', '2018-03-06 02:45:41', '2018-03-21 02:26:48'),
(1239, 623, 10, 0, 1, 99, 99, '', '2018-03-06 02:45:41', '0000-00-00 00:00:00'),
(1240, 623, 3, 0, 1, 99, 99, '', '2018-03-06 02:45:41', '0000-00-00 00:00:00'),
(1241, 623, 27, 1, 1, 99, 0, 'Still on maternity leave', '2018-03-06 02:45:41', '2018-03-06 06:47:04'),
(1242, 624, 50, 0, 1, 99, 99, '', '2018-03-06 02:49:18', '0000-00-00 00:00:00'),
(1243, 624, 43, 0, 1, 99, 99, '', '2018-03-06 02:49:18', '0000-00-00 00:00:00'),
(1244, 624, 1, 1, 1, 99, 99, '', '2018-03-06 02:49:18', '2018-03-06 07:56:51'),
(1245, 624, 51, 1, 1, 99, 99, '', '2018-03-06 02:49:18', '2018-03-14 02:02:32'),
(1246, 624, 10, 0, 1, 99, 99, '', '2018-03-06 02:49:18', '0000-00-00 00:00:00'),
(1247, 624, 3, 0, 1, 99, 99, '', '2018-03-06 02:49:18', '0000-00-00 00:00:00'),
(1248, 624, 27, 1, 1, 99, 1, '', '2018-03-06 02:49:18', '2018-03-19 01:06:11'),
(1249, 624, 20, 1, 0, 0, 99, '', '2018-03-06 06:13:42', '2018-03-06 06:13:42'),
(1250, 498, 109, 1, 0, 0, 99, '', '2018-03-07 03:21:12', '2018-03-07 03:21:12'),
(1251, 606, 51, 1, 0, 0, 99, '', '2018-03-07 05:56:20', '2018-03-07 05:56:20'),
(1252, 606, 92, 1, 0, 0, 99, '', '2018-03-07 08:05:46', '2018-03-07 08:05:46'),
(1253, 547, 56, 1, 0, 0, 99, '', '2018-03-09 00:56:08', '2018-03-09 00:56:53'),
(1254, 629, 99, 1, 0, 0, 0, '', '2018-03-12 01:25:35', '2018-03-20 02:25:27'),
(1255, 606, 1, 1, 0, 0, 99, '', '2018-03-12 01:47:10', '2018-03-12 01:47:10'),
(1256, 622, 1, 1, 0, 0, 99, '', '2018-03-12 01:47:13', '2018-03-12 01:47:13'),
(1257, 498, 62, 1, 0, 0, 99, '', '2018-03-13 01:28:56', '2018-03-13 01:29:15'),
(1258, 598, 20, 1, 0, 0, 99, '', '2018-03-13 05:00:23', '2018-03-13 05:00:23'),
(1259, 498, 20, 1, 0, 0, 99, '', '2018-03-13 05:00:43', '2018-03-13 05:01:19'),
(1260, 602, 185, 1, 0, 0, 99, '', '2018-03-14 04:59:14', '2018-03-14 04:59:14'),
(1261, 609, 185, 1, 0, 0, 99, '', '2018-03-14 04:59:27', '2018-03-14 04:59:27'),
(1262, 606, 5, 1, 0, 0, 99, NULL, '2018-06-05 19:06:23', '2018-06-05 19:31:32'),
(1263, 36, 5, 1, 0, 0, 99, NULL, '2018-06-05 19:28:40', '2018-06-05 19:28:40'),
(1264, 552, 5, 1, 0, 0, 99, NULL, '2018-06-05 19:29:47', '2018-06-05 19:29:47'),
(1265, 469, 5, 1, 0, 0, 99, NULL, '2018-06-05 21:40:01', '2018-06-05 21:48:39'),
(1266, 498, 11, 1, 0, 0, 99, NULL, '2018-06-06 21:41:56', '2018-06-06 21:43:49');

-- --------------------------------------------------------

--
-- Table structure for table `t_groups`
--

CREATE TABLE `t_groups` (
  `group_id` int(10) UNSIGNED NOT NULL,
  `group_name` varchar(255) COLLATE utf8mb4_unicode_ci NOT NULL,
  `created_at` timestamp NULL DEFAULT NULL,
  `updated_at` timestamp NULL DEFAULT NULL
) ENGINE=InnoDB DEFAULT CHARSET=utf8mb4 COLLATE=utf8mb4_unicode_ci;

--
-- Dumping data for table `t_groups`
--

INSERT INTO `t_groups` (`group_id`, `group_name`, `created_at`, `updated_at`) VALUES
(1, 'Office of the Regional Director', '2016-08-15 07:56:03', NULL),
(2, 'Office of the Assistant Regional Director for TO', '2016-08-15 07:56:03', NULL),
(3, 'Office of the Assistant Regional Director for FAS', '2016-08-15 07:56:03', NULL),
(4, 'FAS - Accounting Unit', '2016-08-15 07:56:03', NULL),
(5, 'FAS - Budget Unit', '2016-08-15 07:56:03', NULL),
(6, 'FAS - Cashier Unit', '2016-08-15 07:56:03', NULL),
(7, 'FAS - Property Unit', '2016-08-15 07:56:03', NULL),
(8, 'FAS - HR Unit', '2016-08-15 07:56:03', NULL),
(9, 'TO - MIS Unit', '2016-08-15 07:56:03', NULL),
(10, 'TO - PARCU', '2016-08-15 07:56:03', NULL),
(11, 'TO - Planning Unit', '2016-08-15 07:56:03', NULL),
(12, 'TO - Food Safety Unit', '2016-08-15 07:56:03', NULL),
(13, 'TO - RSTL', '2016-08-15 07:56:03', NULL),
(14, 'TO - RML', '2016-08-15 07:56:03', NULL),
(15, 'TO - SETUP', '2016-08-15 07:56:03', NULL),
(16, 'TO - Scholarship Unit', '2016-08-15 07:56:03', NULL),
(17, 'Technical Operations', '2016-08-15 07:56:03', NULL),
(18, 'PSTC - Cavite', '2016-08-15 07:56:03', NULL),
(19, 'PSTC - Laguna', '2016-08-15 07:56:03', NULL),
(20, 'PSTC - Batangas', '2016-08-15 07:56:03', NULL),
(21, 'PSTC - Rizal', '2016-08-15 07:56:03', NULL),
(22, 'PSTC - Quezon', '2016-08-15 07:56:03', NULL),
(23, 'Permanent Staff', '2017-01-12 01:33:05', NULL),
(24, 'Provincial Directors', '2017-03-09 07:00:13', NULL);

-- --------------------------------------------------------

--
-- Table structure for table `t_group_members`
--

CREATE TABLE `t_group_members` (
  `gm_id` int(10) UNSIGNED NOT NULL,
  `group_id` int(10) UNSIGNED NOT NULL,
  `u_id` int(10) UNSIGNED NOT NULL,
  `created_at` timestamp NULL DEFAULT NULL,
  `updated_at` timestamp NULL DEFAULT NULL
) ENGINE=InnoDB DEFAULT CHARSET=utf8mb4 COLLATE=utf8mb4_unicode_ci;

--
-- Dumping data for table `t_group_members`
--

INSERT INTO `t_group_members` (`gm_id`, `group_id`, `u_id`, `created_at`, `updated_at`) VALUES
(1, 1, 2, '2016-08-22 03:39:21', '0000-00-00 00:00:00'),
(2, 1, 11, '2016-08-22 03:39:21', '0000-00-00 00:00:00'),
(3, 2, 3, '2016-08-22 03:39:30', '0000-00-00 00:00:00'),
(4, 3, 40, '2016-08-22 03:39:45', '0000-00-00 00:00:00'),
(5, 4, 20, '2016-08-22 03:40:20', '0000-00-00 00:00:00'),
(6, 4, 62, '2016-08-22 03:40:20', '0000-00-00 00:00:00'),
(8, 5, 36, '2016-08-22 03:40:28', '0000-00-00 00:00:00'),
(10, 6, 25, '2016-08-22 03:40:40', '0000-00-00 00:00:00'),
(11, 6, 78, '2016-08-22 03:40:40', '0000-00-00 00:00:00'),
(12, 7, 10, '2016-08-22 03:41:00', '0000-00-00 00:00:00'),
(13, 7, 37, '2016-08-22 03:41:00', '0000-00-00 00:00:00'),
(14, 7, 80, '2016-08-22 03:41:00', '0000-00-00 00:00:00'),
(15, 8, 35, '2016-08-22 03:41:12', '0000-00-00 00:00:00'),
(16, 8, 90, '2016-08-22 03:41:12', '0000-00-00 00:00:00'),
(17, 9, 1, '2016-08-22 03:41:30', '0000-00-00 00:00:00'),
(19, 9, 73, '2016-08-22 03:41:30', '0000-00-00 00:00:00'),
(20, 9, 74, '2016-08-22 03:41:30', '0000-00-00 00:00:00'),
(21, 9, 83, '2016-08-22 03:41:30', '0000-00-00 00:00:00'),
(22, 9, 5, '2016-08-22 03:41:30', '0000-00-00 00:00:00'),
(25, 10, 82, '2016-08-22 03:41:43', '0000-00-00 00:00:00'),
(26, 11, 28, '2016-08-22 03:41:57', '0000-00-00 00:00:00'),
(27, 11, 65, '2016-08-22 03:41:57', '0000-00-00 00:00:00'),
(28, 12, 27, '2016-08-22 03:42:10', '0000-00-00 00:00:00'),
(29, 12, 92, '2016-08-22 03:42:10', '0000-00-00 00:00:00'),
(30, 13, 44, '2016-08-22 03:43:16', '0000-00-00 00:00:00'),
(31, 13, 51, '2016-08-22 03:43:16', '0000-00-00 00:00:00'),
(32, 13, 55, '2016-08-22 03:43:16', '0000-00-00 00:00:00'),
(33, 13, 61, '2016-08-22 03:43:16', '0000-00-00 00:00:00'),
(35, 13, 86, '2016-08-22 03:43:16', '0000-00-00 00:00:00'),
(36, 13, 103, '2016-08-22 03:43:16', '0000-00-00 00:00:00'),
(37, 13, 135, '2016-08-22 03:43:16', '0000-00-00 00:00:00'),
(38, 13, 134, '2016-08-22 03:43:16', '0000-00-00 00:00:00'),
(39, 13, 138, '2016-08-22 03:43:16', '0000-00-00 00:00:00'),
(40, 14, 63, '2016-08-22 03:44:03', '0000-00-00 00:00:00'),
(41, 14, 75, '2016-08-22 03:44:03', '0000-00-00 00:00:00'),
(43, 14, 77, '2016-08-22 03:44:03', '0000-00-00 00:00:00'),
(44, 14, 140, '2016-08-22 03:44:03', '0000-00-00 00:00:00'),
(45, 13, 87, '2016-08-22 03:44:21', '0000-00-00 00:00:00'),
(47, 15, 50, '2016-08-22 03:44:42', '0000-00-00 00:00:00'),
(48, 15, 71, '2016-08-22 03:44:42', '0000-00-00 00:00:00'),
(49, 15, 79, '2016-08-22 03:44:42', '0000-00-00 00:00:00'),
(51, 16, 30, '2016-08-22 03:45:04', '0000-00-00 00:00:00'),
(52, 16, 31, '2016-08-22 03:45:04', '0000-00-00 00:00:00'),
(54, 17, 66, '2016-08-22 03:45:16', '0000-00-00 00:00:00'),
(57, 18, 53, '2016-08-22 03:46:09', '0000-00-00 00:00:00'),
(58, 18, 54, '2016-08-22 03:46:09', '0000-00-00 00:00:00'),
(59, 18, 98, '2016-08-22 03:46:09', '0000-00-00 00:00:00'),
(60, 18, 99, '2016-08-22 03:46:09', '0000-00-00 00:00:00'),
(61, 18, 100, '2016-08-22 03:46:09', '0000-00-00 00:00:00'),
(62, 18, 101, '2016-08-22 03:46:09', '0000-00-00 00:00:00'),
(63, 18, 102, '2016-08-22 03:46:09', '0000-00-00 00:00:00'),
(64, 18, 117, '2016-08-22 03:46:09', '0000-00-00 00:00:00'),
(65, 18, 132, '2016-08-22 03:46:09', '0000-00-00 00:00:00'),
(66, 19, 48, '2016-08-22 03:48:28', '0000-00-00 00:00:00'),
(67, 19, 91, '2016-08-22 03:48:28', '0000-00-00 00:00:00'),
(68, 19, 104, '2016-08-22 03:48:28', '0000-00-00 00:00:00'),
(69, 19, 105, '2016-08-22 03:48:28', '0000-00-00 00:00:00'),
(71, 20, 21, '2016-08-22 03:51:01', '0000-00-00 00:00:00'),
(72, 20, 52, '2016-08-22 03:51:01', '0000-00-00 00:00:00'),
(73, 20, 58, '2016-08-22 03:51:01', '0000-00-00 00:00:00'),
(74, 20, 59, '2016-08-22 03:51:01', '0000-00-00 00:00:00'),
(75, 20, 107, '2016-08-22 03:51:01', '0000-00-00 00:00:00'),
(77, 20, 109, '2016-08-22 03:51:01', '0000-00-00 00:00:00'),
(78, 20, 129, '2016-08-22 03:51:01', '0000-00-00 00:00:00'),
(79, 20, 139, '2016-08-22 03:51:01', '0000-00-00 00:00:00'),
(80, 21, 49, '2016-08-22 03:51:28', '0000-00-00 00:00:00'),
(81, 21, 56, '2016-08-22 03:51:28', '0000-00-00 00:00:00'),
(83, 21, 111, '2016-08-22 03:51:28', '0000-00-00 00:00:00'),
(84, 22, 57, '2016-08-22 03:52:06', '0000-00-00 00:00:00'),
(85, 22, 60, '2016-08-22 03:52:06', '0000-00-00 00:00:00'),
(86, 22, 114, '2016-08-22 03:52:06', '0000-00-00 00:00:00'),
(87, 22, 115, '2016-08-22 03:52:06', '0000-00-00 00:00:00'),
(90, 22, 131, '2016-08-22 03:52:06', '0000-00-00 00:00:00'),
(91, 23, 1, '2017-01-12 01:34:59', '0000-00-00 00:00:00'),
(92, 23, 2, '2017-01-12 01:34:59', '0000-00-00 00:00:00'),
(93, 23, 3, '2017-01-12 01:34:59', '0000-00-00 00:00:00'),
(94, 23, 10, '2017-01-12 01:34:59', '0000-00-00 00:00:00'),
(95, 23, 11, '2017-01-12 01:34:59', '0000-00-00 00:00:00'),
(96, 23, 20, '2017-01-12 01:34:59', '0000-00-00 00:00:00'),
(97, 23, 21, '2017-01-12 01:34:59', '0000-00-00 00:00:00'),
(98, 23, 24, '2017-01-12 01:34:59', '0000-00-00 00:00:00'),
(99, 23, 25, '2017-01-12 01:34:59', '0000-00-00 00:00:00'),
(100, 23, 27, '2017-01-12 01:34:59', '0000-00-00 00:00:00'),
(101, 23, 28, '2017-01-12 01:34:59', '0000-00-00 00:00:00'),
(102, 23, 35, '2017-01-12 01:34:59', '0000-00-00 00:00:00'),
(103, 23, 36, '2017-01-12 01:34:59', '0000-00-00 00:00:00'),
(104, 23, 37, '2017-01-12 01:34:59', '0000-00-00 00:00:00'),
(105, 23, 40, '2017-01-12 01:34:59', '0000-00-00 00:00:00'),
(106, 23, 43, '2017-01-12 01:34:59', '0000-00-00 00:00:00'),
(107, 23, 44, '2017-01-12 01:34:59', '0000-00-00 00:00:00'),
(108, 23, 48, '2017-01-12 01:34:59', '0000-00-00 00:00:00'),
(109, 23, 49, '2017-01-12 01:34:59', '0000-00-00 00:00:00'),
(110, 23, 50, '2017-01-12 01:34:59', '0000-00-00 00:00:00'),
(111, 23, 51, '2017-01-12 01:34:59', '0000-00-00 00:00:00'),
(112, 23, 52, '2017-01-12 01:34:59', '0000-00-00 00:00:00'),
(113, 23, 53, '2017-01-12 01:34:59', '0000-00-00 00:00:00'),
(114, 23, 54, '2017-01-12 01:34:59', '0000-00-00 00:00:00'),
(115, 23, 55, '2017-01-12 01:34:59', '0000-00-00 00:00:00'),
(116, 23, 56, '2017-01-12 01:34:59', '0000-00-00 00:00:00'),
(117, 23, 57, '2017-01-12 01:34:59', '0000-00-00 00:00:00'),
(118, 23, 58, '2017-01-12 01:34:59', '0000-00-00 00:00:00'),
(119, 23, 59, '2017-01-12 01:34:59', '0000-00-00 00:00:00'),
(120, 23, 60, '2017-01-12 01:34:59', '0000-00-00 00:00:00'),
(121, 23, 61, '2017-01-12 01:34:59', '0000-00-00 00:00:00'),
(122, 23, 62, '2017-01-12 01:34:59', '0000-00-00 00:00:00'),
(123, 23, 63, '2017-01-12 01:34:59', '0000-00-00 00:00:00'),
(124, 23, 75, '2017-01-12 01:34:59', '0000-00-00 00:00:00'),
(125, 23, 91, '2017-01-12 01:34:59', '0000-00-00 00:00:00'),
(126, 23, 129, '2017-01-12 01:34:59', '0000-00-00 00:00:00'),
(127, 23, 130, '2017-01-12 01:34:59', '0000-00-00 00:00:00'),
(128, 23, 131, '2017-01-12 01:34:59', '0000-00-00 00:00:00'),
(129, 23, 132, '2017-01-12 01:34:59', '0000-00-00 00:00:00'),
(132, 4, 153, '2017-03-06 07:01:14', '0000-00-00 00:00:00'),
(133, 4, 146, '2017-03-06 07:01:14', '0000-00-00 00:00:00'),
(134, 9, 150, '2017-03-06 07:02:28', '0000-00-00 00:00:00'),
(135, 16, 147, '2017-03-06 07:03:02', '0000-00-00 00:00:00'),
(136, 8, 151, '2017-03-06 07:04:49', '0000-00-00 00:00:00'),
(137, 15, 88, '2017-03-06 07:33:07', '0000-00-00 00:00:00'),
(138, 17, 29, '2017-03-06 07:33:34', '0000-00-00 00:00:00'),
(139, 17, 43, '2017-03-06 07:33:34', '0000-00-00 00:00:00'),
(140, 17, 24, '2017-03-06 07:33:50', '0000-00-00 00:00:00'),
(141, 24, 48, '2017-03-09 07:00:44', '0000-00-00 00:00:00'),
(142, 24, 49, '2017-03-09 07:00:44', '0000-00-00 00:00:00'),
(143, 24, 53, '2017-03-09 07:00:44', '0000-00-00 00:00:00'),
(144, 24, 57, '2017-03-09 07:00:44', '0000-00-00 00:00:00'),
(145, 24, 59, '2017-03-09 07:00:44', '0000-00-00 00:00:00'),
(148, 15, 162, '2017-06-15 00:29:10', '0000-00-00 00:00:00'),
(149, 7, 163, '2017-06-15 00:29:20', '0000-00-00 00:00:00'),
(150, 7, 164, '2017-06-15 00:49:21', '0000-00-00 00:00:00'),
(151, 21, 165, '2017-07-25 01:38:46', '0000-00-00 00:00:00'),
(152, 21, 166, '2017-07-25 01:42:45', '0000-00-00 00:00:00'),
(153, 21, 144, '2017-07-25 01:52:25', '0000-00-00 00:00:00'),
(154, 20, 168, '2017-08-15 01:26:34', '0000-00-00 00:00:00'),
(155, 15, 164, '2017-08-17 05:43:28', '0000-00-00 00:00:00'),
(156, 22, 170, '2017-09-11 04:33:20', '0000-00-00 00:00:00'),
(157, 20, 171, '2017-09-22 03:33:24', '0000-00-00 00:00:00'),
(158, 20, 172, '2017-09-22 03:35:16', '0000-00-00 00:00:00'),
(159, 4, 173, '2017-10-02 01:40:18', '0000-00-00 00:00:00'),
(160, 19, 174, '2017-11-16 01:38:26', '0000-00-00 00:00:00'),
(161, 22, 143, '2017-11-17 07:32:35', '0000-00-00 00:00:00'),
(162, 22, 117, '2017-11-17 07:33:09', '0000-00-00 00:00:00'),
(163, 5, 175, '2017-12-19 00:43:42', '0000-00-00 00:00:00'),
(164, 19, 177, '2018-01-11 07:02:36', '0000-00-00 00:00:00'),
(165, 13, 178, '2018-01-17 08:27:59', '0000-00-00 00:00:00'),
(166, 13, 179, '2018-01-17 08:28:48', '0000-00-00 00:00:00'),
(167, 13, 180, '2018-01-17 08:29:25', '0000-00-00 00:00:00'),
(168, 17, 181, '2018-01-25 07:55:52', '0000-00-00 00:00:00'),
(169, 17, 182, '2018-01-25 07:56:50', '0000-00-00 00:00:00'),
(170, 10, 183, '2018-02-14 02:08:41', '0000-00-00 00:00:00'),
(171, 10, 184, '2018-02-14 02:09:26', '0000-00-00 00:00:00'),
(172, 11, 185, '2018-03-05 05:46:25', '0000-00-00 00:00:00'),
(173, 1, 186, '2018-03-12 06:14:57', '0000-00-00 00:00:00');

-- --------------------------------------------------------

--
-- Table structure for table `t_meetings`
--

CREATE TABLE `t_meetings` (
  `m_id` int(10) UNSIGNED NOT NULL,
  `m_startdate` date DEFAULT NULL,
  `m_enddate` date DEFAULT NULL,
  `m_starttime` varchar(15) COLLATE utf8mb4_unicode_ci NOT NULL,
  `m_endtime` varchar(15) COLLATE utf8mb4_unicode_ci NOT NULL,
  `m_tstartdate` date DEFAULT NULL,
  `m_tenddate` date DEFAULT NULL,
  `m_tstarttime` varchar(15) COLLATE utf8mb4_unicode_ci DEFAULT NULL,
  `m_tendtime` varchar(15) COLLATE utf8mb4_unicode_ci DEFAULT NULL,
  `m_purpose` text COLLATE utf8mb4_unicode_ci,
  `m_destination` text COLLATE utf8mb4_unicode_ci,
  `m_others` text COLLATE utf8mb4_unicode_ci,
  `m_encodedby` int(10) UNSIGNED NOT NULL,
  `m_status` varchar(255) COLLATE utf8mb4_unicode_ci NOT NULL DEFAULT 'Pending',
  `m_reason` text COLLATE utf8mb4_unicode_ci,
  `m_datechecked` date DEFAULT NULL,
  `m_postponedby` int(11) DEFAULT '0',
  `m_stat` tinyint(4) NOT NULL DEFAULT '0',
  `created_at` timestamp NULL DEFAULT NULL,
  `updated_at` timestamp NULL DEFAULT NULL
) ENGINE=InnoDB DEFAULT CHARSET=utf8mb4 COLLATE=utf8mb4_unicode_ci;

--
-- Dumping data for table `t_meetings`
--

INSERT INTO `t_meetings` (`m_id`, `m_startdate`, `m_enddate`, `m_starttime`, `m_endtime`, `m_tstartdate`, `m_tenddate`, `m_tstarttime`, `m_tendtime`, `m_purpose`, `m_destination`, `m_others`, `m_encodedby`, `m_status`, `m_reason`, `m_datechecked`, `m_postponedby`, `m_stat`, `created_at`, `updated_at`) VALUES
(1, '2017-01-20', '2017-01-20', '10:00 AM', '', '0000-00-00', '0000-00-00', NULL, NULL, '1) SCS-AIL Meeting - 10:00AM at 3rd Flr Ortigas Technopoint Inc. Bldg., Doña JUlia Vargas Avenue, Ortigas Center, Pasig City\r\n2) RxBox meeting - 3:00PM at PCHRD Bicutan\r\n\r\n\r\n', NULL, '', 2, 'Approved', NULL, '0000-00-00', NULL, 0, '2017-01-20 01:46:58', '0000-00-00 00:00:00'),
(3, '2017-02-23', '2017-02-23', '4:00 PM', '', '0000-00-00', '0000-00-00', NULL, NULL, 'Closing Meeting - Reassessment Audit', '', 'CIP Auditors, Execom, SLs, JLs, Process Owners, PSTC', 1, 'Approved', NULL, '2017-01-27', NULL, 0, '2017-01-23 03:37:42', '0000-00-00 00:00:00'),
(4, '2017-01-23', '2017-01-23', '10:00 AM', '', '0000-00-00', '0000-00-00', NULL, NULL, 'Meeting re: Da Vinci Project with URS', 'Bonifacio Global City, Taguig', 'Fernando E. Ablaza\r\nNiña Sherylle S. Giron', 2, 'Approved', NULL, '0000-00-00', NULL, 0, '2017-01-23 08:18:45', '0000-00-00 00:00:00'),
(5, '2017-01-24', '2017-01-24', '8:30 AM', '', '0000-00-00', '0000-00-00', NULL, NULL, 'Attend HALAL Program Planning', 'PCIEERD-DOST Bicutan', '', 2, 'Approved', NULL, '0000-00-00', NULL, 0, '2017-01-23 08:46:57', '0000-00-00 00:00:00'),
(6, '2017-01-25', '2017-01-25', '8:30 AM', '', '0000-00-00', '0000-00-00', NULL, NULL, 'Attend HALAL Program Planning', 'PCIEERD-DOST Bicutan', '', 2, 'Approved', NULL, '0000-00-00', NULL, 0, '2017-01-23 08:48:13', '0000-00-00 00:00:00'),
(7, '2017-01-26', '2017-01-26', '9:00 AM', '', '0000-00-00', '0000-00-00', NULL, NULL, 'Attend Food Safety Planning & Meeting', 'DOST Bicutan', '', 2, 'Approved', NULL, '0000-00-00', NULL, 0, '2017-01-23 08:49:56', '0000-00-00 00:00:00'),
(8, '2017-01-27', '2017-01-27', '9:00 AM', '', '0000-00-00', '0000-00-00', NULL, NULL, 'Attend Food safety Planning & Meeting', 'DOST Bicutan', '', 2, 'Approved', NULL, '0000-00-00', NULL, 0, '2017-01-23 08:51:37', '0000-00-00 00:00:00'),
(9, '2017-01-31', '2017-01-31', '9:00 AM', '', '0000-00-00', '0000-00-00', NULL, NULL, ' RSTL Management Review\r\n\r\nRML Management Review', 'DOST IV-A, Los Baños, Laguna', '', 2, 'Approved', NULL, '0000-00-00', NULL, 0, '2017-01-23 08:53:23', '0000-00-00 00:00:00'),
(10, '2017-02-01', '2017-02-01', '5:00 AM', '', '0000-00-00', '0000-00-00', NULL, NULL, 'LSPU Strategic Planning Workshop', '', '', 2, 'Approved', NULL, '0000-00-00', NULL, 0, '2017-01-23 09:24:03', '0000-00-00 00:00:00'),
(11, '2017-01-27', '2017-01-27', '11:00 AM', '', '0000-00-00', '0000-00-00', NULL, NULL, 'Act as Plenary Speaker \"Rich Batangas', '', '', 2, 'Approved', NULL, '0000-00-00', NULL, 0, '2017-01-23 09:25:21', '0000-00-00 00:00:00'),
(12, '2017-01-27', '2017-01-27', '8:00 AM', '', '0000-00-00', '0000-00-00', NULL, NULL, 'Attend Batangas Development Summit 2017 as Plenary Speaker', 'Lima Park, Malvar Batangas', '', 2, 'Approved', NULL, '0000-00-00', NULL, 0, '2017-01-24 00:03:14', '0000-00-00 00:00:00'),
(13, '2017-02-01', '2017-02-01', '8:00 AM', '', '0000-00-00', '0000-00-00', NULL, NULL, 'Makapuno Workshop on Policy Guidelines\r\n\r\nMeeting with Dr. Rillo on Makapuno R&D Center\r\n', 'DOST IV-A Los Baños, Laguna', '', 2, 'Approved', NULL, '0000-00-00', NULL, 0, '2017-01-24 00:07:01', '0000-00-00 00:00:00'),
(14, '2017-02-02', '2017-02-02', '8:00 AM', '', '0000-00-00', '0000-00-00', NULL, NULL, 'RDC Technical Budget Review\r\n\r\nNAST Policy Forum at Hotel Jen, 9:00am\r\n', 'Roxas Blvd & NEDA IV-A, Calamba City', '', 2, 'Approved', NULL, '0000-00-00', NULL, 0, '2017-01-24 00:09:16', '0000-00-00 00:00:00'),
(15, '2017-02-03', '2017-02-03', '8:00 AM', '', '0000-00-00', '0000-00-00', NULL, NULL, 'RDC Technical Budget Review', 'NEDA IV-A Calamba City', '', 2, 'Approved', NULL, '0000-00-00', NULL, 0, '2017-01-24 00:10:04', '0000-00-00 00:00:00'),
(16, '2017-02-07', '2017-02-07', '8:00 AM', '', '0000-00-00', '0000-00-00', NULL, NULL, '2st RxBox Regional Management Team meeting\r\n', 'DOST IV-A, Los Baños, Laguna', '', 2, 'Approved', NULL, '0000-00-00', NULL, 0, '2017-01-24 00:11:14', '0000-00-00 00:00:00'),
(17, '2017-02-08', '2017-02-08', '9:00 AM', '', '0000-00-00', '0000-00-00', NULL, NULL, 'DOST-GIA Execom meeting', 'DOST Bicutan', '', 2, 'Approved', NULL, '0000-00-00', NULL, 0, '2017-01-24 00:11:52', '0000-00-00 00:00:00'),
(18, '2017-02-09', '2017-02-09', '9:00 AM', '', '0000-00-00', '0000-00-00', NULL, NULL, 'SCED Meeting', 'NEDA IV-A Calamba City', '', 2, 'Approved', NULL, '0000-00-00', NULL, 0, '2017-01-24 00:13:05', '0000-00-00 00:00:00'),
(19, '2017-02-10', '2017-02-10', '8:00 AM', '', '0000-00-00', '0000-00-00', NULL, NULL, 'CWWTL Management Review - Cavite ', 'DOST-PSTC Cavite', '', 2, 'Canceled', 'Cancel due to conflict on the schedule of Engr. Castañeda & Staff new schedule is on January 31, 2017, 8:00am at DOST IV-A Conference Room', '2017-01-27', NULL, 0, '2017-01-24 00:16:30', '0000-00-00 00:00:00'),
(20, '2017-02-15', '2017-02-15', '8:30 AM', '', '0000-00-00', '0000-00-00', NULL, NULL, 'Batch 1 E. CEST Organizational meeting', 'DOST IV-A, Los Baños, Laguna', '', 2, 'Approved', NULL, '0000-00-00', NULL, 0, '2017-01-24 00:17:19', '0000-00-00 00:00:00'),
(21, '2017-02-20', '2017-02-20', '8:30 AM', '', '0000-00-00', '0000-00-00', NULL, NULL, 'Science for the People Roadshow & SETUP MSME Convention with Sec. FTP as Guest of Honor', 'DOST IV-A, Los Baños, Laguna', '', 2, 'Approved', NULL, '0000-00-00', NULL, 0, '2017-01-24 00:18:28', '0000-00-00 00:00:00'),
(22, '2017-02-17', '2017-02-17', '10:00 AM', '', '2017-02-17', '2017-02-17', '10:00 AM', NULL, 'Consultation Meeting of Mapua Institute of Technology (MIT) Projects', 'DOST IV-A, Los Baños, Laguna', 'MIT, DILG IV-A, OCD IV-A, LGU-Bacoor', 24, 'Approved', NULL, '2017-02-09', NULL, 0, '2017-01-26 08:05:38', '0000-00-00 00:00:00'),
(23, '2017-02-17', '2017-02-17', '1:00 PM', '', '2017-02-17', '2017-02-17', '1:00 PM', NULL, 'Consultation Meeting of Tsunami Early Warning System (TEWS)', 'DOST IV-A, Los Baños, Laguna', 'ASTI, BatStateU, DILG, OCD IV-A, PDRRMC (Quezon, Batangas & Cavite)', 24, 'Approved', NULL, '2017-02-09', NULL, 0, '2017-01-26 08:08:50', '0000-00-00 00:00:00'),
(24, '2017-01-30', '2017-01-30', '10:00 AM', '', '0000-00-00', '0000-00-00', NULL, NULL, 'Makapuno R&D Center Meeting', 'Crimson Hotel Alabang', '', 2, 'Approved', NULL, '0000-00-00', NULL, 0, '2017-01-27 01:55:40', '0000-00-00 00:00:00'),
(25, '2017-01-31', '2017-01-31', '8:00 AM', '', '0000-00-00', '0000-00-00', NULL, NULL, 'CWWTL Management Review', 'DOST IV-A, Los Baños, Laguna', '', 2, 'Approved', NULL, '0000-00-00', NULL, 0, '2017-01-27 01:58:06', '0000-00-00 00:00:00'),
(26, '2017-02-16', '2017-02-16', '1:30 PM', '', '0000-00-00', '0000-00-00', NULL, NULL, 'RxBox TWG meeting', 'DOST Bicutan', 'Janice Irene F. Berris\r\nJaymielyn Pua', 2, 'Canceled', 'Postponed', '2017-02-14', NULL, 0, '2017-01-27 02:44:52', '0000-00-00 00:00:00'),
(27, '2017-02-22', '2017-02-22', '8:00 AM', '', '0000-00-00', '0000-00-00', NULL, NULL, 'ISO 9001:2008 Opening Meeting DOST IV-A Reassessment Audit', 'DOST IV-A, Los Baños, Laguna', 'DOST IV-A Staff ', 2, 'Approved', NULL, '0000-00-00', NULL, 0, '2017-01-27 02:53:48', '0000-00-00 00:00:00'),
(28, '2017-02-07', '2017-02-07', '8:30 AM', '', '0000-00-00', '0000-00-00', NULL, NULL, 'DOST NAtional Food Safety Program - Project Leaders Meeting\r\n(DOST 4A is the HRD Group Leader)', 'PCIEERD-DOST Bicutan', 'Dr. Lydia Manguiat', 27, 'Canceled', '', '2017-02-09', NULL, 0, '2017-01-27 07:00:36', '0000-00-00 00:00:00'),
(29, '2017-02-04', '2017-02-04', '6:45 AM', '', '0000-00-00', '0000-00-00', NULL, NULL, 'Ad Hoc Meeting on the regional development of the BARAKO coffee', 'lipa City', 'Felina Malabanan', 2, 'Approved', NULL, '0000-00-00', NULL, 0, '2017-01-30 22:36:08', '0000-00-00 00:00:00'),
(30, '2017-03-31', '2017-03-31', '1:30 PM', '', '0000-00-00', '0000-00-00', NULL, NULL, 'LBSCFI 1st Quarter Steering Committee Meeting ', 'DOST IV-A, Los Baños, Laguna', '', 70, 'Approved', NULL, '2017-02-09', NULL, 0, '2017-01-31 01:09:29', '0000-00-00 00:00:00'),
(31, '2017-02-06', '2017-02-06', '8:00 AM', '', '0000-00-00', '0000-00-00', NULL, NULL, 'PRIME Level II Awarding', 'DOST IV-A, Los Baños, Laguna', '', 90, 'Canceled', 'Moved to another schedule ', '2017-02-03', NULL, 0, '2017-01-31 02:26:49', '0000-00-00 00:00:00'),
(32, '2017-01-31', '2017-01-31', '9:00 AM', '', '0000-00-00', '0000-00-00', NULL, NULL, 'CWWTL Management Review', 'DOST IV-A, Los Baños, Laguna', 'EPBagsit\r\nLSManguiat\r\nBLSoriano', 2, 'Approved', NULL, '0000-00-00', NULL, 0, '2017-01-31 03:22:35', '0000-00-00 00:00:00'),
(33, '2017-02-28', '2017-02-28', '9:00 AM', '', '0000-00-00', '0000-00-00', NULL, NULL, 'STCIERD Planning Workshop', 'DOST IV-A, Los Baños, Laguna', '', 2, 'Canceled', 'Conflict with RDs schedule, new schedule is on March 07, 2017', '2017-02-07', NULL, 0, '2017-01-31 03:51:43', '0000-00-00 00:00:00'),
(34, '2017-02-15', '2017-02-15', '9:00 AM', '', '0000-00-00', '0000-00-00', NULL, NULL, 'RICTC Meeting', 'NEDA IV-A Calamba City', '', 2, 'Approved', NULL, '0000-00-00', NULL, 0, '2017-01-31 03:57:19', '0000-00-00 00:00:00'),
(35, '2017-02-15', '2017-02-15', '9:00 AM', '', '0000-00-00', '0000-00-00', NULL, NULL, '2nd National R&D Conference', 'DOST Bicutan', '', 2, 'Approved', NULL, '0000-00-00', NULL, 0, '2017-01-31 03:58:49', '0000-00-00 00:00:00'),
(36, '2017-02-13', '2017-02-13', '10:00 AM', '', '0000-00-00', '0000-00-00', NULL, NULL, 'Alabat Island Makapuno meeting', 'DOST IV-A, Los Baños, Laguna', '', 2, 'Approved', NULL, '0000-00-00', NULL, 0, '2017-01-31 04:00:50', '0000-00-00 00:00:00'),
(38, '2017-03-03', '2017-03-03', '10:00 AM', '', '0000-00-00', '0000-00-00', NULL, NULL, 'Consultative Meeting Re: Mapua Institute of Technology (MIT) technologies (Crowd Point Sight and Smart Bridge)', 'DOST IV-A, Los Baños, Laguna', 'MIT, OCD, DILG', 24, 'Canceled', '', '2017-02-16', NULL, 0, '2017-02-02 08:34:44', '0000-00-00 00:00:00'),
(39, '2017-03-03', '2017-03-03', '1:00 PM', '', '0000-00-00', '0000-00-00', NULL, NULL, 'Consultative Meeting on the Installation of Tsunami Early Warning System (TEWS)', 'DOST IV-A, Los Baños, Laguna', 'OCD, DILG, ASTI, PhiVolcs, BatStateU, PDRRMC (Batangas, Quezon & Cavite)', 24, 'Canceled', '', '2017-02-16', NULL, 0, '2017-02-02 08:37:07', '0000-00-00 00:00:00'),
(40, '2017-02-07', '2017-02-07', '9:00 AM', '', '0000-00-00', '0000-00-00', NULL, NULL, 'STAARRDEC Strategic Planning Workshop', 'Rembrandt Hotel, Quezon City', '', 2, 'Approved', NULL, '0000-00-00', NULL, 0, '2017-02-07 04:59:59', '0000-00-00 00:00:00'),
(41, '2017-02-09', '2017-02-09', '3:00 PM', '', '0000-00-00', '0000-00-00', NULL, NULL, 'Resource speaker during DOH RICT meeting', 'DOH Quezon City', '', 2, 'Approved', NULL, '0000-00-00', NULL, 0, '2017-02-07 05:44:10', '0000-00-00 00:00:00'),
(42, '2017-02-27', '2017-02-27', '9:00 AM', '', '0000-00-00', '0000-00-00', NULL, NULL, 'OIC Meeting - 9:00AM\r\nTEWS meeting - 1:00PM', 'DOST IV-A Los Baños, Laguna', '', 2, 'Approved', NULL, '0000-00-00', NULL, 0, '2017-02-07 05:47:30', '0000-00-00 00:00:00'),
(43, '2017-02-15', '2017-02-15', '11:00 AM', '', '0000-00-00', '0000-00-00', NULL, NULL, 'Live Interview at DOST TV', 'DOSTv Studio, PAGASA, Diliman, Quezon City', '', 70, 'Approved', NULL, '2017-02-09', NULL, 0, '2017-02-09 08:16:26', '0000-00-00 00:00:00'),
(44, '2017-03-24', '2017-03-24', '8:30 AM', '', '0000-00-00', '0000-00-00', NULL, NULL, 'BOR Meetings of LSPU, URS and SLSU', 'LSPU, Sta Cruz, Laguna', '', 2, 'Approved', NULL, '0000-00-00', NULL, 0, '2017-02-09 15:28:39', '0000-00-00 00:00:00'),
(45, '2017-03-25', '2017-03-25', '8:30 AM', '', '0000-00-00', '0000-00-00', NULL, NULL, 'BOR Meetings of BatSu and CavSU', 'BatSU, Batangas City', '', 2, 'Approved', NULL, '0000-00-00', NULL, 0, '2017-02-09 15:30:09', '0000-00-00 00:00:00'),
(46, '2017-02-27', '2017-02-27', '9:00 AM', '', '0000-00-00', '0000-00-00', NULL, NULL, 'IOC Meeting', 'DOST IV-A, Los Baños, Laguna', '', 2, 'Canceled', '', '2017-02-16', NULL, 0, '2017-02-14 06:09:14', '0000-00-00 00:00:00'),
(47, '2017-03-06', '2017-03-06', '8:30 AM', '', '0000-00-00', '0000-00-00', NULL, NULL, '1st Organizational Meeting on E-CEST GIDA for Quezon Province (Polillo Group of Islands) ', 'Queen Margarette Hotel Main, Domoit Diversion Road, Lucena City', 'MSTO and Focal Persons of LGU Polillo, LGU Panukulan, LGU Patnanungan, LGU Burdeos, and LGU Jomalig, UPLB Practicum Students and Advisers', 65, 'Approved', NULL, '2017-03-05', NULL, 0, '2017-03-02 06:40:22', '0000-00-00 00:00:00'),
(48, '2017-03-06', '2017-03-06', '8:00 AM', '', '0000-00-00', '0000-00-00', NULL, NULL, 'Cluster Meeting with ROS', 'DOST Bicutan', '', 2, 'Approved', NULL, '0000-00-00', NULL, 0, '2017-03-05 08:55:51', '0000-00-00 00:00:00'),
(49, '2017-03-06', '2017-03-06', '1:00 PM', '', '0000-00-00', '0000-00-00', NULL, NULL, 'Tsunami early warning System Consultative Meeting', 'DOST IV-A, Los Baños, Laguna', 'Ms. Emy Bagsit\r\nEngr Francis barquilla\r\n', 2, 'Approved', NULL, '0000-00-00', NULL, 0, '2017-03-05 08:57:53', '0000-00-00 00:00:00'),
(50, '2017-03-07', '2017-03-07', '10:00 AM', '', '0000-00-00', '0000-00-00', NULL, NULL, 'URS SLSU BOR Finance Comm Meeting', 'NEDA 4A Calamba City', '', 2, 'Approved', NULL, '0000-00-00', NULL, 0, '2017-03-05 08:59:23', '0000-00-00 00:00:00'),
(51, '2017-03-10', '2017-03-10', '9:00 AM', '', '0000-00-00', '0000-00-00', NULL, NULL, 'TWG RxBox Meeting', 'DOST Bicutan', '', 2, 'Approved', NULL, '0000-00-00', NULL, 0, '2017-03-05 09:07:28', '0000-00-00 00:00:00'),
(52, '2017-03-09', '2017-03-09', '6:00 PM', '', '0000-00-00', '0000-00-00', NULL, NULL, 'Meeting with NYPInc Officials', 'Makati and Mandaluyong City', '', 2, 'Approved', NULL, '0000-00-00', NULL, 0, '2017-03-05 09:09:07', '0000-00-00 00:00:00'),
(53, '2017-03-08', '2017-03-08', '2:00 PM', '', '0000-00-00', '0000-00-00', NULL, NULL, 'Mini Budget Hearing Presentation Tier2', 'DOST Bicutan', 'Adel Florendo\r\nJanice Berris', 2, 'Approved', NULL, '0000-00-00', NULL, 0, '2017-03-06 09:04:33', '0000-00-00 00:00:00'),
(54, '2017-03-13', '2017-03-13', '3:00 PM', '', '0000-00-00', '0000-00-00', NULL, NULL, 'Bat SU Finance Meeting', 'NEDA IV-A Calamba City', '', 2, 'Approved', NULL, '0000-00-00', NULL, 0, '2017-03-06 09:05:41', '0000-00-00 00:00:00'),
(55, '2017-03-15', '2017-03-15', '9:00 AM', '', '0000-00-00', '0000-00-00', NULL, NULL, 'STCIERD Meeting', 'DOST IV-A, Los Baños, Laguna', '', 2, 'Approved', NULL, '0000-00-00', NULL, 0, '2017-03-06 09:06:29', '0000-00-00 00:00:00'),
(56, '2017-03-16', '2017-03-16', '9:00 AM', '', '0000-00-00', '0000-00-00', NULL, NULL, 'GIA Execom Meeting', 'DOST Bicutan', '', 2, 'Approved', NULL, '0000-00-00', NULL, 0, '2017-03-06 09:07:12', '0000-00-00 00:00:00'),
(57, '2017-03-09', '2017-03-09', '9:00 AM', '', '0000-00-00', '0000-00-00', NULL, NULL, 'RDC Full Council meeting', 'Queen Margarette Hotel Main, Domoit Diversion Road, Lucena City', 'EPBagsit', 2, 'Approved', NULL, '0000-00-00', NULL, 0, '2017-03-09 06:07:55', '0000-00-00 00:00:00'),
(58, '2017-03-09', '2017-03-09', '10:30 AM', '', '0000-00-00', '0000-00-00', NULL, NULL, 'RxBox Emergency meeting', 'DOST Bicutan', 'Ms. Salie & Ms. Jaymie', 2, 'Approved', NULL, '0000-00-00', NULL, 0, '2017-03-09 06:09:10', '0000-00-00 00:00:00'),
(59, '2017-03-10', '2017-03-10', '10:00 AM', '', '0000-00-00', '0000-00-00', NULL, NULL, 'RxBox meeting at UP Manila', 'UP Manila', '', 2, 'Approved', NULL, '0000-00-00', NULL, 0, '2017-03-09 06:13:30', '0000-00-00 00:00:00'),
(60, '2017-03-10', '2017-03-10', '10:00 AM', '', '0000-00-00', '0000-00-00', NULL, NULL, 'Meeting with Asec. Gatchalian re: TRC asset', 'DOST Bicutan', '', 2, 'Approved', NULL, '0000-00-00', NULL, 0, '2017-03-10 06:05:41', '0000-00-00 00:00:00'),
(61, '2017-03-13', '2017-03-13', '9:00 AM', '', '0000-00-00', '0000-00-00', NULL, NULL, 'Discussion meeting on Harmonization of Food Safety Training after flag ceremony', 'DOST IV-A Los Baños, Laguna', '', 2, 'Approved', NULL, '0000-00-00', NULL, 0, '2017-03-10 06:16:55', '0000-00-00 00:00:00'),
(62, '2017-03-14', '2017-03-14', '10:30 AM', '', '0000-00-00', '0000-00-00', NULL, NULL, 'Meeting re: RxBox project', 'DOST IV-A, Los Baños, Laguna', 'Francis R. Barquilla, III\r\n', 2, 'Approved', NULL, '0000-00-00', NULL, 0, '2017-03-10 06:19:08', '0000-00-00 00:00:00'),
(63, '2017-03-14', '2017-03-14', '1:30 PM', '', '0000-00-00', '0000-00-00', NULL, NULL, 'DOST IV-A ManCom Meeting', 'DOST IV-A, Los Baños, Laguna', '\r\n\r\n', 2, 'Approved', NULL, '0000-00-00', NULL, 0, '2017-03-10 06:21:19', '0000-00-00 00:00:00'),
(64, '2017-03-14', '2017-03-14', '1:30 PM', '', '0000-00-00', '0000-00-00', NULL, NULL, 'DOST IV-A ManCom Meeting', 'DOST IV-A, Los Baños, Laguna', '\r\n\r\n', 2, 'Approved', NULL, '0000-00-00', NULL, 0, '2017-03-10 06:40:32', '0000-00-00 00:00:00'),
(65, '2017-03-15', '2017-03-15', '1:00 PM', '', '0000-00-00', '0000-00-00', NULL, NULL, 'OneLab pre-implementation meeting', 'PCIEERD-DOST Bicutan', '', 2, 'Approved', NULL, '0000-00-00', NULL, 0, '2017-03-10 06:42:13', '0000-00-00 00:00:00'),
(66, '2017-03-16', '2017-03-16', '8:00 AM', '', '0000-00-00', '0000-00-00', NULL, NULL, 'MIT Map Turnover at Bayleaf Hotel', 'Bayleaf Hotel', '', 2, 'Approved', NULL, '0000-00-00', NULL, 0, '2017-03-10 06:43:37', '0000-00-00 00:00:00'),
(67, '2017-03-16', '2017-03-16', '3:30 PM', '', '0000-00-00', '0000-00-00', NULL, NULL, 'SLSU Boar Finance Committee Meeting', 'NEDA IV-A Calamba City', '', 2, 'Approved', NULL, '0000-00-00', NULL, 0, '2017-03-10 06:44:23', '0000-00-00 00:00:00'),
(68, '2017-03-21', '2017-03-21', '6:00 AM', '', '0000-00-00', '0000-00-00', NULL, NULL, 'Attend Cacao Benchmarking activity in Davao March 21-23, 2017', 'Davao City', '', 2, 'Approved', NULL, '0000-00-00', NULL, 0, '2017-03-10 06:46:53', '0000-00-00 00:00:00'),
(69, '2017-03-22', '2017-03-22', '6:00 AM', '', '0000-00-00', '0000-00-00', NULL, NULL, 'Cacao Benchmarking activity to Davao ', 'Davao City', '', 2, 'Approved', NULL, '0000-00-00', NULL, 0, '2017-03-10 06:48:23', '0000-00-00 00:00:00'),
(70, '2017-03-23', '2017-03-23', '6:00 AM', '', '0000-00-00', '0000-00-00', NULL, NULL, 'Cacao Benchmarking activity in Davao ', 'Davao City', '', 2, 'Approved', NULL, '0000-00-00', NULL, 0, '2017-03-10 06:49:14', '0000-00-00 00:00:00'),
(71, '2017-03-23', '2017-03-23', '1:00 PM', '', '0000-00-00', '0000-00-00', NULL, NULL, 'YES Awarding', 'DOST IV-A, Los Baños, Laguna', '', 2, 'Approved', NULL, '0000-00-00', NULL, 0, '2017-03-10 06:51:00', '0000-00-00 00:00:00'),
(72, '2017-03-24', '2017-03-24', '9:00 AM', '', '0000-00-00', '0000-00-00', NULL, NULL, 'CavSU BOR meeting', 'LSPU, Sta Cruz, Laguna', '', 2, 'Approved', NULL, '0000-00-00', NULL, 0, '2017-03-10 06:53:36', '0000-00-00 00:00:00'),
(73, '2017-03-24', '2017-03-24', '2:00 PM', '', '0000-00-00', '0000-00-00', NULL, NULL, 'URS BOR meeting', 'LSPU, Sta Cruz, Laguna', '', 2, 'Approved', NULL, '0000-00-00', NULL, 0, '2017-03-10 06:54:28', '0000-00-00 00:00:00'),
(74, '2017-03-25', '2017-03-25', '1:00 PM', '', '0000-00-00', '0000-00-00', NULL, NULL, 'BatSU BOR meeting', 'BatSU, Batangas City', '', 2, 'Approved', NULL, '0000-00-00', NULL, 0, '2017-03-10 06:55:44', '0000-00-00 00:00:00'),
(75, '2017-03-28', '2017-03-28', '9:00 AM', '', '0000-00-00', '0000-00-00', NULL, NULL, 'Prevention and mitigation meeting', 'DOST IV-A, Los Baños, Laguna', '', 2, 'Canceled', 're schedule before full council RDRRMC', '2017-03-15', NULL, 0, '2017-03-10 06:56:57', '0000-00-00 00:00:00'),
(76, '2017-03-11', '2017-03-11', '9:00 AM', '', '0000-00-00', '0000-00-00', NULL, NULL, 'STRPC Invited to deliver a message and inspirational talk', 'Cavinti, Laguna', '', 2, 'Approved', NULL, '0000-00-00', NULL, 0, '2017-03-10 07:01:08', '0000-00-00 00:00:00'),
(77, '2017-04-26', '2017-04-26', '8:00 AM', '', '0000-00-00', '0000-00-00', NULL, NULL, '2017 PCAPI Convention Davao City\r\nApril 26-27, 2017 (Tentative) ', 'Davao City', '', 2, 'Approved', NULL, '0000-00-00', NULL, 0, '2017-03-13 03:00:07', '0000-00-00 00:00:00'),
(78, '2017-03-28', '2017-03-28', '9:00 AM', '', '0000-00-00', '0000-00-00', NULL, NULL, 'Seed Tech Research Meeting', 'PCARRD', 'Emy Bagsit', 2, 'Approved', NULL, '0000-00-00', NULL, 0, '2017-03-15 12:45:33', '0000-00-00 00:00:00'),
(79, '2017-03-29', '2017-03-29', '9:00 AM', '', '0000-00-00', '0000-00-00', NULL, NULL, 'NYP Food Safety Activities and Visit to millenium classrooms', 'Singapore', '', 2, 'Approved', NULL, '0000-00-00', NULL, 0, '2017-03-15 12:49:19', '0000-00-00 00:00:00'),
(80, '2017-03-30', '2017-03-30', '8:00 AM', '', '0000-00-00', '0000-00-00', NULL, NULL, 'NYP activities', 'Singapore', '', 2, 'Approved', NULL, '0000-00-00', NULL, 0, '2017-03-15 12:50:17', '0000-00-00 00:00:00'),
(81, '2017-03-31', '2017-03-31', '9:00 PM', '', '0000-00-00', '0000-00-00', NULL, NULL, 'NYP Activities', 'Singapore', '', 2, 'Approved', NULL, '0000-00-00', NULL, 0, '2017-03-15 12:51:02', '0000-00-00 00:00:00'),
(82, '2017-03-20', '2017-03-20', '9:00 AM', '', '0000-00-00', '0000-00-00', NULL, NULL, '1st Small Farms Conference', 'Searca UPLB', '', 2, 'Approved', NULL, '0000-00-00', NULL, 0, '2017-03-15 12:52:25', '0000-00-00 00:00:00'),
(83, '2017-04-05', '2017-04-05', '9:30 AM', '', '0000-00-00', '0000-00-00', NULL, NULL, 'Meeting with the UP Diliman team/consultants on Harmonization of Food Safety Training Modules for Food Manufacturing', 'DOST IV-A, Los Baños, Laguna', 'DZ Ulan', 27, 'Canceled', 'Just arriving from Thailand', '2017-03-23', NULL, 0, '2017-03-16 00:33:23', '0000-00-00 00:00:00'),
(84, '2017-04-24', '2017-04-24', '8:00 AM', '', '0000-00-00', '0000-00-00', NULL, NULL, 'Sir as per meeting yesterday there will be regular meeting of cluster heads, dates are fixed but no definite time yet', 'DOST PCIEERD', '', 43, 'Approved', NULL, '2017-03-23', NULL, 0, '2017-03-16 02:36:38', '0000-00-00 00:00:00'),
(85, '2017-06-30', '2017-06-30', '8:45 AM', '', '0000-00-00', '0000-00-00', NULL, NULL, 'Sir another scheduled meeting of cluster heads...no definite time yet po...may presentation po ng accomplishment ang cluster head po', 'PCIEERD-DOST Bicutan', '', 43, 'Approved', NULL, '2017-03-23', NULL, 0, '2017-03-16 02:44:10', '0000-00-00 00:00:00'),
(86, '2017-08-04', '2017-08-04', '8:45 AM', '', '0000-00-00', '0000-00-00', NULL, NULL, 'Sir cluster head meeting for the OneLab project po.....there will be deliberation/review of the 2018 budget proposal po', 'PCIEERD-DOST Bicutan', '', 43, 'Approved', NULL, '2017-03-23', NULL, 0, '2017-03-16 02:46:19', '0000-00-00 00:00:00'),
(87, '2017-03-20', '2017-03-20', '3:00 PM', '', '0000-00-00', '0000-00-00', NULL, NULL, 'DOE meeting re: MHP ', 'Bonifacio Global City, Taguig', '', 2, 'Approved', NULL, '0000-00-00', NULL, 0, '2017-03-17 05:47:02', '0000-00-00 00:00:00'),
(88, '2017-03-28', '2017-03-28', '10:00 AM', '', '0000-00-00', '0000-00-00', NULL, NULL, 'LBSCFI Meeting with the Education Sector', 'DOST IV-A, Los Baños, Laguna', '', 70, 'Approved', NULL, '2017-03-23', NULL, 0, '2017-03-22 03:10:22', '0000-00-00 00:00:00'),
(89, '2017-03-25', '2017-03-25', '11:00 AM', '', '0000-00-00', '0000-00-00', NULL, NULL, 'Special RDC meeting at Montemaria Pilgirmage & Conference Center', 'Brgy. Pagkilatan, Batangas City', '', 2, 'Approved', NULL, '0000-00-00', NULL, 0, '2017-03-23 05:40:18', '0000-00-00 00:00:00'),
(90, '2017-03-23', '2017-03-23', '9:00 AM', '', '0000-00-00', '0000-00-00', NULL, NULL, 'Prevention & mitigation meeting', 'David\'s Tea House, Calamba Laguna', '', 2, 'Approved', NULL, '0000-00-00', NULL, 0, '2017-03-23 05:42:03', '0000-00-00 00:00:00'),
(91, '2017-03-27', '2017-03-27', '1:30 PM', '', '0000-00-00', '0000-00-00', NULL, NULL, 'CFOSH 1st quarter meeting', 'DOST IV-A, Los Baños, Laguna', 'Mam Emy ok daw po kay Sir CFOSH meeting sa PM', 2, 'Approved', NULL, '0000-00-00', NULL, 0, '2017-03-23 05:43:55', '0000-00-00 00:00:00'),
(92, '2017-03-27', '2017-03-27', '9:00 AM', '', '0000-00-00', '0000-00-00', NULL, NULL, 'Resource speaker during the Conduct of Seminar on Dev of Business Excellence Strategy for DOST Reg Offices', 'DOST Bicutan', '', 2, 'Approved', NULL, '0000-00-00', NULL, 0, '2017-03-23 05:52:52', '0000-00-00 00:00:00'),
(93, '2017-03-28', '2017-03-28', '2:00 PM', '', '0000-00-00', '0000-00-00', NULL, NULL, 'Meeting WONDERAMA committee', 'DOST IV-A, Los Baños, Laguna', 'Sir JC ok daw po kay Sir sa morning ay Education Committee Sector Meeting sa PM ay Wonderama', 2, 'Approved', NULL, '0000-00-00', NULL, 0, '2017-03-23 05:54:26', '0000-00-00 00:00:00'),
(94, '2017-04-02', '2017-04-02', '6:00 AM', '', '0000-00-00', '0000-00-00', NULL, NULL, 'Resource Person to present the research programs, activities and projects of DOST IV-A during R&D collaboration of Batangas State University and RMUTT in Bangkok Thailand', 'RMUTT Bangkok, Thailand', '', 2, 'Approved', NULL, '0000-00-00', NULL, 0, '2017-03-23 05:58:24', '0000-00-00 00:00:00'),
(95, '2017-04-06', '2017-04-06', '6:00 AM', '', '0000-00-00', '0000-00-00', NULL, NULL, 'CESB Leaders Conclave resource person', 'Zamboanga City', '', 2, 'Approved', NULL, '0000-00-00', NULL, 0, '2017-03-23 06:01:12', '0000-00-00 00:00:00'),
(96, '2017-04-20', '2017-04-20', '9:00 AM', '', '0000-00-00', '0000-00-00', NULL, NULL, 'DOST-GIA Execom meeting', 'DOST Bicutan', '', 2, 'Canceled', 'date moved to Apr 24', '2017-04-16', NULL, 0, '2017-03-23 06:03:02', '0000-00-00 00:00:00'),
(97, '2017-04-07', '2017-04-07', '1:30 PM', '', '0000-00-00', '0000-00-00', NULL, NULL, 'LBSCFI Ways and means committee meeting', 'DOST IV-A, Los Baños, Laguna', '', 2, 'Approved', NULL, '0000-00-00', NULL, 0, '2017-04-07 06:52:28', '0000-00-00 00:00:00'),
(98, '2017-04-10', '2017-04-10', '7:00 AM', '', '0000-00-00', '0000-00-00', NULL, NULL, 'Travel to Alabat for TIF with DTI ', 'Alabat, Quezon', '', 2, 'Canceled', 'Other commitments', '2017-04-08', NULL, 0, '2017-04-07 06:53:55', '0000-00-00 00:00:00'),
(99, '2017-04-11', '2017-04-11', '8:00 AM', '', '0000-00-00', '0000-00-00', NULL, NULL, 'Alabat TIF with DTI', 'Alabat, Quezon', '', 2, 'Canceled', 'Meeting RBox, Info System', '2017-04-08', NULL, 0, '2017-04-07 06:54:51', '0000-00-00 00:00:00'),
(100, '2017-04-26', '2017-04-26', '8:00 AM', '', '0000-00-00', '0000-00-00', NULL, NULL, 'Presentation  of Community Needs Assessment to LGU Panukulan -- invited NGAs -DTI, DA, DAR, PCAARRD, DILG, IPB,UPLB CHE\r\n\r\nAPRIL 26-28,2017', 'Panukulan, Quezon', 'PD Ghirlie, ARD Lyds  invited NGAs -DTI, DA, DAR, PCAARRD, DILG, IPB,UPLB CHE', 28, 'Canceled', 'Speaker at the National Convention of PCAPI at DAvao City, committedd since January', '2017-04-08', NULL, 0, '2017-04-07 07:44:32', '0000-00-00 00:00:00'),
(101, '2017-05-03', '2017-05-03', '9:00 AM', '', '0000-00-00', '0000-00-00', NULL, NULL, 'Coffee RTWG', 'DTI Calamba', 'Felina Malabanan', 2, 'Approved', NULL, '0000-00-00', NULL, 0, '2017-04-08 11:46:08', '0000-00-00 00:00:00'),
(102, '2017-04-25', '2017-04-25', '8:00 PM', '', '0000-00-00', '0000-00-00', NULL, NULL, 'Verde Island USAID Meeting', 'Batangas Country Club Batangas City', 'Felina Malabanan', 2, 'Approved', NULL, '0000-00-00', NULL, 0, '2017-04-08 11:57:40', '0000-00-00 00:00:00'),
(103, '2017-04-18', '2017-04-18', '9:00 AM', '', '0000-00-00', '0000-00-00', NULL, NULL, 'Visit to PSHS Smart classroom, Samsung and Apple 21st century classroom', 'BGC Taguig and PSHS Quezon City', 'Janice Berris , Francis Barquilla', 2, 'Approved', NULL, '0000-00-00', NULL, 0, '2017-04-09 06:03:50', '0000-00-00 00:00:00'),
(104, '2017-04-27', '2017-04-27', '12:15 PM', '', '0000-00-00', '0000-00-00', NULL, NULL, 'Plane Travel back to LB', 'Davao City', '', 2, 'Approved', NULL, '0000-00-00', NULL, 0, '2017-04-09 06:05:49', '0000-00-00 00:00:00'),
(105, '2017-05-18', '2017-05-18', '9:00 AM', '', '0000-00-00', '0000-00-00', NULL, NULL, 'Meeting on the finalization of the Integrated Food Safety Program proposals @ FNRI Training Room.', 'PCIEERD-DOST Bicutan', '', 27, 'Approved', NULL, '2017-04-21', NULL, 0, '2017-04-12 02:20:26', '0000-00-00 00:00:00'),
(106, '2017-04-28', '2017-04-28', '4:00 PM', '', '0000-00-00', '0000-00-00', NULL, NULL, 'Closing remarks for the GMP Seminar (organized by DTI 4A).', 'Splash Mountain, Los Banos, Laguna', 'DOST FST CALABARZON', 27, 'Canceled', 'Rescheduled from April 27-28 to April 27 only.', '2017-04-21', NULL, 0, '2017-04-12 02:27:36', '0000-00-00 00:00:00'),
(107, '2017-04-19', '2017-04-19', '11:00 AM', '', '0000-00-00', '0000-00-00', NULL, NULL, 'RDC Executive Committee Meeting ', 'The Palms Country Club, Filinvest City, Alabang, Muntinlupa', '', 2, 'Approved', NULL, '0000-00-00', NULL, 0, '2017-04-12 02:57:57', '0000-00-00 00:00:00'),
(108, '2017-04-20', '2017-04-20', '9:00 AM', '', '0000-00-00', '0000-00-00', NULL, NULL, 'OCD-DIL-DOST meeting re: contract for infra audit manual', 'DOST IV-A, Los Baños, Laguna', '', 2, 'Approved', NULL, '0000-00-00', NULL, 0, '2017-04-12 02:59:59', '0000-00-00 00:00:00'),
(109, '2017-04-24', '2017-04-24', '9:00 AM', '', '0000-00-00', '0000-00-00', NULL, NULL, 'DOST-GIA Execom meeting', 'DOST Bicutan', '', 2, 'Approved', NULL, '0000-00-00', NULL, 0, '2017-04-12 03:00:54', '0000-00-00 00:00:00'),
(110, '2017-04-21', '2017-04-21', '9:00 AM', '', '0000-00-00', '0000-00-00', NULL, NULL, 'MOA Signing for LGU Mauban', 'LGU Mauban', '', 2, 'Approved', NULL, '0000-00-00', NULL, 0, '2017-04-12 03:02:36', '0000-00-00 00:00:00'),
(111, '2017-04-28', '2017-04-28', '9:00 AM', '', '0000-00-00', '0000-00-00', NULL, NULL, 'DOH-TWG meeting', 'DOH Manila', '', 2, 'Canceled', 'Postponed for April 28, 2018 Holiday in Manila moved to another schedule May 10, 2018 9am-12noon DOH Tayuman', '2017-04-25', NULL, 0, '2017-04-12 03:03:52', '0000-00-00 00:00:00'),
(112, '2017-05-02', '2017-05-02', '6:00 AM', '', '0000-00-00', '0000-00-00', NULL, NULL, 'Travel to Vietnam May 2-5, 2017', 'Out of the Country for Vietnam', '', 2, 'Approved', NULL, '0000-00-00', NULL, 0, '2017-04-12 03:12:17', '0000-00-00 00:00:00'),
(113, '2017-05-02', '2017-05-02', '6:00 AM', '', '0000-00-00', '0000-00-00', NULL, NULL, 'To attend as resource speaker ', 'Out of the Country for Vietnam', '', 2, 'Approved', NULL, '0000-00-00', NULL, 0, '2017-04-12 03:21:34', '0000-00-00 00:00:00'),
(114, '2017-04-17', '2017-04-17', '9:30 AM', '', '0000-00-00', '0000-00-00', NULL, NULL, 'Export Dev Council Planning meeting as instructed by SFTP and Usec BLNM', 'Thunderbird Resort , Binangonan, Rizal', '', 2, 'Approved', NULL, '0000-00-00', NULL, 0, '2017-04-16 06:06:20', '0000-00-00 00:00:00'),
(115, '2017-05-15', '2017-05-15', '8:00 AM', '', '0000-00-00', '0000-00-00', NULL, NULL, 'Luzon Regional Scientific Meeting', 'Camp John Hay Convention Center, Baguio City', 'DOST IV-A Working Committee:\r\nDr. Lydia S. Manguiat, Ms. Emelita P. Bagsit (Rapporteur), Jean Carla I. Yu, Quimby Mari R. Genota, Rochelle L. Cruz, Bianca R. Pantoja, Mariel Camposo', 67, 'Approved', NULL, '2017-04-21', NULL, 0, '2017-04-18 06:23:10', '0000-00-00 00:00:00'),
(116, '2017-04-24', '2017-04-24', '8:00 AM', '', '0000-00-00', '0000-00-00', NULL, NULL, 'Formal Signing of the Memorandum of Agreement for E-CEST GIDA for Quezon [Alabat, Atimonan, General Luna, Mauban, Guinayangan & Real]', 'GSP SLRO, Lucena City', 'Mayors, Vice Mayors and Municipal Accounts of 6 LGUs [Alabat, Atimonan, General Luna, Mauban, Guinayangan and Real]', 57, 'Canceled', 'DOST GIA ExeCom', '2017-04-21', NULL, 0, '2017-04-20 06:09:03', '0000-00-00 00:00:00'),
(117, '2017-04-27', '2017-04-27', '1:45 PM', '', '0000-00-00', '0000-00-00', NULL, NULL, 'STII Interview DAiry  Magdalena Laguna', 'MAgdalena Laguna', '', 2, 'Approved', NULL, '0000-00-00', NULL, 0, '2017-04-21 02:30:48', '0000-00-00 00:00:00'),
(118, '2017-04-28', '2017-04-28', '1:30 PM', '', '0000-00-00', '0000-00-00', NULL, NULL, 'Special Meeting on AOM', 'DOST IV-A, Los Baños, Laguna', '', 2, 'Approved', NULL, '0000-00-00', NULL, 0, '2017-04-21 02:31:29', '0000-00-00 00:00:00'),
(119, '2017-05-23', '2017-05-23', '8:00 AM', '', '0000-00-00', '0000-00-00', NULL, NULL, 'RDC RDIP PLanning Workshop', '', '', 2, 'Approved', NULL, '0000-00-00', NULL, 0, '2017-04-21 02:36:56', '0000-00-00 00:00:00'),
(120, '2017-05-12', '2017-05-12', '9:00 AM', '', '0000-00-00', '0000-00-00', NULL, NULL, 'Barako Coffee GI Patent and Standards (am)/ Creole Cacao GI Patent Meeting', 'DOST IV-A, Los Baños, Laguna', 'Felina Cabrera, Girlie Jawili, Emy Bagsit', 2, 'Approved', NULL, '0000-00-00', NULL, 0, '2017-04-21 02:59:58', '0000-00-00 00:00:00'),
(121, '2017-05-11', '2017-05-11', '9:00 AM', '', '0000-00-00', '0000-00-00', NULL, NULL, 'SCED Quarterly Meeting', '', '', 2, 'Approved', NULL, '0000-00-00', NULL, 0, '2017-04-21 10:15:38', '0000-00-00 00:00:00'),
(122, '2017-06-08', '2017-06-08', '8:30 AM', '', '0000-00-00', '0000-00-00', NULL, NULL, 'RDC Full Council Meeting', '', '', 2, 'Canceled', 'Change schedule from June 8 to June 7, 2017', '2017-05-23', NULL, 0, '2017-04-21 10:17:12', '0000-00-00 00:00:00'),
(123, '2017-05-10', '2017-05-10', '9:00 AM', '', '0000-00-00', '0000-00-00', NULL, NULL, 'RxBox 1000 TWG meeting 9am-12:00noon DOH Tayuman', 'DOH Quezon City', 'Janice Irene F. Berris\r\nJaymielyn S. Pua', 2, 'Approved', NULL, '0000-00-00', NULL, 0, '2017-04-25 00:14:11', '0000-00-00 00:00:00'),
(124, '2017-04-28', '2017-04-28', '9:00 AM', '', '0000-00-00', '0000-00-00', NULL, NULL, 'DOST IV-A Special ManCom Meeting - AM\r\n& Special meeting on AOM re: delayed submission of DVs -PM', 'DOST IV-A, Los Baños, Laguna', 'ALL PDs, LSManguiat, EPBagsit, BLSoriano, LFAggangan, FRBarquilla, JIFBerris, NHNabia, SMVelasco, ', 2, 'Approved', NULL, '0000-00-00', NULL, 0, '2017-04-25 00:23:26', '0000-00-00 00:00:00'),
(125, '2017-05-16', '2017-05-16', '6:30 PM', '', '0000-00-00', '0000-00-00', NULL, NULL, 'Travel time from Baguio', 'Baguio City', '', 2, 'Approved', NULL, '0000-00-00', NULL, 0, '2017-04-25 05:27:13', '0000-00-00 00:00:00'),
(126, '2017-06-14', '2017-06-14', '8:30 AM', '', '0000-00-00', '0000-00-00', NULL, NULL, 'Makapuno Summit', '', '', 2, 'Canceled', '', '2017-05-24', NULL, 0, '2017-04-25 05:29:25', '0000-00-00 00:00:00'),
(127, '2017-06-15', '2017-06-15', '5:00 PM', '', '0000-00-00', '0000-00-00', NULL, NULL, 'Makapuno Summit', '', '', 2, 'Canceled', '', '2017-05-24', NULL, 0, '2017-04-25 05:29:58', '0000-00-00 00:00:00'),
(128, '2017-05-08', '2017-05-08', '6:00 AM', '', '0000-00-00', '0000-00-00', NULL, NULL, 'CNAR Bordeos', 'Bordeos Island Quezon', '', 2, 'Approved', NULL, '0000-00-00', NULL, 0, '2017-04-25 05:55:01', '0000-00-00 00:00:00'),
(129, '2017-05-09', '2017-05-09', '12:00 PM', '', '0000-00-00', '0000-00-00', NULL, NULL, 'Travel fromBordeos- Real to LB', 'Tavel back to LB', '', 2, 'Approved', NULL, '0000-00-00', NULL, 0, '2017-04-25 05:58:56', '0000-00-00 00:00:00'),
(130, '2017-05-04', '2017-05-04', '10:00 PM', '', '0000-00-00', '0000-00-00', NULL, NULL, 'Convention', 'Thai Nguyen-HanoiVietnam', '', 2, 'Approved', NULL, '0000-00-00', NULL, 0, '2017-04-25 06:00:31', '0000-00-00 00:00:00'),
(131, '2017-05-05', '2017-05-05', '12:30 PM', '', '0000-00-00', '0000-00-00', NULL, NULL, 'Travel Back to LB', '', '', 2, 'Approved', NULL, '0000-00-00', NULL, 0, '2017-04-25 06:02:10', '0000-00-00 00:00:00'),
(132, '2017-05-05', '2017-05-05', '1:00 PM', '', '0000-00-00', '0000-00-00', NULL, NULL, 'infra and RDRRMO academy meeting', '', '', 2, 'Approved', NULL, '0000-00-00', NULL, 0, '2017-04-27 02:35:14', '0000-00-00 00:00:00'),
(133, '2017-05-11', '2017-05-11', '9:00 AM', '', '0000-00-00', '0000-00-00', NULL, NULL, 'GIA ExeCom', '', '', 2, 'Approved', NULL, '0000-00-00', NULL, 0, '2017-04-27 02:46:58', '0000-00-00 00:00:00'),
(134, '2017-07-05', '2017-07-05', '9:00 AM', '', '0000-00-00', '0000-00-00', NULL, NULL, 'Attend FPRDI invitation \"Fiesta sa Gubat\"', 'College, Los Baños, Laguna ', '', 2, 'Approved', NULL, '0000-00-00', NULL, 0, '2017-04-28 08:08:54', '0000-00-00 00:00:00'),
(135, '2017-07-12', '2017-07-12', '8:00 AM', '', '0000-00-00', '0000-00-00', NULL, NULL, 'Attend NAST 39th Annual Scientific Meeting (Tentative) with instruction\r\nJuly 12-13, 2017', 'Manila Hotel,  One Rizal park, manila', '', 2, 'Approved', NULL, '0000-00-00', NULL, 0, '2017-04-28 08:14:56', '0000-00-00 00:00:00'),
(136, '2017-05-09', '2017-05-09', '4:00 PM', '', '0000-00-00', '0000-00-00', NULL, NULL, 'Congressman Strike Revilla', 'Batasan', '', 2, 'Approved', NULL, '0000-00-00', NULL, 0, '2017-05-04 08:37:32', '0000-00-00 00:00:00'),
(137, '2017-05-30', '2017-05-30', '8:00 AM', '', '0000-00-00', '0000-00-00', NULL, NULL, 'Science for Change Projects Conference SUCs/HEIs', '', '', 43, 'Approved', NULL, '2017-05-10', NULL, 0, '2017-05-09 00:12:52', '0000-00-00 00:00:00'),
(138, '2017-05-31', '2017-05-31', '9:00 AM', '', '0000-00-00', '0000-00-00', NULL, NULL, 'Meeting with OneLab NPMO - discussion on the Communication Plan', '', 'DOST STII, DOST ITDI', 43, 'Approved', NULL, '2017-05-10', NULL, 0, '2017-05-09 00:14:56', '0000-00-00 00:00:00'),
(139, '2017-06-01', '2017-06-01', '10:00 AM', '', '0000-00-00', '0000-00-00', NULL, NULL, 'URS Finance Meeting', 'NEDA IV-A Calamba City', '', 2, 'Approved', NULL, '0000-00-00', NULL, 0, '2017-05-10 14:48:30', '0000-00-00 00:00:00'),
(140, '2017-05-22', '2017-05-22', '9:00 AM', '', '0000-00-00', '0000-00-00', NULL, NULL, 'Attend conference with PA Dennis Hernandez', 'Tanay, Rizal', '', 2, 'Approved', NULL, '0000-00-00', NULL, 0, '2017-05-17 08:52:14', '0000-00-00 00:00:00'),
(141, '2017-05-23', '2017-05-23', '4:00 PM', '', '0000-00-00', '0000-00-00', NULL, NULL, 'Meeting with Dr PAringit re STRIDE and CHERM', 'Alabang', '', 2, 'Approved', NULL, '0000-00-00', NULL, 0, '2017-05-17 08:53:58', '0000-00-00 00:00:00'),
(142, '2017-05-25', '2017-05-25', '8:00 AM', '', '0000-00-00', '0000-00-00', NULL, NULL, 'DOST IV-A ISO 9001:2015 Awareness Seminar & TEAM BUILDING Activities', 'DOST CALABARZON RFSQAC & Boracai de Laiya, San Juan Batangas', 'All DOST CALABARZON Staff', 2, 'Approved', NULL, '0000-00-00', NULL, 0, '2017-05-23 03:11:41', '0000-00-00 00:00:00'),
(143, '2017-05-26', '2017-05-26', '8:00 AM', '', '0000-00-00', '0000-00-00', NULL, NULL, 'DOST CALABARZON TEAM BUILDING', 'Boracai de Laiya, San Juan Batangas', 'All DOST CALABARZON Staff', 2, 'Approved', NULL, '0000-00-00', NULL, 0, '2017-05-23 03:13:54', '0000-00-00 00:00:00'),
(144, '2017-05-29', '2017-05-29', '9:00 AM', '', '0000-00-00', '0000-00-00', NULL, NULL, 'CavSU Board Finance Committee Meeting', 'RSM Restaurant, Real Calamba City', '', 2, 'Approved', NULL, '0000-00-00', NULL, 0, '2017-05-23 03:17:10', '0000-00-00 00:00:00'),
(145, '2017-05-29', '2017-05-29', '1:00 PM', '', '0000-00-00', '0000-00-00', NULL, NULL, 'Meeting with Senator Recto re: 21st Century Classroom', 'SENATE Office Pasay City', '', 2, 'Approved', NULL, '0000-00-00', NULL, 0, '2017-05-23 03:32:01', '0000-00-00 00:00:00'),
(146, '2017-06-07', '2017-06-07', '9:00 AM', '', '0000-00-00', '0000-00-00', NULL, NULL, '2nd Quarter RDC Full council Meeting', 'Taal Vista Hotel, Tagaytay City', '', 2, 'Approved', NULL, '0000-00-00', NULL, 0, '2017-05-23 03:36:37', '0000-00-00 00:00:00'),
(147, '2017-06-08', '2017-06-08', '9:00 AM', '', '0000-00-00', '0000-00-00', NULL, NULL, 'DOST-GIA Execom Meeting', 'DOST Bicutan', '', 2, 'Canceled', 'moved to June 14', '2017-06-06', NULL, 0, '2017-05-23 03:37:21', '0000-00-00 00:00:00'),
(148, '2017-06-15', '2017-06-15', '9:00 AM', '', '0000-00-00', '0000-00-00', NULL, NULL, '2nd Quarter CavSU, LSPU & URS Board Meeting', 'CHED, Quezon City', '', 2, 'Approved', NULL, '0000-00-00', NULL, 0, '2017-05-23 03:39:22', '0000-00-00 00:00:00'),
(149, '2017-06-16', '2017-06-16', '10:00 AM', '', '0000-00-00', '0000-00-00', NULL, NULL, '2nd Quarter SLSU & BatSU Board meeting', 'CHED, Quezon City', '', 2, 'Approved', NULL, '0000-00-00', NULL, 0, '2017-05-23 03:40:14', '0000-00-00 00:00:00'),
(150, '2017-06-08', '2017-06-08', '2:00 PM', '', '0000-00-00', '0000-00-00', NULL, NULL, '18th Gawad Kalasag National Awarding', 'PICC Manila', 'LSManguiat\r\nEPBagsit\r\nJANLawas\r\nFRBarquilla, III', 2, 'Approved', NULL, '0000-00-00', NULL, 0, '2017-05-23 03:45:14', '0000-00-00 00:00:00'),
(151, '2017-07-13', '2017-07-13', '9:00 AM', '', '0000-00-00', '0000-00-00', NULL, NULL, 'DOST-GIA Execom Meeting', 'DOST Bicutan', '', 2, 'Canceled', 'Moved to July 17, 2017 ', '2017-06-28', NULL, 0, '2017-05-23 03:53:04', '0000-00-00 00:00:00'),
(152, '2017-07-14', '2017-07-14', '9:00 AM', '', '0000-00-00', '0000-00-00', NULL, NULL, 'NSTW SETUP Forum', 'DOST Bicutan', '', 2, 'Canceled', 'double entry', '2017-06-28', NULL, 0, '2017-05-23 03:55:35', '0000-00-00 00:00:00'),
(153, '2017-07-14', '2017-07-14', '9:00 AM', '', '0000-00-00', '0000-00-00', NULL, NULL, 'NSTW SETUP Forum', 'DOST Bicutan', '', 2, 'Canceled', 'double entry', '2017-06-28', NULL, 0, '2017-05-23 05:06:31', '0000-00-00 00:00:00'),
(154, '2017-07-14', '2017-07-14', '9:00 AM', '', '0000-00-00', '0000-00-00', NULL, NULL, 'NSTW SETUP Forum', 'Manila', '', 2, 'Approved', NULL, '0000-00-00', NULL, 0, '2017-05-23 05:21:27', '0000-00-00 00:00:00'),
(155, '2017-05-25', '2017-05-25', '8:00 AM', '', '0000-00-00', '0000-00-00', NULL, NULL, 'PASUC Professorial Assessment of Applicants', 'BatSU, Batangas City', '', 2, 'Approved', NULL, '0000-00-00', NULL, 0, '2017-05-23 07:20:09', '0000-00-00 00:00:00'),
(156, '2017-05-31', '2017-05-31', '8:30 AM', '', '0000-00-00', '0000-00-00', NULL, NULL, 'Attend CES TLC forum', 'Diamond Hotel Manila', '', 2, 'Approved', NULL, '0000-00-00', NULL, 0, '2017-05-24 03:38:08', '0000-00-00 00:00:00'),
(157, '2017-06-02', '2017-06-02', '9:00 AM', '', '0000-00-00', '0000-00-00', NULL, NULL, 'RDRRMC Full Council Meeting', '', '', 2, 'Approved', NULL, '0000-00-00', NULL, 0, '2017-05-24 03:41:50', '0000-00-00 00:00:00'),
(158, '2017-06-05', '2017-06-05', '11:00 AM', '', '0000-00-00', '0000-00-00', NULL, NULL, 'SLSU Board Finance', 'NEDA IV-A Calamba City', '', 2, 'Approved', NULL, '0000-00-00', NULL, 0, '2017-05-24 03:43:36', '0000-00-00 00:00:00'),
(159, '2017-06-05', '2017-06-05', '1:30 PM', '', '0000-00-00', '0000-00-00', NULL, NULL, 'DOST wide honoraria committee', 'DOST Bicutan', '', 2, 'Approved', NULL, '0000-00-00', NULL, 0, '2017-05-24 03:44:52', '0000-00-00 00:00:00'),
(160, '2017-06-06', '2017-06-06', '9:30 AM', '', '0000-00-00', '0000-00-00', NULL, NULL, 'Risk Management Workshop for Top Management', 'DOST IV-A, Los Baños, Laguna', 'LSManguiat, BLSoriano, EPBagsit', 1, 'Approved', NULL, '2017-05-31', NULL, 0, '2017-05-31 01:16:21', '0000-00-00 00:00:00'),
(161, '2017-06-01', '2017-06-01', '7:00 AM', '', '0000-00-00', '0000-00-00', NULL, NULL, 'Onsite Visit to SENTRY Site', 'Brgy. Sineguelasan, Bacoor City, Cavite', 'BJRPantoja, ATCHernandez, JJGCalibo, JCJamid, MBCO staff, LGU Bacoor Staff, Westpoint Staff', 1, 'Approved', NULL, '2017-05-31', NULL, 0, '2017-05-31 01:19:48', '0000-00-00 00:00:00'),
(162, '2017-06-21', '2017-06-21', '8:30 AM', '', '0000-00-00', '0000-00-00', NULL, NULL, 'As per Memorandum #3: Schedule of Meetings\r\n\r\nJune 21-22: Tentative Date for the Mid Year Review ', 'DOST IV-A, Los Baños, Laguna', 'PSTDs, FAS, Project Leaders', 28, 'Canceled', 'Taiwan travel of PSTDs', '2017-06-01', NULL, 0, '2017-06-01 03:21:15', '0000-00-00 00:00:00'),
(163, '2017-06-22', '2017-06-22', '8:30 AM', '', '0000-00-00', '0000-00-00', NULL, NULL, ' As per Memorandum #3: Schedule of Meetings June 21-22: Tentative Date for the Mid Year Review - 2nd DAY', 'DOST IV-A, Los Baños, Laguna', '', 28, 'Canceled', 'Taiwan travel of PSTDs', '2017-06-01', NULL, 0, '2017-06-01 03:22:06', '0000-00-00 00:00:00'),
(164, '2017-07-12', '2017-07-12', '8:30 AM', '', '2017-06-21', '2017-06-21', '8:30 AM', NULL, ' As per Memorandum #3: Schedule of Meetings June 21-22: 3rd ManCom Meeting', 'DOST IV-A, Los Baños, Laguna', '', 28, 'Postponed', '', '0000-00-00', NULL, 0, '2017-06-01 03:23:16', '0000-00-00 00:00:00'),
(165, '2017-06-06', '2017-06-06', '8:00 AM', '', '0000-00-00', '0000-00-00', NULL, NULL, 'LSPU Finance committee', 'LSPU LB Campus', '', 2, 'Approved', NULL, '0000-00-00', NULL, 0, '2017-06-01 06:15:36', '0000-00-00 00:00:00'),
(166, '2017-06-09', '2017-06-09', '9:00 AM', '', '0000-00-00', '0000-00-00', NULL, NULL, 'Cash and Disbursement  Monitoring Team', 'DOST IV-A, Los Baños, Laguna', 'LSM, BLS, EPB, Lyn, Janice, Adel F, She V, FBR', 2, 'Approved', NULL, '0000-00-00', NULL, 0, '2017-06-01 06:24:03', '0000-00-00 00:00:00'),
(167, '2017-06-14', '2017-06-14', '9:00 AM', '', '0000-00-00', '0000-00-00', NULL, NULL, 'DOST GIA Execom', 'DOST Bicutan', '', 2, 'Approved', NULL, '0000-00-00', NULL, 0, '2017-06-01 06:28:35', '0000-00-00 00:00:00'),
(168, '2017-06-13', '2017-06-13', '1:30 PM', '', '0000-00-00', '0000-00-00', NULL, NULL, 'Emergency Steering Committee Meeting ', 'DOST IV-A, Los Baños, Laguna', 'LBSCFI Member Agencies\' Representatives', 70, 'Approved', NULL, '2017-06-06', NULL, 0, '2017-06-05 07:56:37', '0000-00-00 00:00:00'),
(169, '2017-06-29', '2017-06-29', '8:30 AM', '', '0000-00-00', '0000-00-00', NULL, NULL, 'Makapuno Roadmap review and revision', '', '', 43, 'Canceled', 'Schedule moved on July 3-4, 2017', '2017-06-28', NULL, 0, '2017-06-05 08:43:05', '0000-00-00 00:00:00'),
(170, '2017-06-28', '2017-06-28', '1:30 PM', '', '0000-00-00', '0000-00-00', NULL, NULL, 'DRRMO Academy meeting', 'DOST IV-A, Los Baños, Laguna', '', 2, 'Canceled', '', '2017-06-27', NULL, 0, '2017-06-06 03:09:17', '0000-00-00 00:00:00'),
(171, '2017-06-26', '2017-06-26', '5:00 AM', '', '0000-00-00', '0000-00-00', NULL, NULL, 'Alabat Makapuno Island launching', 'Alabat, Quezon', '', 2, 'Canceled', '', '2017-06-16', NULL, 0, '2017-06-06 03:12:26', '0000-00-00 00:00:00'),
(172, '2017-06-27', '2017-06-27', '8:15 AM', '', '0000-00-00', '0000-00-00', NULL, NULL, 'Alabat Island Makapuno launching', 'Alabat, Quezon', '', 2, 'Canceled', '', '2017-06-16', NULL, 0, '2017-06-06 03:13:05', '0000-00-00 00:00:00'),
(173, '2017-06-12', '2017-06-12', '9:00 AM', '', '0000-00-00', '0000-00-00', NULL, NULL, 'Top Management Risk Mgt workshop', 'DOST IV-A, Los Baños, Laguna', 'LSM, BLS, FRB, EPB ', 2, 'Approved', NULL, '0000-00-00', NULL, 0, '2017-06-06 03:14:51', '0000-00-00 00:00:00'),
(174, '2017-07-03', '2017-07-03', '1:30 PM', '', '0000-00-00', '0000-00-00', NULL, NULL, 'LBSCFI Steering Committee Meeting ', '', '', 70, 'Approved', NULL, '2017-06-14', NULL, 0, '2017-06-07 01:29:12', '0000-00-00 00:00:00'),
(175, '2017-07-04', '2017-07-04', '7:00 AM', '', '0000-00-00', '0000-00-00', NULL, NULL, 'Makapuno Island MOA Signing and Seedlings Turn-over', 'Alabat, Quezon', 'Jean Karla Yu\r\nKarlo Pintor\r\nPARCU\r\nPSTC Quezon', 43, 'Canceled', '', '2017-06-27', NULL, 0, '2017-06-07 08:01:48', '0000-00-00 00:00:00'),
(176, '2017-07-05', '2017-07-05', '7:15 AM', '', '0000-00-00', '0000-00-00', NULL, NULL, 'Makapuno Island MOA Signing and Seedlings Turn-over', 'Alabat, Quezon', 'Jean Karla Yu\r\nKarlo Pinttor\r\nPARCU\r\nPSTC Quezon', 43, 'Canceled', '', '2017-06-27', NULL, 0, '2017-06-07 08:11:37', '0000-00-00 00:00:00'),
(177, '2017-06-29', '2017-06-29', '10:00 AM', '', '0000-00-00', '0000-00-00', NULL, NULL, 'Invitation of Zobel Foundation for Ceremonial Ribbon Cutting with Mrs. Zobel and other guests of the New Complimentary Food Facility ', '', 'Libao, Mhark Ellgine A.\r\nHernandez, John Maico M. (to cover the activity)', 129, 'Approved', NULL, '2017-06-14', NULL, 0, '2017-06-08 08:01:07', '0000-00-00 00:00:00'),
(178, '2017-07-06', '2017-07-06', '4:30 AM', '', '0000-00-00', '0000-00-00', NULL, NULL, 'Speaker for CESB LEC', 'Ilo ilo City', '', 2, 'Approved', NULL, '0000-00-00', NULL, 0, '2017-06-08 22:54:24', '0000-00-00 00:00:00'),
(179, '2017-07-18', '2017-07-18', '7:00 AM', '', '0000-00-00', '0000-00-00', NULL, NULL, 'Makapuno Island MOA Signing and Seedlings Turn-over', 'Alabat, Quezon', 'Jean Karla Yu Karlo Pintor PARCU PSTC Quezon', 160, 'Canceled', '', '2017-06-14', NULL, 0, '2017-06-09 00:44:39', '0000-00-00 00:00:00'),
(180, '2017-07-19', '2017-07-19', '8:00 AM', '', '0000-00-00', '0000-00-00', NULL, NULL, 'Makapuno Island MOA Signing and Seedlings Turn-over', 'Alabat, Quezon', 'Jean Karla Yu Karlo Pintor PARCU PSTC Quezon', 160, 'Canceled', '', '2017-06-14', NULL, 0, '2017-06-09 00:46:50', '0000-00-00 00:00:00'),
(181, '2017-06-23', '2017-06-23', '9:30 AM', '', '0000-00-00', '0000-00-00', NULL, NULL, 'Presentation of the program component: Enhancement of Halal Verification Capabilities in Support to Halal Assurance System to the Technical Panel Reviewer of DOST PCIEERD', 'PCIEERD-DOST Bicutan', 'Sir Project Leader is required to present the proposal po', 43, 'Approved', NULL, '2017-06-14', NULL, 0, '2017-06-13 03:14:16', '0000-00-00 00:00:00'),
(182, '2017-06-20', '2017-06-20', '11:30 AM', '', '0000-00-00', '0000-00-00', NULL, NULL, 'Meeting with Dr Montoya re Med Device', 'DOST Bicutan', '', 2, 'Approved', NULL, '0000-00-00', NULL, 0, '2017-06-14 05:20:18', '0000-00-00 00:00:00'),
(183, '2017-06-20', '2017-06-20', '2:30 PM', '', '0000-00-00', '0000-00-00', NULL, NULL, 'LBSFI  meeting', 'DOST IV-A, Los Baños, Laguna', '', 2, 'Approved', NULL, '0000-00-00', NULL, 0, '2017-06-14 05:21:01', '0000-00-00 00:00:00'),
(184, '2017-07-03', '2017-07-03', '8:00 AM', '', '0000-00-00', '0000-00-00', NULL, NULL, 'Makapuno Roadmap Review', '', '', 67, 'Approved', NULL, '2017-06-16', NULL, 0, '2017-06-14 05:32:18', '0000-00-00 00:00:00'),
(185, '2017-06-22', '2017-06-22', '9:00 AM', '', '0000-00-00', '0000-00-00', NULL, NULL, 'DTI DOST meeting', 'Makati and Mandaluyong City', '', 2, 'Approved', NULL, '0000-00-00', NULL, 0, '2017-06-16 05:19:24', '0000-00-00 00:00:00'),
(186, '2017-07-07', '2017-07-07', '9:30 AM', '', '0000-00-00', '0000-00-00', NULL, NULL, 'CHED Amalgamation', 'Antipolo city', '', 2, 'Canceled', '', '2017-06-27', NULL, 0, '2017-06-16 05:24:18', '0000-00-00 00:00:00');
INSERT INTO `t_meetings` (`m_id`, `m_startdate`, `m_enddate`, `m_starttime`, `m_endtime`, `m_tstartdate`, `m_tenddate`, `m_tstarttime`, `m_tendtime`, `m_purpose`, `m_destination`, `m_others`, `m_encodedby`, `m_status`, `m_reason`, `m_datechecked`, `m_postponedby`, `m_stat`, `created_at`, `updated_at`) VALUES
(187, '2017-07-20', '2017-07-20', '7:00 AM', '', '0000-00-00', '0000-00-00', NULL, NULL, 'Makapuno Island MOA Signing and Seedlings Turn-over', 'Alabat, Quezon', 'Jean Carla Yu Karlo Pintor PARCU PSTC Quezon', 160, 'Approved', NULL, '2017-06-27', NULL, 0, '2017-06-16 05:59:29', '0000-00-00 00:00:00'),
(188, '2017-07-21', '2017-07-21', '8:00 AM', '', '0000-00-00', '0000-00-00', NULL, NULL, 'Makapuno Island MOA Signing and Seedlings Turn-over', 'Alabat, Quezon', 'Jean Carla Yu Karlo Pintor PARCU PSTC Quezon', 160, 'Approved', NULL, '2017-06-27', NULL, 0, '2017-06-16 06:00:58', '0000-00-00 00:00:00'),
(189, '2017-06-21', '2017-06-21', '9:00 AM', '', '0000-00-00', '0000-00-00', NULL, NULL, 'Consultative Forum on Philippines Makapuno Branding', 'DOST IV-A, Los Baños, Laguna', 'PCRDF, Karlo Pintor, ESCABA Food Products, Global Food Solutions Inc., Kayumanggi Tropical Foods Inc., MARDAK Global Export Inc. (Former Pacific Isles International Trading Inc.), and Reysons Food Processing', 160, 'Approved', NULL, '2017-06-20', NULL, 0, '2017-06-19 07:21:02', '0000-00-00 00:00:00'),
(190, '2017-07-07', '2017-07-07', '1:30 PM', '', '0000-00-00', '0000-00-00', NULL, NULL, 'to present MHP Project at LGU Antipolo City', 'Antipolo city', 'LGU Antipolo City Cenro, Engr. Gabuya', 24, 'Approved', NULL, '2017-06-27', NULL, 0, '2017-06-21 07:21:37', '0000-00-00 00:00:00'),
(191, '2017-07-11', '2017-07-11', '1:30 PM', '', '0000-00-00', '0000-00-00', NULL, NULL, 'LBSCFI Ways and Means Committee Meeting ', 'To be announced ', '', 70, 'Approved', NULL, '2017-07-18', NULL, 1, '2017-06-22 00:29:56', '0000-00-00 00:00:00'),
(192, '2017-06-28', '2017-06-28', '8:30 AM', '', '0000-00-00', '0000-00-00', NULL, NULL, 'PSTD ManCom Meeting', 'DOST IV-A, Los Baños, Laguna', '', 2, 'Approved', NULL, '0000-00-00', NULL, 0, '2017-06-27 14:08:00', '0000-00-00 00:00:00'),
(193, '2017-07-04', '2017-07-04', '1:15 PM', '', '0000-00-00', '0000-00-00', NULL, NULL, 'BAtSU FComm, Makapuno RoadMap', 'CavSU IndangCavite', '', 2, 'Approved', NULL, '0000-00-00', NULL, 0, '2017-06-27 14:13:42', '0000-00-00 00:00:00'),
(194, '2017-06-29', '2017-06-29', '1:00 PM', '', '0000-00-00', '0000-00-00', NULL, NULL, 'Meeting with Mr. Scott ', 'Nasugbu, Batangas', '', 2, 'Approved', NULL, '0000-00-00', NULL, 0, '2017-06-28 02:23:00', '0000-00-00 00:00:00'),
(195, '2017-07-11', '2017-07-11', '1:00 PM', '', '0000-00-00', '0000-00-00', NULL, NULL, 'PSTC Congress', 'Hotel Jen, Roxas Blvd.', 'LSManguiat\r\nBLSoriano\r\nEPBagsit\r\n5 PD\'s & 1 Staff\r\n', 2, 'Approved', NULL, '0000-00-00', NULL, 0, '2017-06-28 06:43:54', '0000-00-00 00:00:00'),
(196, '2017-07-12', '2017-07-12', '1:00 PM', '', '0000-00-00', '0000-00-00', NULL, NULL, '2nd Quarter RD\'s meeting', 'Manila Hotel,  One Rizal park, manila', '', 2, 'Approved', NULL, '0000-00-00', NULL, 0, '2017-06-28 06:45:15', '0000-00-00 00:00:00'),
(197, '2017-07-17', '2017-07-17', '1:00 PM', '', '0000-00-00', '0000-00-00', NULL, NULL, 'DOST-GIA EXECOM Meeting', 'PHIVOLCS, Quezon City', '', 2, 'Approved', NULL, '0000-00-00', NULL, 0, '2017-06-28 06:48:18', '0000-00-00 00:00:00'),
(198, '2017-07-26', '2017-07-26', '9:00 AM', '', '0000-00-00', '0000-00-00', NULL, NULL, 'Mid-Year Performance Review', 'DOST IV-A, Los Baños, Laguna', 'Janice Irene F. Berris ', 2, 'Canceled', 'Schedule is compress to 1 day only  due to unavailability of other officer ', '2017-07-05', 11, 1, '2017-06-28 06:52:28', '0000-00-00 00:00:00'),
(199, '2017-07-27', '2017-07-27', '9:00 AM', '', '0000-00-00', '0000-00-00', NULL, NULL, 'Mid-Year Performance Review', 'DOST IV-A, Los Baños, Laguna', 'Janice Irene F. Berris', 2, 'Canceled', 'change schedule to Jul 26, 2017', '2017-07-26', 11, 1, '2017-06-28 06:54:14', '0000-00-00 00:00:00'),
(200, '2017-07-07', '2017-07-07', '8:15 AM', '', '0000-00-00', '0000-00-00', NULL, NULL, 'RBox Meeting DOH', 'DOH Manila', '', 2, 'Approved', NULL, '0000-00-00', NULL, 0, '2017-06-30 08:07:38', '0000-00-00 00:00:00'),
(201, '2017-07-18', '2017-07-18', '9:30 AM', '', '0000-00-00', '0000-00-00', NULL, NULL, 'Meeting with Cong Tan re Cacao', 'Batasan', '', 2, 'Approved', NULL, '0000-00-00', NULL, 0, '2017-06-30 08:15:25', '0000-00-00 00:00:00'),
(202, '2017-08-04', '2017-08-04', '9:30 AM', '1:00 PM', '0000-00-00', '0000-00-00', NULL, NULL, 'Inauguration of Tubig Talino Project of San Pedro MPC, Awarding of Winners of the 1st Intercollegiate SciDocu (Science Documentary Film Contest)  ', 'San Pedro Elementary School, San Pedro, Sto. Tomas, Batangas', 'San Pedro MPC, Mayor Edna P. Sanchez', 58, 'Canceled', 'Regional STW', '2017-07-19', 2, 1, '2017-07-04 02:35:26', '0000-00-00 00:00:00'),
(203, '2017-07-12', '2017-07-13', '9:00 AM', '3:00 PM', '0000-00-00', '0000-00-00', NULL, NULL, 'NAST Annual Scientific meeting', 'Manila Hotel, One Rizal Park, Manila', '', 11, 'Approved', NULL, '0000-00-00', 0, 1, '2017-07-04 06:55:45', '0000-00-00 00:00:00'),
(204, '2017-07-18', '2017-07-18', '9:30 AM', '12:00 PM', '0000-00-00', '0000-00-00', NULL, NULL, 'Meeting with Cong. Tan re: Cacao Industry for 4th District of Quezon', 'Batasang Pambansa, Quezon City', '', 11, 'Approved', NULL, '0000-00-00', 0, 1, '2017-07-04 06:59:55', '0000-00-00 00:00:00'),
(205, '2017-07-18', '2017-07-18', '9:00 AM', '5:00 PM', '0000-00-00', '0000-00-00', NULL, NULL, 'DOST Mid-year performance review', 'TBA', '', 11, 'Approved', NULL, '0000-00-00', 0, 1, '2017-07-04 07:01:30', '0000-00-00 00:00:00'),
(206, '2017-07-07', '2017-07-07', '10:00 AM', '11:30 AM', '0000-00-00', '0000-00-00', NULL, NULL, 'Proposal presentation on URS Regional Micro-hydro Power Research Center for DOST NICER', 'URS Antipolo Campus', 'Karlo L. Pintor', 160, 'Canceled', 'Update', '2017-07-06', 160, 0, '2017-07-05 07:05:03', '0000-00-00 00:00:00'),
(207, '2017-07-19', '2017-07-19', '9:00 AM', '10:00 AM', '0000-00-00', '0000-00-00', NULL, NULL, 'Opening Remarks during the IQA Training ', 'RFSQAC, DOST IV-A Los Baños, Laguna', 'IQA Members ', 11, 'Approved', NULL, '0000-00-00', 0, 1, '2017-07-05 07:09:47', '0000-00-00 00:00:00'),
(208, '2017-07-29', '2017-07-29', '11:00 AM', '4:00 PM', '0000-00-00', '0000-00-00', NULL, NULL, 'Attend inaguaration of New ACB Headquarters\r\n', 'UPLB, College, Laguna', '', 11, 'Approved', NULL, '0000-00-00', 0, 1, '2017-07-05 07:16:46', '0000-00-00 00:00:00'),
(209, '2017-07-07', '2017-07-07', '3:00 PM', '4:30 PM', '0000-00-00', '0000-00-00', NULL, NULL, 'Proposal presentation on URS Regional Micro-hydro Power Research Center for DOST NICER', 'Asahikawa Ramen Bangaichi, The River Park, Festival Supermall, Alabang, Muntinlupa, Metro Manila', 'Karlo L. Pintor, Jean Carla I. Yu', 160, 'Approved', NULL, '2017-07-19', 0, 1, '2017-07-06 03:06:17', '0000-00-00 00:00:00'),
(210, '2017-07-11', '2017-07-11', '8:00 AM', '12:00 PM', '0000-00-00', '0000-00-00', NULL, NULL, 'Attend Opening of NSTW', 'World Trade Center, manila', '', 11, 'Approved', NULL, '0000-00-00', 0, 1, '2017-07-10 02:13:26', '0000-00-00 00:00:00'),
(211, '2017-07-16', '2017-07-16', '4:00 PM', '5:00 PM', '0000-00-00', '0000-00-00', NULL, NULL, '2017 Syensaya Interview for Radio & TV \r\nRADYO HENYO DZRH 666kHz 4-5PM', 'Los Baños, Laguna', '', 11, 'Approved', NULL, '0000-00-00', 0, 1, '2017-07-10 02:59:38', '0000-00-00 00:00:00'),
(212, '2017-07-19', '2017-07-19', '6:00 AM', '7:00 AM', '0000-00-00', '0000-00-00', NULL, NULL, '2017 Syensaya Interview for Radio & TV\r\nOra Mismo DZRJ  6-7AM', 'Los Baños, laguna', '', 11, 'Approved', NULL, '0000-00-00', 0, 1, '2017-07-10 03:01:16', '0000-00-00 00:00:00'),
(213, '2017-07-21', '2017-07-21', '1:00 PM', '2:00 PM', '0000-00-00', '0000-00-00', NULL, NULL, '2017 Syensaya Interview for Radio & TV\r\nAnghel ng Masa \r\nDWDD 1134KhZ 1-2PM', 'Los Baños, Laguna', '', 11, 'Approved', NULL, '0000-00-00', 0, 1, '2017-07-10 03:04:53', '0000-00-00 00:00:00'),
(214, '2017-07-21', '2017-07-21', '2:00 PM', '3:00 PM', '0000-00-00', '0000-00-00', NULL, NULL, 'Buhay OFW Siyensiya at Teknolohiya at iba Pa\r\nDWDD 1134 kHz 2-3PM', 'Los Baños, Laguna', '', 11, 'Approved', NULL, '0000-00-00', 0, 1, '2017-07-10 03:08:05', '0000-00-00 00:00:00'),
(215, '2017-07-26', '2017-07-26', '12:00 PM', '1:00 PM', '0000-00-00', '0000-00-00', NULL, NULL, '2017 Syensya Interview for Radio & TV\r\nAgila Balita \r\nNet 25 12-1PM', 'Los Baños, Laguna', '', 11, 'Approved', NULL, '0000-00-00', 0, 1, '2017-07-10 03:10:02', '0000-00-00 00:00:00'),
(216, '2017-07-30', '2017-07-30', '8:00 AM', '9:00 AM', '0000-00-00', '0000-00-00', NULL, NULL, '2017 Syensya Interview for Radio & TV \r\nANC ', 'Los Baños, Laguna', '', 11, 'Approved', NULL, '0000-00-00', 0, 1, '2017-07-10 03:11:30', '0000-00-00 00:00:00'),
(217, '2017-07-31', '2017-07-31', '12:30 PM', '5:00 PM', '0000-00-00', '0000-00-00', NULL, NULL, '4th RDC ExeCom Meeting', 'TBA', '', 11, 'Approved', NULL, '0000-00-00', 0, 1, '2017-07-10 03:12:38', '0000-00-00 00:00:00'),
(218, '2017-07-13', '2017-07-13', '10:00 AM', '1:00 PM', '0000-00-00', '0000-00-00', NULL, NULL, 'BatSU Regular BOR meeting', 'CHED Quezon City', '', 11, 'Approved', NULL, '0000-00-00', 0, 1, '2017-07-10 03:52:29', '0000-00-00 00:00:00'),
(219, '2017-07-13', '2017-07-13', '8:30 AM', '3:00 PM', '0000-00-00', '0000-00-00', NULL, NULL, 'BatSU BOR', 'CHED Quezon City', '', 2, 'Approved', NULL, '0000-00-00', 0, 1, '2017-07-10 06:48:04', '0000-00-00 00:00:00'),
(220, '2017-08-09', '2017-08-09', '9:00 AM', '12:00 PM', '0000-00-00', '0000-00-00', NULL, NULL, 'Schedule of Management Review', 'DOST Regional Office', 'Dr. Lydia S. Manguiat\r\nMs. Emelita P. Bagsit\r\nMr. Bernard S. Soriano\r\nBrigido K. Casanova Jr.\r\n', 129, 'Approved', NULL, '2017-07-19', 0, 1, '2017-07-13 07:22:46', '0000-00-00 00:00:00'),
(221, '2017-07-20', '2017-07-20', '8:30 AM', '4:00 PM', '0000-00-00', '0000-00-00', NULL, NULL, 'Meeting with PCIIERD , LIDAR, SLSU, PSTC Quezon re CHERM and Food Solution Hub', 'slsu, Lucena City', '', 2, 'Approved', NULL, '0000-00-00', 0, 1, '2017-07-19 05:23:57', '0000-00-00 00:00:00'),
(222, '2017-07-24', '2017-07-24', '11:00 AM', '2:30 PM', '0000-00-00', '0000-00-00', NULL, NULL, 'URS Finance Meeting', 'NEDA Calamba City', '', 2, 'Approved', NULL, '0000-00-00', 0, 1, '2017-07-19 05:28:42', '0000-00-00 00:00:00'),
(223, '2017-07-26', '2017-07-26', '8:30 AM', '5:00 PM', '0000-00-00', '0000-00-00', NULL, NULL, 'DOST 4A Mid Year Review', 'DOST 4A Los Banos', '', 2, 'Approved', NULL, '0000-00-00', 0, 1, '2017-07-19 05:30:47', '0000-00-00 00:00:00'),
(224, '2017-07-28', '2017-07-28', '8:30 AM', '4:45 PM', '0000-00-00', '0000-00-00', NULL, NULL, 'NEDA Roadshow speaker', 'Batangas City', '', 2, 'Approved', NULL, '0000-00-00', 0, 1, '2017-07-19 05:35:25', '0000-00-00 00:00:00'),
(225, '2017-08-02', '2017-08-04', '7:30 AM', '4:15 PM', '0000-00-00', '0000-00-00', NULL, NULL, 'Regional NSTW Celebration', 'UPLB', '', 2, 'Approved', NULL, '0000-00-00', 0, 1, '2017-07-19 05:37:27', '0000-00-00 00:00:00'),
(226, '2017-08-10', '2017-08-10', '8:30 AM', '4:45 PM', '0000-00-00', '0000-00-00', NULL, NULL, 'GIA Execom Meting + SCED Meeting', 'Manila', '', 2, 'Approved', NULL, '0000-00-00', 0, 1, '2017-07-19 05:39:50', '0000-00-00 00:00:00'),
(227, '2017-08-01', '2017-08-01', '9:00 AM', '11:00 AM', '0000-00-00', '0000-00-00', NULL, NULL, 'Meeting on the progress of the project Harmonization of FS Training Module', 'DOST CALABARZON, Los Banos, Laguna', 'DZ Ulan, PCIEERD Monitoring team, UP Diliman Consultants and project staff', 27, 'Approved', NULL, '2017-07-31', 0, 1, '2017-07-24 02:22:46', '0000-00-00 00:00:00'),
(228, '2017-08-01', '2017-08-01', '11:00 AM', '1:30 PM', '0000-00-00', '0000-00-00', NULL, NULL, 'Progress monitoring meeting of \"Harmonization of Food Safety Training Modules\"', 'DOST CALABARZON', 'DZ Ulan, PCIEERD Team, UP Diliman Team', 27, 'Approved', NULL, '2017-07-31', 0, 1, '2017-07-25 06:19:02', '0000-00-00 00:00:00'),
(229, '2017-08-17', '2017-08-17', '9:00 AM', '12:00 AM', '0000-00-00', '0000-00-00', NULL, NULL, 'Forum Presentation on NICER', 'DOST CALABARZON', 'Karlo Pintor', 160, 'Canceled', 'revised', '2017-07-26', 160, 0, '2017-07-25 10:22:52', '0000-00-00 00:00:00'),
(230, '2017-08-17', '2017-08-17', '9:00 AM', '5:00 PM', '2017-08-11', '2017-08-11', '9:00 AM', '5:00 PM', '2nd R&D and Innovation Center Forum', 'RFSQAC, Multi-Purpose Hall, DOST IV-A Regional Office', 'Karlo Pintor', 160, 'Canceled', 'Re-sched', '2017-07-31', 160, 0, '2017-07-26 01:04:49', '0000-00-00 00:00:00'),
(231, '2017-08-07', '2017-08-07', '10:00 AM', '12:00 PM', '0000-00-00', '0000-00-00', NULL, NULL, 'Meeting with Seed Tech re: NICER', 'DOST IV-A', '', 11, 'Approved', NULL, '0000-00-00', 0, 1, '2017-07-26 04:59:06', '0000-00-00 00:00:00'),
(232, '2017-08-08', '2017-08-08', '9:00 AM', '11:00 AM', '0000-00-00', '0000-00-00', NULL, NULL, 'Meeting with Mr. Vicente Martinez of MADRA with PSTC Laguna', 'DOST IV-A', 'Wilma g. Del Rosario', 11, 'Canceled', 'Conflict in schedule re: OneLab Cluster Head Meeting at PCIEERD ', '2017-08-07', 11, 0, '2017-07-26 05:00:40', '0000-00-00 00:00:00'),
(233, '2017-08-09', '2017-08-09', '3:15 AM', '8:15 PM', '0000-00-00', '0000-00-00', NULL, NULL, 'Resource person for CESB REDIRAS ', 'Legaspi City', '', 11, 'Approved', NULL, '0000-00-00', 0, 1, '2017-07-26 05:03:32', '0000-00-00 00:00:00'),
(234, '2017-08-10', '2017-08-10', '8:00 AM', '5:15 PM', '0000-00-00', '0000-00-00', NULL, NULL, 'Attend SCED Meeting', 'NEDA IV-A', '', 11, 'Approved', NULL, '0000-00-00', 0, 1, '2017-07-26 05:04:49', '0000-00-00 00:00:00'),
(235, '2017-08-10', '2017-08-10', '9:00 AM', '1:00 PM', '0000-00-00', '0000-00-00', NULL, NULL, 'DOST-GIA EXECOM meeting', 'DOST Bicutan', '', 11, 'Approved', NULL, '0000-00-00', 0, 1, '2017-07-26 05:05:38', '0000-00-00 00:00:00'),
(236, '2017-07-27', '2017-07-27', '9:30 AM', '1:00 PM', '0000-00-00', '0000-00-00', NULL, NULL, 'Agila Balita Interview', 'Quezon City', '', 11, 'Approved', NULL, '0000-00-00', 0, 1, '2017-07-26 05:09:27', '0000-00-00 00:00:00'),
(237, '2017-07-31', '2017-07-31', '12:30 PM', '5:00 PM', '0000-00-00', '0000-00-00', NULL, NULL, 'Attend 4th RDC EXECOM meeting', 'EPIMB Conference Room, 4th Floor Department of Energy Old Building, Fort Bonifacio, Taguig City.', '', 11, 'Approved', NULL, '0000-00-00', 0, 1, '2017-07-26 05:11:50', '0000-00-00 00:00:00'),
(238, '2017-08-04', '2017-08-04', '1:00 PM', '2:15 PM', '0000-00-00', '0000-00-00', NULL, NULL, '1. MOA Signing on STARBOOKS with DepEd Los Baños Schools\r\n2. Commitment Board Signing with selected Colleges and Institutes in UPLB\r\n3. To deliver Closing Remarks of Youth Science Award Forum', 'DOST CALABARZON Regional Office', '', 82, 'Approved', NULL, '2017-07-30', 0, 1, '2017-07-28 02:05:43', '0000-00-00 00:00:00'),
(239, '2017-08-15', '2017-08-15', '10:00 AM', '2:00 PM', '0000-00-00', '0000-00-00', NULL, NULL, 'Discussion and Presentation of Preliminary Site Assessment Report on MHP Hinulugang Taktak', 'LGU Antipolo City', '', 24, 'Approved', NULL, '2017-07-31', 0, 1, '2017-07-31 03:52:44', '0000-00-00 00:00:00'),
(240, '2017-08-02', '2017-08-02', '9:00 AM', '12:30 PM', '0000-00-00', '0000-00-00', NULL, NULL, '3rd Quarterly Regional Research Committee Meeting', 'Classroom A, 3/F DCIEC Building, NIA Compound, EDSA, Quezon City', 'Dr. Lilian G. Bondoc (PCAARRD), Engr. Patricia Jaranilla-Sanchez (UPLB)', 160, 'Approved', NULL, '2017-09-27', 0, 1, '2017-07-31 05:18:10', '0000-00-00 00:00:00'),
(241, '2017-08-11', '2017-08-11', '9:00 AM', '5:00 PM', '0000-00-00', '0000-00-00', NULL, NULL, '2nd R&D and Innovation Center Forum', 'RFSQAC, Multi-Purpose Hall, DOST IV-A Regional Office', 'Karlo L. Pintor', 160, 'Approved', NULL, '2017-07-31', 0, 1, '2017-07-31 08:48:48', '0000-00-00 00:00:00'),
(242, '2017-08-01', '2017-08-01', '3:00 PM', '4:00 PM', '0000-00-00', '0000-00-00', NULL, NULL, 'DOStV live interview', 'Diliman, Quezon City', '', 2, 'Approved', NULL, '0000-00-00', 0, 1, '2017-07-31 14:19:05', '0000-00-00 00:00:00'),
(243, '2017-08-07', '2017-08-08', '1:00 PM', '1:00 PM', '0000-00-00', '0000-00-00', NULL, NULL, ' Blessing and Inauguration of the Alabat Coco Hub', 'Coco Hub Compound, Brgy. Camagong, Alabat, Quezon', '', 57, 'Canceled', 'full schedule ', '2017-08-06', 2, 1, '2017-08-03 05:19:51', '0000-00-00 00:00:00'),
(244, '2017-08-07', '2017-08-07', '9:30 AM', '12:00 PM', '0000-00-00', '0000-00-00', NULL, NULL, 'Small group meeting for the consolidation of comments on the draft mechanics for the conduct of 2017 Year-End Performance Review and Assessment', 'RFSQAC, Los Baños, Laguna', 'Ms. Bagsit\r\nMs. Berris\r\nMr. Barquilla, III\r\nMs. Aggangan\r\nPD Lina Malabanan\r\nPD Raul Castañeda\r\nPD Samuel Caperiña\r\nPD Fernando Ablaza\r\nPD Girlie Jawili', 11, 'Approved', NULL, '0000-00-00', 0, 1, '2017-08-04 08:11:05', '0000-00-00 00:00:00'),
(245, '2017-08-07', '2017-08-07', '2:00 PM', '5:00 PM', '0000-00-00', '0000-00-00', NULL, NULL, 'SLSU Board Finance Meeting ', 'NEDA IV-A Calamba City, Laguna', '', 11, 'Approved', NULL, '0000-00-00', 0, 1, '2017-08-04 08:19:11', '0000-00-00 00:00:00'),
(246, '2017-08-16', '2017-08-16', '9:00 AM', '12:00 PM', '0000-00-00', '0000-00-00', NULL, NULL, 'SLSU Special BOR meeting ', 'CHED Quezon City', '', 11, 'Approved', NULL, '0000-00-00', 0, 1, '2017-08-04 08:23:38', '0000-00-00 00:00:00'),
(247, '2017-08-14', '2017-08-14', '9:00 AM', '11:00 AM', '0000-00-00', '0000-00-00', NULL, NULL, 'Meeting with Mayor of Alabat', 'DOST IV-A, Los Baños, Laguna', '', 11, 'Approved', NULL, '0000-00-00', 0, 1, '2017-08-04 08:25:17', '0000-00-00 00:00:00'),
(248, '2017-08-17', '2017-08-17', '8:30 AM', '12:00 PM', '0000-00-00', '0000-00-00', NULL, NULL, 'Attend Ground Breaking of CavSU Rosario Campus as Guest Speaker', 'Rosario, Cavite', '', 11, 'Approved', NULL, '0000-00-00', 0, 1, '2017-08-04 08:27:21', '0000-00-00 00:00:00'),
(249, '2017-08-08', '2017-08-08', '9:00 AM', '5:00 PM', '0000-00-00', '0000-00-00', NULL, NULL, 'OneLab Cluster head meeting ', 'PCIEERD Bicutan, Taguig City', 'Ms. Emelita P. Bagsit \r\nMr. Ener Sapanta', 11, 'Approved', NULL, '0000-00-00', 0, 1, '2017-08-07 08:27:47', '0000-00-00 00:00:00'),
(250, '2017-08-22', '2017-08-22', '9:00 AM', '5:00 PM', '0000-00-00', '0000-00-00', NULL, NULL, 'BatSU Finance Committee Meeting ', 'TBA', '', 11, 'Approved', NULL, '0000-00-00', 0, 1, '2017-08-07 08:51:26', '0000-00-00 00:00:00'),
(251, '2017-08-24', '2017-08-24', '2:00 PM', '6:00 PM', '0000-00-00', '0000-00-00', NULL, NULL, 'Attend Gawad Kalasag Awarding Ceremony', 'DAP Tagaytay', 'Engr Francis', 2, 'Approved', NULL, '0000-00-00', 0, 1, '2017-08-11 11:49:34', '0000-00-00 00:00:00'),
(252, '2017-08-30', '2017-08-31', '7:30 AM', '5:00 PM', '0000-00-00', '0000-00-00', NULL, NULL, 'S&T Legislative Forum', 'Nasugbu Batangas', '', 2, 'Approved', NULL, '0000-00-00', 0, 1, '2017-08-13 12:44:44', '0000-00-00 00:00:00'),
(253, '2017-08-18', '2017-08-18', '8:00 AM', '9:00 PM', '0000-00-00', '0000-00-00', NULL, NULL, 'Quezon project visit', 'Quezon', '', 2, 'Approved', NULL, '0000-00-00', 0, 1, '2017-08-13 12:59:08', '0000-00-00 00:00:00'),
(254, '2017-08-29', '2017-08-29', '1:30 PM', '5:00 PM', '0000-00-00', '0000-00-00', NULL, NULL, 'Science Tourism Committee Meeting ', 'DOST- CALABARZON ORD- CR', '', 70, 'Approved', NULL, '2017-08-15', 0, 1, '2017-08-14 03:47:15', '0000-00-00 00:00:00'),
(255, '2017-08-15', '2017-08-15', '10:00 AM', '1:00 PM', '0000-00-00', '0000-00-00', NULL, NULL, 'Meeting with UPLB capsule proposal proponent and PCAARRD', 'Conference Room DOST CALABARZON', 'Karlo Pintor, Jean Carla Yu, Ms. Annalissa Aquino, and Dr. Edna A. Anit', 160, 'Canceled', 'doubled', '2017-08-14', 160, 0, '2017-08-14 05:23:36', '0000-00-00 00:00:00'),
(256, '2017-08-15', '2017-08-15', '10:00 AM', '12:00 PM', '0000-00-00', '0000-00-00', NULL, NULL, 'Meeting with PCAARRD and UPLB regarding Seed RDIC IV ', 'DOST CALABARZON Regional Office, Los Baños, Laguna', '', 67, 'Approved', NULL, '2017-08-15', 0, 1, '2017-08-14 06:04:53', '0000-00-00 00:00:00'),
(257, '2017-08-25', '2017-08-25', '9:30 AM', '4:00 PM', '0000-00-00', '0000-00-00', NULL, NULL, 'Alabat Coco Food Hub', 'Lucena City', 'pstc ', 2, 'Approved', NULL, '0000-00-00', 0, 1, '2017-08-14 06:50:32', '0000-00-00 00:00:00'),
(258, '2017-09-08', '2017-09-08', '9:00 AM', '3:00 PM', '0000-00-00', '0000-00-00', NULL, NULL, 'FAITH Meeting', 'Batangas', '', 2, 'Approved', NULL, '0000-00-00', 0, 1, '2017-08-14 06:54:18', '0000-00-00 00:00:00'),
(259, '2017-08-30', '2017-08-31', '7:30 AM', '4:30 PM', '0000-00-00', '0000-00-00', NULL, NULL, 'S&T Legislative Forum', 'Nasugbu, Batngas', '', 2, 'Approved', NULL, '0000-00-00', 0, 1, '2017-08-15 05:28:14', '0000-00-00 00:00:00'),
(260, '2017-08-23', '2017-08-23', '9:00 AM', '4:00 PM', '0000-00-00', '0000-00-00', NULL, NULL, 'E Health Summit', 'Hotel Jen Manila', '', 2, 'Approved', NULL, '0000-00-00', 0, 1, '2017-08-15 05:30:08', '0000-00-00 00:00:00'),
(261, '2017-08-16', '2017-08-16', '3:00 PM', '4:00 PM', '0000-00-00', '0000-00-00', NULL, NULL, '21st  Skuela', 'NRCP', '', 2, 'Approved', NULL, '0000-00-00', 0, 1, '2017-08-15 05:31:21', '0000-00-00 00:00:00'),
(262, '2017-08-22', '2017-08-22', '1:30 PM', '4:00 PM', '0000-00-00', '0000-00-00', NULL, NULL, 'CFosh - meting', 'DOSt4A', '', 2, 'Approved', NULL, '0000-00-00', 0, 1, '2017-08-15 05:33:38', '0000-00-00 00:00:00'),
(263, '2017-08-25', '2017-08-25', '9:00 AM', '12:30 PM', '0000-00-00', '0000-00-00', NULL, NULL, 'Alabat Coco Food Hub', 'Lucena City', '', 2, 'Approved', NULL, '0000-00-00', 0, 1, '2017-08-15 05:35:16', '0000-00-00 00:00:00'),
(264, '2017-09-11', '2017-09-11', '1:30 PM', '4:45 PM', '0000-00-00', '0000-00-00', NULL, NULL, 'CSC HAP Award', 'Hotel Luxent, Timog Ave, Quezon City', '', 2, 'Approved', NULL, '0000-00-00', 0, 1, '2017-08-15 05:38:11', '0000-00-00 00:00:00'),
(265, '2017-09-13', '2017-09-13', '10:30 AM', '1:00 PM', '0000-00-00', '0000-00-00', NULL, NULL, '1. To deliver opening remarks on RICE 2017\r\n2. To attend opening ceremony of RICE 2017 (Ribbon Cutting/Opening of Exhibit)\r\n3. Lunch Press Conference', 'Robinsons Place Dasmariñas, City of Dasmariñas, Cavite', '', 82, 'Approved', NULL, '2017-08-18', 0, 1, '2017-08-15 08:11:01', '0000-00-00 00:00:00'),
(266, '2017-09-15', '2017-09-15', '2:30 PM', '5:00 PM', '0000-00-00', '0000-00-00', NULL, NULL, '1. Awarding of 2017 RICE Winners\r\n2. To deliver closing remarks of 2017 RICE', 'Robinsons Place Dasmariñas, City of Dasmariñas, Cavite', '', 82, 'Approved', NULL, '2017-08-16', 0, 1, '2017-08-15 08:13:13', '0000-00-00 00:00:00'),
(267, '2017-08-24', '2017-08-24', '9:00 AM', '11:45 AM', '0000-00-00', '0000-00-00', NULL, NULL, 'DSWD Cash for Work Areas CCA', 'Alabang', '', 2, 'Approved', NULL, '0000-00-00', 0, 1, '2017-08-16 15:44:36', '0000-00-00 00:00:00'),
(268, '2017-10-23', '2017-10-24', '8:00 AM', '2:00 PM', '0000-00-00', '0000-00-00', NULL, NULL, 'Food Safety & technology Program Review and Media Event', 'Crimson Hotel, Alabang / Manila Hotel / FDA Alabang / EDSA Shangri La', 'Anna Evangelista\r\nEmelita Bagsit\r\nDiane Ulan\r\nPARCU', 27, 'Approved', 'NYP-TF cut short their visit', '2017-10-10', NULL, 1, '2017-08-17 02:14:05', '0000-00-00 00:00:00'),
(269, '2017-08-30', '2017-08-31', '8:00 AM', '5:00 PM', '0000-00-00', '0000-00-00', NULL, NULL, 'S & T Legislative Forum', 'Nasugbu Batangas', '', 11, 'Canceled', 'unavailability of our target participants because of the ongoing budget hearings and other similar equally important commitments/activities.', '2017-08-25', 2, 1, '2017-08-22 02:07:15', '0000-00-00 00:00:00'),
(270, '2017-09-07', '2017-09-07', '2:00 PM', '5:00 PM', '0000-00-00', '0000-00-00', NULL, NULL, 'LSPU Pre-Board meeting', 'LSPU Sta. Cruz, Laguna', '', 11, 'Approved', NULL, '0000-00-00', 0, 1, '2017-08-22 02:09:27', '0000-00-00 00:00:00'),
(271, '2017-09-14', '2017-09-14', '8:00 AM', '11:00 AM', '0000-00-00', '0000-00-00', NULL, NULL, 'URS BOR meeting', 'Batangas State UOniversity', '', 11, 'Approved', NULL, '0000-00-00', 0, 1, '2017-08-22 02:16:56', '0000-00-00 00:00:00'),
(272, '2017-09-14', '2017-09-14', '11:00 AM', '2:00 PM', '0000-00-00', '0000-00-00', NULL, NULL, 'CavSU BOR meeting', 'Batangas State University', '', 11, 'Approved', NULL, '0000-00-00', 0, 1, '2017-08-22 02:17:51', '0000-00-00 00:00:00'),
(273, '2017-09-14', '2017-09-14', '2:00 PM', '5:00 PM', '0000-00-00', '0000-00-00', NULL, NULL, 'LSPU BOR meeting', 'Batangas STate Uiversity', '', 11, 'Approved', NULL, '0000-00-00', 0, 1, '2017-08-22 02:19:11', '0000-00-00 00:00:00'),
(274, '2017-09-14', '2017-09-14', '8:00 AM', '5:00 PM', '0000-00-00', '0000-00-00', NULL, NULL, '3rd Quarter RDC Full Council Meeting', 'TBA ', '', 11, 'Approved', NULL, '0000-00-00', 0, 1, '2017-08-22 02:28:53', '0000-00-00 00:00:00'),
(275, '2017-09-15', '2017-09-15', '8:00 AM', '12:00 PM', '0000-00-00', '0000-00-00', NULL, NULL, 'SLSU BOR meeting', 'Batangas State University', '', 11, 'Approved', NULL, '0000-00-00', 0, 1, '2017-08-22 02:32:24', '0000-00-00 00:00:00'),
(276, '2017-09-15', '2017-09-15', '1:00 PM', '5:00 PM', '0000-00-00', '0000-00-00', NULL, NULL, 'BatSU BOR meeting', 'Batangas State University', '', 11, 'Approved', NULL, '0000-00-00', 0, 1, '2017-08-22 02:34:43', '0000-00-00 00:00:00'),
(277, '2017-09-06', '2017-09-06', '2:00 PM', '5:00 PM', '0000-00-00', '0000-00-00', NULL, NULL, '\r\nMeeting with Water Quality Monitoring Board\r\n\r\n\r\n', 'DOST IV-A, Los Baños, Laguna', '', 11, 'Canceled', 'Postponed due to conflict of MHO schedule in the preparation for the Bañamos Festival', '2017-09-05', 11, 0, '2017-08-23 02:27:09', '0000-00-00 00:00:00'),
(278, '2017-09-19', '2017-09-19', '8:00 AM', '3:00 PM', '0000-00-00', '0000-00-00', NULL, NULL, 'PCIEERD TP on Food Safety HRDP proposals.', 'PCIEERD-DOST', 'Diane Ulan', 27, 'Approved', NULL, '2017-09-04', 0, 1, '2017-08-24 01:18:15', '0000-00-00 00:00:00'),
(279, '2017-08-29', '2017-08-29', '9:00 AM', '11:00 AM', '0000-00-00', '0000-00-00', NULL, NULL, 'CavSU Pre-board meeting', 'NEDA IV-A, Calamba City', '', 2, 'Approved', NULL, '0000-00-00', 0, 1, '2017-08-25 08:04:46', '0000-00-00 00:00:00'),
(280, '2017-08-29', '2017-08-29', '2:00 PM', '3:00 PM', '0000-00-00', '0000-00-00', NULL, NULL, 'Meeting with Dr. Angeles of DTRI 2:00 PM  onwards', 'DOST IV-A Los Baños, Laguna', '', 2, 'Approved', NULL, '0000-00-00', 0, 1, '2017-08-25 08:06:14', '0000-00-00 00:00:00'),
(281, '2017-08-30', '2017-08-30', '12:00 PM', '2:30 PM', '0000-00-00', '0000-00-00', NULL, NULL, 'RDC Executive committee meeting', 'Ynares Hall Antipolo City', '', 2, 'Approved', NULL, '0000-00-00', 0, 1, '2017-08-25 08:22:53', '0000-00-00 00:00:00'),
(282, '2017-08-30', '2017-08-30', '2:30 PM', '5:00 PM', '0000-00-00', '0000-00-00', NULL, NULL, 'IPG meeting', 'Ynares Hall Antipolo City', '', 2, 'Approved', NULL, '0000-00-00', 0, 1, '2017-08-25 08:23:54', '0000-00-00 00:00:00'),
(283, '2017-09-05', '2017-09-05', '8:30 AM', '11:00 AM', '0000-00-00', '0000-00-00', NULL, NULL, 'CAvSU Finance Meeting', 'NEDA Calamba', '', 2, 'Approved', NULL, '0000-00-00', 0, 1, '2017-08-29 03:31:09', '0000-00-00 00:00:00'),
(284, '2017-09-05', '2017-09-05', '11:00 AM', '3:00 PM', '0000-00-00', '0000-00-00', NULL, NULL, 'Bat StateU Finance meeting', 'NEDA Calamba', '', 2, 'Approved', NULL, '0000-00-00', 0, 1, '2017-08-29 03:32:11', '0000-00-00 00:00:00'),
(285, '2017-08-31', '2017-08-31', '9:30 AM', '12:00 PM', '0000-00-00', '0000-00-00', NULL, NULL, 'R Box meeting with PCHRD', 'DOST 4a', 'Dr. Lydia Manguiat, Salie Park', 2, 'Approved', NULL, '0000-00-00', 0, 1, '2017-08-29 03:35:06', '0000-00-00 00:00:00'),
(286, '2017-09-28', '2017-09-28', '8:00 AM', '5:00 PM', '0000-00-00', '0000-00-00', NULL, NULL, '5th Session CES leadership conclave', 'Greenleaf Hotel, General Santos City', '', 11, 'Approved', NULL, '0000-00-00', 0, 1, '2017-08-29 04:16:18', '0000-00-00 00:00:00'),
(287, '2017-09-20', '2017-09-21', '6:00 AM', '6:30 AM', '0000-00-00', '0000-00-00', NULL, NULL, 'CVisNet Speaker', 'Cebu City', '', 2, 'Approved', NULL, '0000-00-00', 0, 1, '2017-09-04 14:24:53', '0000-00-00 00:00:00'),
(288, '2017-09-21', '2017-09-23', '7:30 AM', '11:00 PM', '0000-00-00', '0000-00-00', NULL, NULL, 'Attend EcoSep and project visist , conduct lecture seminar on Innovation', 'Siargao', '', 2, 'Approved', NULL, '0000-00-00', 0, 1, '2017-09-04 14:26:42', '0000-00-00 00:00:00'),
(289, '2017-09-27', '2017-09-27', '9:30 AM', '4:30 PM', '0000-00-00', '0000-00-00', NULL, NULL, 'Launching of Science Tourism Project', 'Los Banos', '', 2, 'Canceled', 'Due to unavailability of agency partner', '2017-09-26', 11, 1, '2017-09-04 14:28:50', '0000-00-00 00:00:00'),
(290, '2017-09-28', '2017-09-30', '7:30 AM', '12:30 PM', '0000-00-00', '0000-00-00', NULL, NULL, 'CESB Lecturer', 'Gen San City', '', 2, 'Approved', NULL, '0000-00-00', 0, 1, '2017-09-04 14:30:51', '0000-00-00 00:00:00'),
(291, '2017-09-12', '2017-09-12', '1:30 PM', '4:45 PM', '0000-00-00', '0000-00-00', NULL, NULL, 'LBSCFI Quarterly meeting', 'Los Banos', '', 2, 'Approved', NULL, '0000-00-00', 0, 1, '2017-09-04 14:33:29', '0000-00-00 00:00:00'),
(292, '2017-09-06', '2017-09-06', '8:30 AM', '11:00 AM', '0000-00-00', '0000-00-00', NULL, NULL, 'Meeting on Info System', 'ROS Bicutan ', '', 2, 'Approved', NULL, '0000-00-00', 0, 1, '2017-09-04 14:34:53', '0000-00-00 00:00:00'),
(293, '2017-09-08', '2017-09-08', '1:30 PM', '4:45 PM', '0000-00-00', '0000-00-00', NULL, NULL, 'Special Meeting on  Quarterly Cash and Disbursement ', 'DOST 4A', '', 2, 'Approved', NULL, '0000-00-00', 0, 1, '2017-09-04 14:36:44', '0000-00-00 00:00:00'),
(294, '2017-09-04', '2017-09-04', '10:00 AM', '12:00 PM', '0000-00-00', '0000-00-00', NULL, NULL, 'DOST-DOT-LBSCFI meeting', 'Calamba City, Laguna', '', 11, 'Approved', NULL, '0000-00-00', 0, 1, '2017-09-05 00:56:24', '0000-00-00 00:00:00'),
(295, '2017-09-04', '2017-09-04', '1:00 PM', '5:00 PM', '0000-00-00', '0000-00-00', NULL, NULL, 'Attend Senate Budget Hearing', 'Office of the Senate, Pasay City', '', 11, 'Approved', NULL, '0000-00-00', 0, 1, '2017-09-05 01:03:24', '0000-00-00 00:00:00'),
(296, '2017-09-25', '2017-09-25', '1:00 PM', '4:00 PM', '0000-00-00', '0000-00-00', NULL, NULL, 'SLSU Finance meeting', 'NEDA 4a', '', 2, 'Approved', NULL, '0000-00-00', 0, 1, '2017-09-05 04:16:42', '0000-00-00 00:00:00'),
(297, '2017-09-12', '2017-09-12', '9:30 AM', '11:30 AM', '0000-00-00', '0000-00-00', NULL, NULL, 'Educ Committee LBSCFI', 'DOSt4a', '', 2, 'Approved', NULL, '0000-00-00', 0, 1, '2017-09-05 06:28:02', '0000-00-00 00:00:00'),
(298, '2017-09-07', '2017-09-07', '9:00 AM', '11:00 AM', '0000-00-00', '0000-00-00', NULL, NULL, 'State of the Provincial Address (SOPA) of Hon. David C. Suarez', 'Quezon Convention Center, Lucena City', '', 57, 'Canceled', 'conflict with previously confirmed schedule', '2017-09-06', 2, 1, '2017-09-05 08:52:14', '0000-00-00 00:00:00'),
(299, '2017-09-18', '2017-09-18', '9:00 AM', '12:00 PM', '0000-00-00', '0000-00-00', NULL, NULL, 'DARIUS TPE', 'PCIEERD, Bicutan, Taguig City', 'TPE, UBLNM', 1, 'Canceled', 'Moved 26 Sept', '2017-09-11', 2, 1, '2017-09-06 03:17:48', '2017-09-07 05:46:41'),
(300, '2017-10-05', '2017-10-05', '10:00 AM', '1:00 PM', '0000-00-00', '0000-00-00', NULL, NULL, 'SLSU BOR', 'SLSU Lucban, Quezon', '', 2, 'Approved', NULL, '0000-00-00', 0, 1, '2017-09-10 11:50:27', '0000-00-00 00:00:00'),
(301, '2017-09-26', '2017-09-26', '10:00 AM', '3:30 PM', '0000-00-00', '0000-00-00', NULL, NULL, 'DARIUS Project Technical Panel Evaluation', 'PCIEERD, Bicutan, Taguig City', 'ROS', 1, 'Approved', NULL, '2017-09-13', 0, 1, '2017-09-11 05:17:47', '2017-09-11 05:17:58'),
(302, '2017-10-04', '2017-10-06', '8:00 AM', '5:00 PM', '0000-00-00', '0000-00-00', NULL, NULL, 'Conduct of 2017 RICE', 'Robinsons Place Dasmariñas, Cavite', '', 67, 'Approved', NULL, '2017-09-15', 0, 1, '2017-09-12 02:36:37', '0000-00-00 00:00:00'),
(303, '2017-09-18', '2017-09-18', '9:00 AM', '12:00 PM', '0000-00-00', '0000-00-00', NULL, NULL, 'LBSCFI Education Sector Committee Meeting', 'DOST 4, ORD- Conference Room', '', 70, 'Approved', NULL, '2017-09-13', 0, 1, '2017-09-13 02:45:08', '0000-00-00 00:00:00'),
(304, '2017-09-18', '2017-09-18', '1:30 PM', '5:00 PM', '0000-00-00', '0000-00-00', NULL, NULL, 'LBSCFI SC Meeting', 'ERDB, Forestry, Los Baños, Laguna', '', 70, 'Approved', NULL, '2017-09-13', 0, 1, '2017-09-13 02:48:59', '0000-00-00 00:00:00'),
(305, '2017-10-11', '2017-10-11', '10:00 AM', '1:00 PM', '0000-00-00', '0000-00-00', NULL, NULL, '1. To deliver opening remarks on RICE 2017\r\n2. To attend opening ceremony of RICE 2017 (Ribbon Cutting/Opening of Exhibit)', 'Robinsons Place Dasmariñas, Cavite', '', 82, 'Canceled', 'RICE postponed', '2017-09-15', 2, 1, '2017-09-14 01:14:16', '0000-00-00 00:00:00'),
(306, '2017-10-13', '2017-10-13', '2:00 PM', '5:00 PM', '0000-00-00', '0000-00-00', NULL, NULL, '1. Awarding of 2017 RICE Winners\r\n2. To deliver closing remarks of 2017 RICE', 'Robinsons Place Dasmariñas, Cavite', '', 82, 'Canceled', 'RICE Cancelled', '2017-09-15', 2, 1, '2017-09-14 01:15:48', '0000-00-00 00:00:00'),
(307, '2017-10-11', '2017-10-11', '10:00 AM', '1:00 PM', '0000-00-00', '0000-00-00', NULL, NULL, '1. To deliver opening remarks on RICE 2017\r\n2. To attend the opening ceremony of RICE 2017 (Ribbon Cutting and Opening of Exhibits)', 'Robinsons Place Dasmariñas, Cavite', '', 82, 'Approved', NULL, '2017-09-25', 0, 1, '2017-09-15 04:43:22', '0000-00-00 00:00:00'),
(308, '2017-10-13', '2017-10-13', '2:00 PM', '5:00 PM', '0000-00-00', '0000-00-00', NULL, NULL, '1. Awarding of RICE winners\r\n2. To deliver closing remarks on RICE 2017', 'Robinsons Place Dasmariñas, Cavite', '', 82, 'Approved', NULL, '2017-09-25', 0, 1, '2017-09-15 04:45:36', '0000-00-00 00:00:00'),
(309, '2017-10-12', '2017-10-12', '8:30 AM', '11:30 AM', '0000-00-00', '0000-00-00', NULL, NULL, 'Invitation on the ribbon cutting ceremony for two egg innovation projects and the signing of the Joint Declaration in this year\'s  World Egg Day. To be attended by ASec. Garson, BAI Dir Amurao, and others', 'San Jose, Batangas', 'Kerwin Perez(Eggciting Products Manufacturing)', 129, 'Approved', NULL, '2017-09-25', 0, 1, '2017-09-22 03:33:18', '0000-00-00 00:00:00'),
(310, '2017-10-04', '2017-10-04', '9:00 AM', '5:00 PM', '0000-00-00', '0000-00-00', NULL, NULL, 'October 4, 2017', 'DOST- PCAARRD', '', 70, 'Canceled', 'Due to unavailability of other agency partner\r\n', '2017-09-26', 11, 1, '2017-09-22 08:52:07', '0000-00-00 00:00:00'),
(311, '2017-10-06', '2017-10-06', '9:00 AM', '5:00 PM', '0000-00-00', '0000-00-00', NULL, NULL, 'Science Tourism Launch', 'DOST- PCAARRD', '', 70, 'Canceled', 'DA Meeting re carageenan', '2017-09-25', 2, 1, '2017-09-22 08:55:54', '0000-00-00 00:00:00'),
(312, '2017-10-09', '2017-10-10', '8:15 AM', '4:00 PM', '0000-00-00', '0000-00-00', NULL, NULL, 'DOST 4A Review and  Planning Workshop', 'DOST 4A/ Others', '', 2, 'Approved', NULL, '0000-00-00', 0, 1, '2017-09-25 02:09:30', '0000-00-00 00:00:00'),
(313, '2017-10-12', '2017-10-12', '10:00 AM', '10:15 AM', '0000-00-00', '0000-00-00', NULL, NULL, 'Egg Licious Launching', 'San Jose, Batangas', 'Lina Malabanan', 2, 'Approved', NULL, '0000-00-00', 0, 1, '2017-09-25 02:15:53', '0000-00-00 00:00:00'),
(314, '2017-10-06', '2017-10-06', '9:00 AM', '12:30 PM', '0000-00-00', '0000-00-00', NULL, NULL, 'Carageenan Project Meeting', 'DA Quezon City', 'Emy P Bagsit', 2, 'Approved', NULL, '0000-00-00', 0, 1, '2017-09-25 02:17:49', '0000-00-00 00:00:00'),
(315, '2017-09-27', '2017-09-27', '7:30 AM', '5:00 PM', '0000-00-00', '0000-00-00', NULL, NULL, 'Project Visit GIA SETUP', 'Lobo Batangas', '', 2, 'Approved', NULL, '0000-00-00', 0, 1, '2017-09-25 02:19:39', '0000-00-00 00:00:00'),
(316, '2017-09-27', '2017-09-27', '3:30 PM', '5:00 PM', '0000-00-00', '0000-00-00', NULL, NULL, 'SLSU Finance Committee Meeting', 'NEDA IV-A Calamba City', '', 11, 'Approved', NULL, '0000-00-00', 0, 1, '2017-09-26 06:52:23', '0000-00-00 00:00:00'),
(317, '2017-10-17', '2017-10-17', '9:00 AM', '3:30 PM', '0000-00-00', '0000-00-00', NULL, NULL, 'Prevention and Mitigation 2017 3rd Quarter Meeting', 'RFSQAC, DOST IV-A', '', 24, 'Approved', NULL, '2017-09-27', 0, 1, '2017-09-27 02:21:16', '2017-09-28 02:30:52'),
(318, '2017-10-30', '2017-10-30', '9:00 AM', '4:00 PM', '0000-00-00', '0000-00-00', NULL, NULL, 'Infrastructure Audit Stakeholders Meeting', 'RFSQAC, DOST IV-A', '', 24, 'Approved', NULL, '2017-09-27', 0, 1, '2017-09-27 02:23:00', '0000-00-00 00:00:00'),
(319, '2017-10-03', '2017-10-03', '2:00 PM', '3:30 PM', '0000-00-00', '0000-00-00', NULL, NULL, 'Meeting with PCHRD and UP re feedback from PCHRD Governing Council and the two conditions/deliverables:\r\n1. comparison against commercial device\r\n2. 3rd party validation of the manufacturing process\r\n', 'Makati', 'Mr. Tumlos (PCHRD), Dr. Raymond Sarmiento (UP NTHC) and ARD Manguiat', 141, 'Approved', NULL, '2017-10-03', 0, 1, '2017-10-02 01:21:06', '0000-00-00 00:00:00'),
(320, '2017-10-24', '2017-10-24', '3:15 PM', '5:15 PM', '0000-00-00', '0000-00-00', NULL, NULL, 'Deliver a Closing Message to the  Metrology Seminar at Acacia Hotel (Pres. De Vera- Welcome, DIr. Yanga-Opeing Remarks)', 'Acacia Hotel Alabang', '', 43, 'Approved', NULL, '2017-10-10', 0, 1, '2017-10-04 11:07:25', '0000-00-00 00:00:00'),
(321, '2017-10-06', '2017-10-06', '9:00 AM', '12:00 PM', '0000-00-00', '0000-00-00', NULL, NULL, 'Meeting with Dir De Mesa of DA re carrageenan project', 'DA IV-A Quezon City', 'Chief Digna Narvacan', 43, 'Approved', NULL, '2017-10-10', 0, 1, '2017-10-04 11:09:42', '0000-00-00 00:00:00'),
(322, '2017-10-16', '2017-10-16', '10:00 AM', '10:45 AM', '0000-00-00', '0000-00-00', NULL, NULL, 'Organizational Meeting 21st  Classroom', 'Lipa City', '', 2, 'Approved', NULL, '0000-00-00', 0, 1, '2017-10-10 02:44:51', '0000-00-00 00:00:00'),
(323, '2017-12-06', '2017-12-06', '9:00 AM', '3:00 PM', '0000-00-00', '0000-00-00', NULL, NULL, 'STARRDEC RRDCC', 'SLSU Lucban', '', 2, 'Approved', NULL, '0000-00-00', 0, 1, '2017-10-17 22:52:11', '0000-00-00 00:00:00'),
(324, '2017-10-19', '2017-10-19', '9:00 AM', '2:30 PM', '0000-00-00', '0000-00-00', NULL, NULL, 'GIA Project evaluation and visit, LSPU ', 'Sta Cruz and Siniloan Laguna', '', 2, 'Approved', NULL, '0000-00-00', 0, 1, '2017-10-18 05:29:22', '0000-00-00 00:00:00'),
(325, '2017-10-18', '2017-10-18', '1:30 PM', '4:30 PM', '0000-00-00', '0000-00-00', NULL, NULL, 'Meeting re: Adopt a school project with PCAARRD', 'RFSQAC, DOST CALABARZON, LB, Laguna', 'Juan Carlo Manas', 11, 'Approved', NULL, '0000-00-00', 0, 1, '2017-10-18 07:26:55', '0000-00-00 00:00:00'),
(326, '2017-10-20', '2017-10-20', '2:00 PM', '5:00 PM', '0000-00-00', '0000-00-00', NULL, NULL, 'CavSU Finance Committee Meeting', 'NEDA IV-A, Calamba City', '', 11, 'Approved', NULL, '0000-00-00', 0, 1, '2017-10-18 07:28:54', '0000-00-00 00:00:00'),
(327, '2017-10-25', '2017-10-25', '9:00 AM', '5:00 PM', '0000-00-00', '0000-00-00', NULL, NULL, '5th Batangas Provincial Investment Council  Forum ', 'Provincial Planning Bldg., Batangas City', '', 11, 'Approved', NULL, '0000-00-00', 0, 1, '2017-10-18 07:31:19', '0000-00-00 00:00:00'),
(328, '2017-10-26', '2017-10-26', '9:00 AM', '5:00 PM', '0000-00-00', '0000-00-00', NULL, NULL, 'Meeting with TWG on Island Economy', 'DOST CALABARZON, RFSQAC, Los Baños, Laguna', '', 11, 'Approved', NULL, '0000-00-00', 0, 1, '2017-10-18 07:33:14', '0000-00-00 00:00:00'),
(329, '2017-10-27', '2017-10-27', '8:00 AM', '1:00 PM', '0000-00-00', '0000-00-00', NULL, NULL, '40th Anniversary of PHTRC ', 'UPLB College, Laguna', '', 11, 'Approved', NULL, '0000-00-00', 0, 1, '2017-10-18 07:36:13', '0000-00-00 00:00:00'),
(330, '2017-10-27', '2017-10-27', '1:00 PM', '5:00 PM', '0000-00-00', '0000-00-00', NULL, NULL, 'RxBox Meeting with UPNTHC & PCHRD', 'DOST CALABARZON', '', 11, 'Approved', NULL, '0000-00-00', 0, 1, '2017-10-18 07:37:46', '0000-00-00 00:00:00'),
(331, '2017-11-06', '2017-11-06', '8:00 AM', '5:00 PM', '0000-00-00', '0000-00-00', NULL, NULL, '1st National Coffee Education Congress ', 'CavSU, Indang, Cavite', '', 11, 'Approved', NULL, '0000-00-00', 0, 1, '2017-10-18 07:40:00', '0000-00-00 00:00:00'),
(332, '2017-11-07', '2017-11-07', '9:00 AM', '12:00 PM', '0000-00-00', '0000-00-00', NULL, NULL, 'MOA Signing and meeting re: Carageenan Project', 'DOST CALABARZON', '', 11, 'Approved', NULL, '0000-00-00', 0, 1, '2017-10-18 07:44:51', '0000-00-00 00:00:00'),
(333, '2017-11-09', '2017-11-09', '9:00 AM', '2:00 PM', '0000-00-00', '0000-00-00', NULL, NULL, 'SCED meeting', 'RDC IV-A', '', 11, 'Approved', NULL, '0000-00-00', 0, 1, '2017-10-18 07:45:58', '0000-00-00 00:00:00'),
(334, '2017-11-09', '2017-11-09', '9:00 AM', '2:00 PM', '0000-00-00', '0000-00-00', NULL, NULL, 'DOST-GIA EXECOM meeting', 'DOST Bicutan', '', 11, 'Approved', NULL, '0000-00-00', 0, 1, '2017-10-18 07:46:57', '0000-00-00 00:00:00'),
(335, '2017-11-10', '2017-11-10', '9:00 AM', '4:00 PM', '0000-00-00', '0000-00-00', NULL, NULL, 'RTWG meeting and R & D Contest', 'RFSQAC Los Baños, Laguna', 'Dr. Lydia S. Manguiat', 11, 'Approved', NULL, '0000-00-00', 0, 1, '2017-10-18 07:48:26', '0000-00-00 00:00:00'),
(336, '2017-10-24', '2017-10-24', '12:00 PM', '3:15 PM', '0000-00-00', '0000-00-00', NULL, NULL, 'DARIUS GC Evaluation', 'PCIEERD, Bicutan, Taguig CIty', '', 1, 'Approved', NULL, '2017-10-24', 0, 1, '2017-10-20 07:03:37', '0000-00-00 00:00:00'),
(337, '2017-10-30', '2017-10-30', '1:30 PM', '5:00 PM', '0000-00-00', '0000-00-00', NULL, NULL, 'Prevention and Mitigation 3rd Qtr Meeting', 'RFSQAC, DOST IV-A', '', 24, 'Approved', NULL, '2017-10-24', 0, 1, '2017-10-23 03:15:25', '0000-00-00 00:00:00'),
(338, '2017-10-27', '2017-10-27', '9:00 AM', '5:00 PM', '0000-00-00', '0000-00-00', NULL, NULL, 'Meeting with NTHC and UP and PCHRD re consultants on pre tests of devices for medical device, Purchase project materials', 'Manila', '', 2, 'Approved', NULL, '0000-00-00', 0, 1, '2017-10-26 06:19:53', '0000-00-00 00:00:00'),
(339, '2017-11-07', '2017-11-07', '9:00 AM', '1:00 PM', '0000-00-00', '0000-00-00', NULL, NULL, 'Health Device Training', 'Angeles, Pampanga', '', 2, 'Approved', NULL, '0000-00-00', 0, 1, '2017-11-02 01:06:17', '0000-00-00 00:00:00'),
(340, '2017-11-08', '2017-11-08', '9:00 AM', '1:00 PM', '0000-00-00', '0000-00-00', NULL, NULL, 'Tech Panel Evaluation - NICER', 'PCIEERD Bicutan', '', 2, 'Approved', NULL, '0000-00-00', 0, 1, '2017-11-02 01:09:41', '0000-00-00 00:00:00'),
(341, '2017-11-11', '2017-12-01', '9:00 AM', '11:15 PM', '0000-00-00', '0000-00-00', NULL, NULL, 'MSME CALABARZON Product and Technical Mission', 'Toronto  & Quebec Canada', '', 2, 'Approved', NULL, '0000-00-00', 0, 1, '2017-11-02 01:12:00', '0000-00-00 00:00:00'),
(342, '2017-11-10', '2017-11-10', '10:00 AM', '2:00 PM', '0000-00-00', '0000-00-00', NULL, NULL, 'Partial Reporting (Format& Content) of accomplishments for 2017 Performance Review ', 'DOST 4 ', '', 2, 'Approved', NULL, '0000-00-00', 0, 1, '2017-11-02 07:01:24', '0000-00-00 00:00:00'),
(343, '2017-12-05', '2017-11-07', '9:00 AM', '4:30 PM', '0000-00-00', '0000-00-00', NULL, NULL, 'Phil-Lidar1 Culminating Activity', 'Novotel, Cubao, Quezon City', 'DEWS Team (ATCHernandez and JJGCalibo)', 1, 'Approved', NULL, '2018-01-09', 0, 1, '2017-11-15 22:51:36', '0000-00-00 00:00:00'),
(344, '2017-12-05', '2017-12-05', '8:30 AM', '4:30 PM', '0000-00-00', '0000-00-00', NULL, NULL, '13th Management Review (ISO 9001:2015)', 'RFSQAC Building, Timugan, Los Baños, Laguna', 'ManCom, Process Owners, Center Managers, QCT', 1, 'Approved', NULL, '2017-12-06', 0, 1, '2017-11-28 04:41:01', '0000-00-00 00:00:00'),
(345, '2017-12-18', '2017-12-18', '10:00 AM', '3:00 PM', '0000-00-00', '0000-00-00', NULL, NULL, 'STCIERD RIEGC & RTWG Meeting and Christmas Party', 'Crimson Hotel, Alabang', '', 67, 'Approved', 'As per availability of RD', '2017-12-06', NULL, 1, '2017-11-29 03:58:54', '0000-00-00 00:00:00'),
(346, '2017-12-06', '2017-12-06', '1:30 PM', '5:00 PM', '0000-00-00', '0000-00-00', NULL, NULL, 'LBSCFI 4th Qtr Steering Committee Meeting', 'LGU-LB', 'LBSCFI Member Agencies', 82, 'Approved', NULL, '2017-12-06', 0, 1, '2017-12-01 03:35:02', '0000-00-00 00:00:00'),
(347, '2017-12-06', '2017-12-06', '9:00 AM', '12:00 PM', '0000-00-00', '0000-00-00', NULL, NULL, 'Launching of Science Tourism in LB (MOU Signing)', 'DPITC', 'LBSCFI Tourism Committee\r\nDOT IV-A\r\nDepEd IV-A', 82, 'Approved', NULL, '2017-12-06', 0, 1, '2017-12-01 03:36:03', '0000-00-00 00:00:00'),
(348, '2017-12-11', '2017-12-11', '8:00 AM', '5:00 PM', '0000-00-00', '0000-00-00', NULL, NULL, 'DOST CALABARZON 54th Anniversary Celebration', 'RFSQAC', 'DOST CALABARZON Staff', 11, 'Approved', NULL, '0000-00-00', 0, 1, '2017-12-01 08:31:53', '0000-00-00 00:00:00'),
(349, '2017-12-12', '2017-12-12', '9:00 AM', '12:00 PM', '0000-00-00', '0000-00-00', NULL, NULL, '4th Quarter Management Committee Meeting', 'DOST Bicutan', '', 11, 'Approved', NULL, '0000-00-00', 0, 1, '2017-12-01 08:33:04', '0000-00-00 00:00:00'),
(350, '2017-12-07', '2017-12-07', '10:00 AM', '2:00 PM', '0000-00-00', '0000-00-00', NULL, NULL, 'URS 4th Quarter BOR meeting', 'CHED Quezon City', '', 11, 'Approved', NULL, '0000-00-00', 0, 1, '2017-12-01 08:34:43', '0000-00-00 00:00:00'),
(351, '2017-12-08', '2017-12-08', '10:00 AM', '2:00 PM', '0000-00-00', '0000-00-00', NULL, NULL, 'Batangas State University 4th Quarter BOR meetinig', 'CHED Quezon City', '', 11, 'Approved', NULL, '0000-00-00', 0, 1, '2017-12-01 08:35:33', '0000-00-00 00:00:00'),
(352, '2017-12-13', '2017-12-13', '9:00 AM', '2:00 PM', '0000-00-00', '0000-00-00', NULL, NULL, 'SLSU 131st Regular BOR meeting', 'CHED Quezon City', '', 11, 'Approved', NULL, '0000-00-00', 0, 1, '2017-12-01 08:36:56', '0000-00-00 00:00:00'),
(353, '2017-12-04', '2017-12-04', '10:00 AM', '5:00 PM', '0000-00-00', '0000-00-00', NULL, NULL, '4th Atomic Energy Week', 'PNRI Auditorium', '', 11, 'Approved', NULL, '0000-00-00', 0, 1, '2017-12-04 01:28:13', '0000-00-00 00:00:00'),
(354, '2017-12-04', '2017-12-04', '10:00 AM', '1:00 PM', '0000-00-00', '0000-00-00', NULL, NULL, 'MOA Signing Dr. Librero R&D Awards', 'RFSQAC', '', 11, 'Approved', NULL, '0000-00-00', 0, 1, '2017-12-04 01:29:00', '0000-00-00 00:00:00'),
(355, '2018-01-26', '2018-01-27', '6:00 AM', '6:00 PM', '0000-00-00', '0000-00-00', NULL, NULL, 'Organizational/Pre-Implementation Meeting DARIUS Project', 'Baguio City', 'Francis Barquilla', 2, 'Canceled', 'adjustment of date', '2018-01-17', 11, 1, '2017-12-05 21:55:58', '0000-00-00 00:00:00'),
(356, '2017-12-15', '2017-12-15', '9:00 AM', '1:00 PM', '0000-00-00', '0000-00-00', NULL, NULL, 'BatSU BOR meeting', 'CHED Quezon City', '', 11, 'Approved', NULL, '0000-00-00', 0, 1, '2017-12-15 03:28:14', '0000-00-00 00:00:00'),
(357, '2017-12-18', '2017-12-18', '8:00 AM', '1:00 PM', '0000-00-00', '0000-00-00', NULL, NULL, 'Attend S & T Legislative Forum with Sec. FTP', 'Tanay, Rizal', '', 11, 'Approved', NULL, '0000-00-00', 0, 1, '2017-12-15 03:30:01', '0000-00-00 00:00:00'),
(358, '2017-12-18', '2017-12-18', '3:00 PM', '6:00 PM', '0000-00-00', '0000-00-00', NULL, NULL, 'CavSU Board Finance Meeting', 'Tagaytay City', '', 11, 'Approved', NULL, '0000-00-00', 0, 1, '2017-12-15 03:31:10', '0000-00-00 00:00:00'),
(359, '2017-12-19', '2017-12-19', '10:00 AM', '3:00 PM', '0000-00-00', '0000-00-00', NULL, NULL, 'STCIERD RIEGC,-RTWG  Meeting and R&D Competition Awarding', 'Crimson Hotel, Alabang', '', 11, 'Approved', NULL, '0000-00-00', 0, 1, '2017-12-15 03:32:44', '0000-00-00 00:00:00'),
(360, '2017-12-20', '2017-12-20', '8:00 AM', '5:00 PM', '0000-00-00', '0000-00-00', NULL, NULL, 'Baseline Assessment of Internal Control System', 'DOST CALABARZON', '', 11, 'Approved', NULL, '0000-00-00', 0, 1, '2017-12-15 03:34:06', '0000-00-00 00:00:00'),
(361, '2017-12-21', '2017-12-21', '8:00 AM', '5:00 AM', '0000-00-00', '0000-00-00', NULL, NULL, 'General Assembly and Christmas Party', 'RFSQAC, Los Baños, Laguna', '', 11, 'Approved', NULL, '0000-00-00', 0, 1, '2017-12-15 03:35:35', '0000-00-00 00:00:00'),
(362, '2017-12-22', '2017-12-22', '10:00 AM', '12:00 PM', '0000-00-00', '0000-00-00', NULL, NULL, 'Attend MSME Outbound Trade Mission Canada & USA', 'Tiaong, Quezon', '', 11, 'Approved', NULL, '0000-00-00', 0, 1, '2017-12-15 03:36:52', '0000-00-00 00:00:00'),
(363, '2018-01-05', '2018-01-05', '9:30 AM', '12:00 PM', '0000-00-00', '0000-00-00', NULL, NULL, 'Meeting with RxBox Technical Panel', 'Metro Manila', '', 11, 'Approved', NULL, '0000-00-00', 0, 1, '2017-12-29 02:04:20', '0000-00-00 00:00:00'),
(364, '2018-01-06', '2018-01-06', '9:00 AM', '3:00 PM', '0000-00-00', '0000-00-00', NULL, NULL, 'SFTPs visit to Calauan Community thru EVFI and visit to DOST projects in Laguna', 'Calauan Laguna', '', 11, 'Approved', NULL, '0000-00-00', 0, 1, '2017-12-29 02:06:15', '0000-00-00 00:00:00'),
(365, '2018-01-08', '2018-01-08', '9:00 AM', '1:00 PM', '0000-00-00', '0000-00-00', NULL, NULL, 'Attend project MOA signing of LGU Bacoor', 'Bacoor, Cavite', '', 11, 'Approved', NULL, '0000-00-00', 0, 1, '2017-12-29 02:07:43', '0000-00-00 00:00:00'),
(366, '2018-01-09', '2018-01-09', '8:00 AM', '5:00 PM', '0000-00-00', '0000-00-00', NULL, NULL, 'HALAL and PARCU Workshop', 'DOST CALABARZON', '', 11, 'Approved', NULL, '0000-00-00', 0, 1, '2017-12-29 02:08:53', '0000-00-00 00:00:00'),
(367, '2018-01-16', '2018-01-19', '8:00 AM', '5:00 PM', '0000-00-00', '0000-00-00', NULL, NULL, 'Performance Assessment of Regional Offices and RD\'s Meeting', 'Alabang', '', 11, 'Approved', NULL, '0000-00-00', 0, 1, '2017-12-29 02:10:40', '0000-00-00 00:00:00'),
(368, '2018-01-23', '2018-01-24', '8:00 AM', '5:00 PM', '0000-00-00', '0000-00-00', NULL, NULL, 'TWG Meeting CEST convergence program', 'Quezon Province', '', 11, 'Canceled', 'reschedule', '2018-01-17', 11, 0, '2017-12-29 02:11:56', '0000-00-00 00:00:00'),
(369, '2018-01-25', '2018-01-26', '8:00 AM', '5:00 PM', '0000-00-00', '0000-00-00', NULL, NULL, 'Attend DARIUS program ', 'Baguio City', '', 11, 'Canceled', 'Adjustment on date', '2018-01-17', 11, 0, '2017-12-29 02:12:51', '0000-00-00 00:00:00');
INSERT INTO `t_meetings` (`m_id`, `m_startdate`, `m_enddate`, `m_starttime`, `m_endtime`, `m_tstartdate`, `m_tenddate`, `m_tstarttime`, `m_tendtime`, `m_purpose`, `m_destination`, `m_others`, `m_encodedby`, `m_status`, `m_reason`, `m_datechecked`, `m_postponedby`, `m_stat`, `created_at`, `updated_at`) VALUES
(370, '2018-01-11', '2018-01-11', '10:00 AM', '3:00 PM', '0000-00-00', '0000-00-00', NULL, NULL, 'FAS  Meeting ', 'DOST $A Los Baños ', 'ARD Bernard L. Soriano and ALL FAS Staff\r\n', 90, 'Approved', NULL, '2018-01-09', 0, 1, '2017-12-29 05:18:39', '0000-00-00 00:00:00'),
(371, '2018-01-29', '2018-01-29', '10:00 AM', '12:00 PM', '2018-01-26', '2018-01-26', '1:00 AM', '5:00 PM', 'RML\'s Management Review', 'ORD', '', 63, 'Canceled', 'unavailability of focal persons', '2018-01-11', 63, 0, '2018-01-03 03:36:39', '0000-00-00 00:00:00'),
(372, '2018-01-03', '2018-01-03', '1:00 PM', '5:00 PM', '0000-00-00', '0000-00-00', NULL, NULL, 'Project monitoring Calauan and San Pablo Laguna', 'Calauan & San Pablo City, Laguna', '', 11, 'Approved', NULL, '0000-00-00', 0, 1, '2018-01-04 07:35:26', '0000-00-00 00:00:00'),
(373, '2018-01-04', '2018-01-04', '8:30 AM', '5:00 PM', '0000-00-00', '0000-00-00', NULL, NULL, 'Rizal Province project monitoring visit & inspection of building construction', 'Rizal Province', '', 11, 'Approved', NULL, '0000-00-00', 0, 1, '2018-01-04 07:36:38', '0000-00-00 00:00:00'),
(374, '2018-01-08', '2018-01-08', '11:00 AM', '2:30 PM', '0000-00-00', '0000-00-00', NULL, NULL, 'Meeting with RxBox Technical Panel', 'Manila', '', 11, 'Approved', NULL, '0000-00-00', 0, 1, '2018-01-04 07:38:32', '0000-00-00 00:00:00'),
(375, '2018-01-10', '2018-01-10', '9:00 AM', '10:00 AM', '0000-00-00', '0000-00-00', NULL, NULL, 'Interview with Mr. Bañez', 'DOST CALABARZON', '', 11, 'Approved', NULL, '0000-00-00', 0, 1, '2018-01-04 07:40:26', '0000-00-00 00:00:00'),
(376, '2018-01-12', '2018-01-12', '1:00 PM', '3:00 PM', '0000-00-00', '0000-00-00', NULL, NULL, 'To give opening message during LBSCFI Infocom Review and Planning Workshop', 'DOST-PCAARRD', 'Infocom Members', 82, 'Canceled', 'previous meeting arrange with RxBox group', '2018-01-09', 2, 1, '2018-01-08 08:58:29', '0000-00-00 00:00:00'),
(377, '2018-01-10', '2018-01-10', '10:00 PM', '12:00 AM', '0000-00-00', '0000-00-00', NULL, NULL, 'Organizational Meeting with PCIEERD', 'Conference Room, DOST CALABARZON, Los Banos, Laguna', 'PCIEERD staff', 1, 'Approved', NULL, '2018-01-09', 0, 1, '2018-01-08 13:26:30', '0000-00-00 00:00:00'),
(378, '2018-01-23', '2018-01-23', '10:00 AM', '1:45 PM', '0000-00-00', '0000-00-00', NULL, NULL, 'Infrastructure Audit 2nd TWG Meeting', 'RFSQAC, DOST IV-A, Los Baños, Laguna', '', 24, 'Canceled', 'Conflict of schedule', '2018-01-17', 24, 0, '2018-01-09 05:32:51', '0000-00-00 00:00:00'),
(379, '2018-01-15', '2018-01-15', '2:00 PM', '3:00 PM', '0000-00-00', '0000-00-00', NULL, NULL, 'Meeting with Sir Zen Trinidad regarding DOST CALABARZON 2018 Plans\r\n(Sir Zen will relay the plans during the Tambuli Media Network Quarterly Meeting on January 19)', 'DOST CALABARZON Regional Office', '', 82, 'Approved', NULL, '2018-01-14', 0, 1, '2018-01-10 02:09:06', '0000-00-00 00:00:00'),
(380, '2018-01-26', '2018-01-26', '1:00 PM', '5:00 PM', '0000-00-00', '0000-00-00', NULL, NULL, '7th Management Review of RML', 'Office of the Regional Director', '', 63, 'Canceled', 'RDs Meeting', '2018-01-14', 2, 1, '2018-01-11 00:45:00', '0000-00-00 00:00:00'),
(381, '2018-01-29', '2018-01-29', '8:00 AM', '2:00 PM', '0000-00-00', '0000-00-00', NULL, NULL, 'Guest Speaker to CavSU Commencement Exercises', 'Indang, Cavite', '', 11, 'Canceled', 'change of date', '2018-01-17', 11, 0, '2018-01-15 03:01:20', '0000-00-00 00:00:00'),
(382, '2018-01-30', '2018-01-31', '8:00 AM', '5:00 PM', '0000-00-00', '0000-00-00', NULL, NULL, 'Attend the NAST STI HUB - Quezon', 'Pagbilao, Quezon', '', 11, 'Approved', NULL, '0000-00-00', 0, 1, '2018-01-15 03:02:50', '0000-00-00 00:00:00'),
(383, '2018-01-29', '2018-01-29', '3:00 PM', '5:00 PM', '0000-00-00', '0000-00-00', NULL, NULL, 'RML\'s 7th Management Review', 'Office of the Regional Director', '', 63, 'Approved', 'availability of top management', '2018-01-22', NULL, 1, '2018-01-15 03:29:10', '0000-00-00 00:00:00'),
(384, '2018-01-17', '2018-01-18', '8:00 AM', '5:00 PM', '0000-00-00', '0000-00-00', NULL, NULL, '2017 Performance Review & 2018 Target Setting', 'DOST Bicutan, ADMATEL Bldg.', '', 11, 'Approved', NULL, '0000-00-00', 0, 1, '2018-01-17 00:54:26', '0000-00-00 00:00:00'),
(385, '2018-01-19', '2018-01-19', '10:30 AM', '3:00 PM', '0000-00-00', '0000-00-00', NULL, NULL, 'SCED meeting', 'NEDA IV A, Calamba City', '', 11, 'Approved', NULL, '0000-00-00', 0, 1, '2018-01-17 00:56:26', '0000-00-00 00:00:00'),
(386, '2018-01-22', '2018-01-22', '8:00 AM', '5:00 PM', '2018-01-22', '2018-01-23', '8:00 AM', '5:00 PM', 'CEST Convergence meeting', 'Bicutan', '', 11, 'Canceled', 'Reschedule', '2018-01-17', 11, 0, '2018-01-17 01:06:58', '0000-00-00 00:00:00'),
(387, '2018-01-24', '2018-01-25', '10:00 AM', '5:00 PM', '0000-00-00', '0000-00-00', NULL, NULL, 'Attend DARIUS meeting', 'Baguio City', '', 11, 'Approved', NULL, '0000-00-00', 0, 1, '2018-01-17 01:17:27', '0000-00-00 00:00:00'),
(388, '2018-02-06', '2018-02-06', '9:30 AM', '3:00 PM', '0000-00-00', '0000-00-00', NULL, NULL, '2nd Infrastructure Audit TWG Meeting ', 'RFSQAC, DOST IV-A', '', 24, 'Approved', NULL, '2018-01-22', 0, 1, '2018-01-17 01:27:56', '0000-00-00 00:00:00'),
(389, '2018-01-22', '2018-01-23', '8:00 AM', '5:00 PM', '0000-00-00', '0000-00-00', NULL, NULL, 'Workshop on CEST Manual of Operations\r\n', 'NRCP Auditorium, Bicutan ', '', 11, 'Approved', NULL, '0000-00-00', 0, 1, '2018-01-17 01:32:59', '0000-00-00 00:00:00'),
(390, '2018-01-26', '2018-01-26', '8:00 AM', '5:00 PM', '0000-00-00', '0000-00-00', NULL, NULL, '1st Quarter Regional Director\'s Meeting', 'PCAARRD, Los Baños, Laguna', '', 11, 'Approved', NULL, '0000-00-00', 0, 1, '2018-01-17 01:41:10', '0000-00-00 00:00:00'),
(391, '2018-01-26', '2018-01-26', '11:00 AM', '4:00 PM', '0000-00-00', '0000-00-00', NULL, NULL, 'Meeting with NEDA IV A & III Director', 'San Fernando Pampanga', '', 11, 'Approved', NULL, '0000-00-00', 0, 1, '2018-01-17 01:42:33', '0000-00-00 00:00:00'),
(392, '2018-01-27', '2018-01-27', '8:00 AM', '2:00 PM', '0000-00-00', '0000-00-00', NULL, NULL, 'Commencement Speaker at CAvite State University', 'Indang, Cavite', '', 11, 'Approved', NULL, '0000-00-00', 0, 1, '2018-01-17 07:52:24', '0000-00-00 00:00:00'),
(393, '2018-01-29', '2018-01-29', '9:00 AM', '1:00 PM', '0000-00-00', '0000-00-00', NULL, NULL, 'CavSU Board of Regents Meeting', 'CHED Quezon City', '', 11, 'Approved', NULL, '0000-00-00', 0, 1, '2018-01-17 07:53:52', '0000-00-00 00:00:00'),
(394, '2018-01-29', '2018-01-29', '3:00 PM', '5:00 PM', '0000-00-00', '0000-00-00', NULL, NULL, 'RML Management Review', 'DOST CALABARZON Conference Room', '', 11, 'Approved', NULL, '0000-00-00', 0, 1, '2018-01-17 07:54:45', '0000-00-00 00:00:00'),
(395, '2018-01-31', '2018-01-31', '9:00 AM', '1:00 PM', '0000-00-00', '0000-00-00', NULL, NULL, 'MOA signing on Complementary Food Project Phase II', 'Mulanay, Quezon', '', 11, 'Approved', NULL, '0000-00-00', 0, 1, '2018-01-17 07:56:45', '0000-00-00 00:00:00'),
(396, '2018-02-01', '2018-02-02', '8:00 AM', '5:00 PM', '0000-00-00', '0000-00-00', NULL, NULL, 'RDC Technical Budget Review', 'NEDA IV-A Calamba City', '', 11, 'Approved', NULL, '0000-00-00', 0, 1, '2018-01-17 07:59:27', '0000-00-00 00:00:00'),
(397, '2018-02-15', '2018-02-16', '8:00 AM', '5:00 PM', '0000-00-00', '0000-00-00', NULL, NULL, 'Makapuno Activities & Canadian Trade Mission\r\nDay 1 - Forum on Makapuno\r\nDay 2 - Alabat Launching of Makapuno Island Project', 'Lucena City & Alabat, Quezon', '', 11, 'Approved', NULL, '0000-00-00', 0, 1, '2018-01-17 08:02:27', '0000-00-00 00:00:00'),
(398, '2018-02-26', '2018-02-27', '8:00 AM', '5:00 PM', '0000-00-00', '0000-00-00', NULL, NULL, 'ISO Surveillance and 9001:2015  Transition Audit', 'DOST CALABARZON', '', 11, 'Approved', NULL, '0000-00-00', 0, 1, '2018-01-17 08:03:58', '0000-00-00 00:00:00'),
(399, '2018-02-22', '2018-02-22', '8:00 AM', '5:00 PM', '0000-00-00', '0000-00-00', NULL, NULL, '1st Management Committee / Provincial Director\'s Meeting', 'DOST CALABARZON', '', 11, 'Approved', NULL, '0000-00-00', 0, 1, '2018-01-18 08:46:22', '0000-00-00 00:00:00'),
(400, '2018-05-24', '2018-05-24', '8:00 AM', '5:00 PM', '0000-00-00', '0000-00-00', NULL, NULL, '2nd Management Committee / Provincial Director\'s Meeting', 'DOST CALABARZON', 'FEABLAZA\r\nMEEJAWILI', 11, 'Approved', NULL, '0000-00-00', 0, 1, '2018-01-18 08:48:47', '0000-00-00 00:00:00'),
(401, '2018-02-07', '2018-02-08', '8:00 AM', '4:30 PM', '0000-00-00', '0000-00-00', NULL, NULL, 'DARIUS Planning workshop', 'dost 4a', '', 2, 'Approved', NULL, '0000-00-00', 0, 1, '2018-01-23 01:22:24', '0000-00-00 00:00:00'),
(402, '2018-02-09', '2018-02-09', '8:30 AM', '1:00 PM', '0000-00-00', '0000-00-00', NULL, NULL, 'Attend SCED-RDC meeting', 'Lipa City', '', 2, 'Approved', NULL, '0000-00-00', 0, 1, '2018-01-23 08:08:18', '0000-00-00 00:00:00'),
(403, '2018-02-06', '2018-02-06', '2:00 PM', '5:00 PM', '0000-00-00', '0000-00-00', NULL, NULL, 'Management Review for CWWTL.', 'PSTC Cavite', '', 98, 'Approved', 'CWWTL Management Review', '2018-02-01', NULL, 1, '2018-01-24 05:30:40', '0000-00-00 00:00:00'),
(404, '2018-02-05', '2018-02-05', '1:00 PM', '5:15 PM', '0000-00-00', '0000-00-00', NULL, NULL, 'Interview by DOSTv in its new segment dubbed as \"NegoSyensya\" featuring CEST Lobo', 'Lobo, Batangas', 'CEST beneficiaries, Mayor Jurly Manalo, LGU-Lobo workforce ', 58, 'Canceled', 'previous schedule committed', '2018-02-02', 2, 1, '2018-01-31 05:16:19', '0000-00-00 00:00:00'),
(405, '2018-02-12', '2018-02-12', '9:00 AM', '12:00 PM', '0000-00-00', '0000-00-00', NULL, NULL, 'Mediation with Dealo Koffee Klatch regarding SETUP case', 'Philippine Mediation Center, RTC Calamba Branch 37, Calamba City', 'PSTC Quezon, OSG, ARD BLS', 50, 'Approved', NULL, '2018-02-02', 0, 1, '2018-02-01 02:29:51', '0000-00-00 00:00:00'),
(406, '2018-02-05', '2018-02-05', '10:00 PM', '3:00 PM', '0000-00-00', '0000-00-00', NULL, NULL, '21stCLEM Pre-implementation and Monitoring Meeting', 'PCIEERD, Bicutan, Taguig City', '', 1, 'Approved', NULL, '2018-02-02', 0, 1, '2018-02-01 06:53:03', '0000-00-00 00:00:00'),
(407, '2018-02-14', '2018-02-14', '9:00 AM', '1:00 PM', '0000-00-00', '0000-00-00', NULL, NULL, 'BatStateU BOR meeting', 'CHED 4A', '', 2, 'Approved', NULL, '0000-00-00', 0, 1, '2018-02-05 04:47:13', '0000-00-00 00:00:00'),
(408, '2018-02-08', '2018-02-08', '9:00 PM', '1:15 PM', '0000-00-00', '0000-00-00', NULL, NULL, 'Carageenan  Inception meeting', 'PACAARD ', '', 2, 'Approved', NULL, '0000-00-00', 0, 1, '2018-02-05 05:09:22', '0000-00-00 00:00:00'),
(409, '2018-02-08', '2018-02-08', '1:30 PM', '5:15 PM', '0000-00-00', '0000-00-00', NULL, NULL, 'Meeting with staff re Impression', 'DOST4A', '', 2, 'Approved', NULL, '0000-00-00', 0, 1, '2018-02-05 05:10:10', '0000-00-00 00:00:00'),
(410, '2018-02-09', '2018-02-09', '9:00 AM', '12:00 PM', '0000-00-00', '0000-00-00', NULL, NULL, 'Meeting with interested client', 'DOST CALABARZON', '', 11, 'Approved', NULL, '0000-00-00', 0, 1, '2018-02-08 05:14:49', '0000-00-00 00:00:00'),
(411, '2018-02-19', '2018-02-19', '1:00 PM', '5:00 PM', '0000-00-00', '0000-00-00', NULL, NULL, 'DOST ManCom Meeting', 'PHIVOLCS Quezon City', '', 11, 'Approved', NULL, '0000-00-00', 0, 1, '2018-02-08 05:16:52', '0000-00-00 00:00:00'),
(412, '2018-02-20', '2018-02-20', '9:00 AM', '11:00 AM', '0000-00-00', '0000-00-00', NULL, NULL, 'LBSCFI Tourism Council Meeting', 'DOST CALABARZON, Los Baños, Laguna', '', 11, 'Approved', NULL, '0000-00-00', 0, 1, '2018-02-08 05:22:14', '0000-00-00 00:00:00'),
(413, '2018-02-20', '2018-02-20', '1:00 PM', '5:00 PM', '0000-00-00', '0000-00-00', NULL, NULL, 'RSTL Management Review ', 'DOST CALABARZON, Los Baños, Laguna', '', 11, 'Canceled', 'Change date due to conflict in schedule  ', '2018-02-19', 11, 0, '2018-02-08 05:23:21', '0000-00-00 00:00:00'),
(414, '2018-02-20', '2018-02-20', '8:00 AM', '5:00 PM', '0000-00-00', '0000-00-00', NULL, NULL, 'STAARRDEC-SLSU Sipag Fiesta', 'Lucena City', '', 11, 'Approved', NULL, '0000-00-00', 0, 1, '2018-02-08 05:24:28', '0000-00-00 00:00:00'),
(415, '2018-02-21', '2018-02-21', '9:00 AM', '1:00 PM', '0000-00-00', '0000-00-00', NULL, NULL, 'DOST-GIA EXECOM meeting', 'PSHS Quezon City', '', 11, 'Approved', NULL, '0000-00-00', 0, 1, '2018-02-08 05:25:45', '0000-00-00 00:00:00'),
(416, '2018-02-22', '2018-02-22', '8:00 AM', '5:00 PM', '0000-00-00', '0000-00-00', NULL, NULL, 'CES Leadership Conclave', 'Shangri-la Manila, Mandaluyong City', '', 11, 'Approved', NULL, '0000-00-00', 0, 1, '2018-02-08 05:39:05', '0000-00-00 00:00:00'),
(417, '2018-02-23', '2018-02-23', '2:30 PM', '5:00 PM', '0000-00-00', '0000-00-00', NULL, NULL, 'SLSU Finance Committee meeting', 'NEDA IV-A, Calamba City', '', 11, 'Approved', NULL, '0000-00-00', 0, 1, '2018-02-08 05:41:47', '0000-00-00 00:00:00'),
(418, '2018-03-05', '2018-03-05', '9:00 AM', '1:00 PM', '0000-00-00', '0000-00-00', NULL, NULL, 'DOST EXECOM Policy Meeting 2018-1', 'PSHS Board Room, Quezon City', '', 11, 'Approved', NULL, '0000-00-00', 0, 1, '2018-02-08 05:43:29', '0000-00-00 00:00:00'),
(419, '2018-03-12', '2018-03-12', '2:00 PM', '5:00 PM', '0000-00-00', '0000-00-00', NULL, NULL, 'URS Board Finance Meeting', 'NEDA IV-A Calamba City', '', 11, 'Canceled', 'Change schedule to March 06, 2018', '2018-02-19', 11, 0, '2018-02-08 05:45:44', '0000-00-00 00:00:00'),
(420, '2018-03-08', '2018-03-08', '8:30 AM', '1:00 PM', '0000-00-00', '0000-00-00', NULL, NULL, '2nd TWG Meeting: Value Chain Approach for Island Economy Development', 'Quezon Province', '', 65, 'Approved', NULL, '2018-02-12', 0, 1, '2018-02-09 01:10:42', '0000-00-00 00:00:00'),
(421, '2018-03-15', '2018-02-15', '8:30 AM', '4:00 PM', '2018-03-15', '2018-03-15', '8:30 AM', '3:00 PM', 'Meeting for the preparation of DOST-CALABARZON\'s Communication Plan with PARCU and PIOs', 'DOST CALABARZON Regional Office', '', 82, 'Canceled', 'wrong input', '2018-03-07', 82, 0, '2018-02-19 01:11:44', '2018-02-20 01:55:14'),
(422, '2018-02-19', '2018-02-19', '8:00 AM', '4:00 PM', '0000-00-00', '0000-00-00', NULL, NULL, 'Innovation Forum', 'PHIVOLCS Board Room, Quezon City', '', 11, 'Approved', NULL, '0000-00-00', 0, 1, '2018-02-19 06:04:45', '0000-00-00 00:00:00'),
(423, '2018-02-23', '2018-02-23', '10:00 AM', '1:00 PM', '0000-00-00', '0000-00-00', NULL, NULL, 'RSTL management review meeting', 'DOST CALABARZON, Los Baños, Laguna', '', 11, 'Approved', NULL, '0000-00-00', 0, 1, '2018-02-19 06:14:16', '0000-00-00 00:00:00'),
(424, '2018-02-21', '2018-02-21', '1:00 PM', '3:30 PM', '0000-00-00', '0000-00-00', NULL, NULL, 'RTC Calamba ', 'RTC Calamba City', '', 11, 'Approved', NULL, '0000-00-00', 0, 1, '2018-02-19 06:28:38', '0000-00-00 00:00:00'),
(425, '2018-02-28', '2018-02-28', '10:00 AM', '1:00 PM', '0000-00-00', '0000-00-00', NULL, NULL, 'Attend meeting at TAPI re: Technology Transfer Day with Usec. Manzano', 'DOST Bicutan, Taguig City', '', 11, 'Approved', NULL, '0000-00-00', 0, 1, '2018-02-19 06:40:30', '0000-00-00 00:00:00'),
(426, '2018-02-28', '2018-02-28', '2:00 PM', '5:00 PM', '0000-00-00', '0000-00-00', NULL, NULL, 'RTC Calamba', 'RTC Calamba City', '', 11, 'Approved', NULL, '0000-00-00', 0, 1, '2018-02-19 06:41:32', '0000-00-00 00:00:00'),
(427, '2018-03-01', '2018-03-01', '9:00 AM', '5:00 PM', '0000-00-00', '0000-00-00', NULL, NULL, 'Attend 2nd coordination meeting re: 2018 NAST RSM ', 'Quest HOtel, Mimosa Clark, Pampanga', '', 11, 'Approved', NULL, '0000-00-00', 0, 1, '2018-02-19 06:44:00', '0000-00-00 00:00:00'),
(428, '2018-03-05', '2018-03-05', '10:00 AM', '1:00 PM', '0000-00-00', '0000-00-00', NULL, NULL, 'SLSU Special Board Meeting', 'CHED Quezon City', '', 11, 'Approved', NULL, '0000-00-00', 0, 1, '2018-02-19 06:45:57', '0000-00-00 00:00:00'),
(429, '2018-03-06', '2018-03-06', '9:00 AM', '12:00 PM', '0000-00-00', '0000-00-00', NULL, NULL, 'URS Board finance meeting', 'NEDA IV-A, Calamba City', '', 11, 'Approved', NULL, '0000-00-00', 0, 1, '2018-02-19 06:47:59', '0000-00-00 00:00:00'),
(430, '2018-03-07', '2018-03-07', '10:00 AM', '3:00 PM', '0000-00-00', '0000-00-00', NULL, NULL, 'PCHRD RxBox Meeting', 'Manila', '', 11, 'Approved', NULL, '0000-00-00', 0, 1, '2018-02-19 07:00:28', '0000-00-00 00:00:00'),
(431, '2018-03-15', '2018-03-16', '8:00 AM', '5:00 PM', '0000-00-00', '0000-00-00', NULL, NULL, 'Project visitation DBM. BU. E in Batangas Provincce', 'Batangas Province', 'Adelaida A. Florendo', 11, 'Approved', 'Project Visitation DBM.BU.E, Batangas Province', '2018-03-06', NULL, 1, '2018-02-19 07:05:34', '2018-03-06 05:34:52'),
(432, '2018-03-12', '2018-03-12', '10:30 AM', '1:30 PM', '0000-00-00', '0000-00-00', NULL, NULL, 'SLSU Board Finance Meeting', 'NEDA IV-A, Calamba City', '', 11, 'Approved', NULL, '0000-00-00', 0, 1, '2018-02-19 07:07:35', '0000-00-00 00:00:00'),
(433, '2018-03-12', '2018-03-12', '2:00 PM', '5:00 PM', '0000-00-00', '0000-00-00', NULL, NULL, 'LSPU board Finance meeting', 'NEDA IV-A, Calamba City', '', 11, 'Approved', NULL, '0000-00-00', 0, 1, '2018-02-19 07:08:33', '0000-00-00 00:00:00'),
(434, '2018-03-16', '2018-03-16', '1:30 PM', '5:00 PM', '0000-00-00', '0000-00-00', NULL, NULL, 'Mediation JDR with DEALO ', 'RTC Calamba City', '', 11, 'Approved', NULL, '0000-00-00', 0, 1, '2018-02-19 07:12:17', '0000-00-00 00:00:00'),
(435, '2018-03-14', '2018-03-14', '9:00 AM', '5:00 PM', '0000-00-00', '0000-00-00', NULL, NULL, '1st quarter RDC full council meeting', 'Paseo Premier Hotel, Santa Rosa City', '', 11, 'Approved', NULL, '2018-03-09', 0, 1, '2018-02-21 00:26:55', '2018-03-09 01:59:31'),
(436, '2018-03-22', '2018-03-22', '9:00 AM', '12:00 PM', '0000-00-00', '0000-00-00', NULL, NULL, 'URS BOR', 'CHED', '', 2, 'Approved', NULL, '0000-00-00', 0, 1, '2018-02-21 02:46:12', '0000-00-00 00:00:00'),
(437, '2018-03-22', '2018-03-22', '1:00 PM', '5:00 PM', '0000-00-00', '0000-00-00', NULL, NULL, 'LSPU BOR', 'CHED', '', 2, 'Approved', NULL, '0000-00-00', 0, 1, '2018-02-21 02:52:08', '0000-00-00 00:00:00'),
(438, '2018-03-23', '2018-03-23', '9:00 AM', '12:00 PM', '0000-00-00', '0000-00-00', NULL, NULL, 'CavSU BOR', 'CHED', '', 2, 'Approved', NULL, '0000-00-00', 0, 1, '2018-02-21 02:53:07', '0000-00-00 00:00:00'),
(439, '2018-03-23', '2018-03-23', '1:00 PM', '5:00 PM', '0000-00-00', '0000-00-00', NULL, NULL, 'SLSU BOR', 'CHED', '', 2, 'Approved', NULL, '0000-00-00', 0, 1, '2018-02-21 02:53:57', '0000-00-00 00:00:00'),
(440, '2018-03-26', '2018-03-28', '9:00 AM', '5:00 PM', '0000-00-00', '0000-00-00', NULL, NULL, 'Attend Data Privacy Seminar Workshop', 'Baguio City', '', 2, 'Approved', NULL, '0000-00-00', 0, 1, '2018-02-21 21:02:53', '0000-00-00 00:00:00'),
(441, '2018-04-25', '2018-04-27', '3:15 PM', '12:15 PM', '0000-00-00', '0000-00-00', NULL, NULL, 'Attend STS ASEAN Workshop', 'Cebu City', '', 2, 'Approved', NULL, '0000-00-00', 0, 1, '2018-02-21 21:08:41', '0000-00-00 00:00:00'),
(442, '2018-03-23', '2018-03-23', '1:30 PM', '5:00 PM', '0000-00-00', '0000-00-00', NULL, NULL, 'To attend 1st Qtr LBSCFI Steering Committee Meeting', 'C.B Perez Room, PCAARRD', 'LBSCFI Member Agencies', 82, 'Canceled', 'BOR Meeting, Request ARD Lyds to attend', '2018-02-22', 2, 1, '2018-02-22 01:14:15', '0000-00-00 00:00:00'),
(443, '2018-02-27', '2018-02-27', '10:00 AM', '4:00 PM', '0000-00-00', '0000-00-00', NULL, NULL, 'Technical Budget Hearing with DBM', 'PhiVolcs ', '', 2, 'Approved', NULL, '0000-00-00', 0, 1, '2018-02-22 08:43:14', '0000-00-00 00:00:00'),
(444, '2018-02-26', '2018-02-26', '11:00 AM', '1:00 PM', '0000-00-00', '0000-00-00', NULL, NULL, 'Quezon Coconut R&D Center', 'Makati', '', 2, 'Approved', NULL, '0000-00-00', 0, 1, '2018-02-23 02:12:30', '0000-00-00 00:00:00'),
(445, '2018-03-16', '2018-03-16', '2:30 PM', '5:00 PM', '0000-00-00', '0000-00-00', NULL, NULL, 'To attend Seminar-Workshop on Communication Plan and Branding', 'TBA', '', 82, 'Canceled', 'wrong input', '2018-03-07', 82, 0, '2018-02-27 05:23:23', '2018-03-07 01:51:06'),
(446, '2018-03-01', '2018-03-01', '10:00 AM', '5:00 PM', '0000-00-00', '0000-00-00', NULL, NULL, 'Project Visit to proposed project to visit by DBM staff', 'Batangas Province', '', 11, 'Approved', NULL, '0000-00-00', 0, 1, '2018-03-01 03:28:09', '0000-00-00 00:00:00'),
(447, '2018-03-21', '2018-03-21', '9:15 AM', '12:15 PM', '0000-00-00', '0000-00-00', NULL, NULL, 'Meeting with Dr. Enrico Paringit regarding STRIDE and CHERM Project.', 'To be announced', '', 24, 'Approved', NULL, '2018-03-06', 0, 1, '2018-03-05 03:02:54', '0000-00-00 00:00:00'),
(448, '2018-03-21', '2018-03-21', '1:30 PM', '4:30 PM', '0000-00-00', '0000-00-00', NULL, NULL, 'Tsunami Early Warning System Coordination Meeting', 'Lucban, Quezon', 'PDRRMO Quezon, Batangas State University, PHIVOLCS', 24, 'Approved', NULL, '2018-03-06', 0, 1, '2018-03-05 06:21:08', '0000-00-00 00:00:00'),
(449, '2018-03-09', '2018-03-09', '9:00 AM', '12:00 PM', '0000-00-00', '0000-00-00', NULL, NULL, 'RxBox meeting with PCHRD', 'PHIVOLCS UPD, OVCRD Conferene Room, Quezon City', '', 11, 'Approved', NULL, '0000-00-00', 0, 1, '2018-03-06 03:52:20', '0000-00-00 00:00:00'),
(450, '2018-03-12', '2018-03-12', '5:30 PM', '7:00 PM', '0000-00-00', '0000-00-00', NULL, NULL, 'CavSU Pre-board and finance committee meeting', 'NEDA IV-A Conference Room, Calamba City', '', 11, 'Approved', NULL, '0000-00-00', 0, 1, '2018-03-06 03:55:43', '0000-00-00 00:00:00'),
(451, '2018-03-15', '2018-03-16', '8:00 AM', '4:00 PM', '0000-00-00', '0000-00-00', NULL, NULL, 'To attend Seminar-Workshop on Communication Plan and Branding', 'Palm Beach Resort, Laiya, Batangas', '', 82, 'Approved', NULL, '2018-03-12', 0, 1, '2018-03-07 01:53:01', '0000-00-00 00:00:00'),
(452, '2018-03-09', '2018-03-09', '2:00 PM', '5:00 PM', '0000-00-00', '0000-00-00', NULL, NULL, 'Maating of FAS Unit Heads  with RD and  OIC-ARD for FAS', 'DOST CALABARZON', '', 11, 'Approved', NULL, '0000-00-00', 0, 1, '2018-03-09 01:41:43', '0000-00-00 00:00:00'),
(453, '2018-03-13', '2018-03-13', '2:00 PM', '5:00 PM', '0000-00-00', '0000-00-00', NULL, NULL, 'Meeting re: CFoSH project ', 'DOST CALABARZON', '', 11, 'Approved', NULL, '0000-00-00', 0, 1, '2018-03-09 01:58:02', '0000-00-00 00:00:00'),
(454, '2018-03-19', '2018-03-19', '9:00 AM', '12:00 PM', '0000-00-00', '0000-00-00', NULL, NULL, 'PCHRD Governing Council Meeting re: RxBox Project', 'PHIVOLCS Bldg., UPD Quezon City', '', 11, 'Approved', NULL, '0000-00-00', 0, 1, '2018-03-09 02:12:59', '0000-00-00 00:00:00'),
(455, '2018-03-19', '2018-03-19', '12:00 PM', '5:00 PM', '0000-00-00', '0000-00-00', NULL, NULL, 'Attend 1st Quarter RDRRMC meeting..', 'Tagaytay City', '', 11, 'Approved', NULL, '2018-03-21', 0, 1, '2018-03-09 02:19:58', '2018-03-21 01:36:39'),
(456, '2018-03-20', '2018-03-20', '10:00 AM', '12:00 PM', '0000-00-00', '0000-00-00', NULL, NULL, 'Meeting with Cong. Tan re-Cacao project in the 4th District of Quezon', 'Room 516 House of Representatives, Batasan Pambansa Complex, Quezon City', '', 11, 'Approved', NULL, '2018-03-16', 0, 1, '2018-03-09 02:37:44', '2018-03-16 07:02:22'),
(457, '2018-03-15', '2018-03-15', '1:00 PM', '4:00 PM', '0000-00-00', '0000-00-00', NULL, NULL, 'Meeting re: Agri-Eco of Lobo', 'Lobo & San Juan, Batangas', '', 11, 'Approved', NULL, '0000-00-00', 0, 1, '2018-03-09 02:41:40', '0000-00-00 00:00:00'),
(458, '2018-03-16', '2018-03-16', '8:00 AM', '12:00 PM', '0000-00-00', '0000-00-00', NULL, NULL, 'Attend PCHRD Anniversary ', 'PICC, Pasay City', '', 11, 'Approved', NULL, '0000-00-00', 0, 1, '2018-03-09 03:31:25', '0000-00-00 00:00:00'),
(459, '2018-03-20', '2018-03-20', '9:00 AM', '11:45 AM', '2018-03-20', '2018-03-20', '3:00 PM', '5:00 PM', 'Infrastructure Audit Meeting', 'DOST 4A', 'Engr. Samuel Hernando', 24, 'Approved', 'Meeting with Cong Tan AM and URS Presdt Canapi at 1:00 pm', '2018-03-18', 2, 1, '2018-03-09 05:36:44', '0000-00-00 00:00:00'),
(460, '2018-04-02', '2018-04-02', '10:00 AM', '10:30 AM', '0000-00-00', '0000-00-00', NULL, NULL, 'Courtesy call of YES awardees from Montessori House of Learning', 'DOST CALABARZON Regional Office', 'Students, parents, and school representative from Montessori House of Learning', 82, 'Approved', NULL, '2018-03-18', 0, 1, '2018-03-18 01:31:27', '0000-00-00 00:00:00'),
(461, '2018-04-05', '2018-04-05', '9:00 AM', '7:00 PM', '0000-00-00', '0000-00-00', NULL, NULL, 'DTI-DOST RDs Conference/ DARIUS Presentation to RDs', 'Quezon City', '', 2, 'Approved', NULL, '0000-00-00', 0, 1, '2018-03-18 15:00:02', '0000-00-00 00:00:00'),
(462, '2018-04-06', '2018-04-06', '1:00 PM', '5:00 PM', '0000-00-00', '0000-00-00', NULL, NULL, 'Senior Hi LB Graduation Speaker', 'UPLB Auditorium', '', 2, 'Approved', NULL, '0000-00-00', 0, 1, '2018-03-18 15:04:12', '0000-00-00 00:00:00'),
(463, '2018-04-08', '2018-04-10', '3:00 AM', '5:00 PM', '0000-00-00', '0000-00-00', NULL, NULL, 'Value Chain Island Economy w/ DPWH-NEDA-POGI-DA-DTI-DOT', 'Polillo, Quezon', '', 2, 'Approved', NULL, '0000-00-00', 0, 1, '2018-03-18 15:06:45', '0000-00-00 00:00:00'),
(464, '2018-04-27', '2018-04-30', '8:15 AM', '6:15 PM', '0000-00-00', '0000-00-00', NULL, NULL, 'DARIUS TWG', 'Davao City', '', 2, 'Approved', NULL, '0000-00-00', 0, 1, '2018-03-18 15:11:10', '0000-00-00 00:00:00'),
(465, '2018-04-02', '2018-04-02', '9:00 AM', '5:00 PM', '0000-00-00', '0000-00-00', NULL, NULL, 'Special PSTC meeting re: SETUP & GIA Problematic Project', 'RFSQAC, Timugan Los Baños, Laguna', 'PSTDs, Project Leaders', 11, 'Approved', NULL, '0000-00-00', 0, 1, '2018-03-20 03:41:34', '0000-00-00 00:00:00'),
(466, '2018-04-03', '2018-04-04', '8:00 AM', '11:45 AM', '0000-00-00', '0000-00-00', NULL, NULL, 'Makpuno Island Workshop', 'TBA', '', 11, 'Approved', NULL, '0000-00-00', 0, 1, '2018-03-20 03:42:45', '0000-00-00 00:00:00'),
(467, '2018-05-03', '2018-05-04', '8:00 AM', '5:00 PM', '0000-00-00', '0000-00-00', NULL, NULL, 'GENERAL ASSEMBLY AND TEAM BUILDING ACTIVITY', 'TBA', '', 11, 'Approved', NULL, '2018-03-21', 0, 1, '2018-03-20 03:53:31', '2018-03-21 01:48:19'),
(468, '2018-05-09', '2018-05-10', '8:00 AM', '5:00 PM', '0000-00-00', '0000-00-00', NULL, NULL, 'Attend as resource speaker to the conduct of Luzon Regional Scientific Meeting', 'NAST Clark Pampanga', '', 11, 'Approved', NULL, '0000-00-00', 0, 1, '2018-03-20 03:55:18', '0000-00-00 00:00:00'),
(469, '2018-05-30', '2018-05-30', '8:00 AM', '5:00 PM', '0000-00-00', '0000-00-00', NULL, NULL, 'Launching of Food Safety Training Module', 'TBA', '', 11, 'Approved', NULL, '0000-00-00', 0, 1, '2018-03-20 03:57:28', '0000-00-00 00:00:00'),
(470, '2018-04-19', '2018-04-19', '8:15 AM', '5:00 PM', '0000-00-00', '0000-00-00', NULL, NULL, 'Planning Workshop for CHERM & STRIDE Establishment', 'Lucban, Quezon', 'DENR, LLDA, OCD, NEDA, ASTI, SLSU, Dr. Paringit', 24, 'Approved', NULL, '2018-03-21', 0, 1, '2018-03-21 03:11:46', '0000-00-00 00:00:00'),
(471, '2018-04-20', '2018-04-20', '9:00 AM', '5:00 PM', '0000-00-00', '0000-00-00', NULL, NULL, 'National R&D Conference', 'Manila', '', 2, 'Approved', NULL, '0000-00-00', 0, 1, '2018-03-21 05:32:35', '0000-00-00 00:00:00'),
(472, '2018-04-03', '2018-04-04', '8:30 AM', '5:00 PM', '0000-00-00', '0000-00-00', NULL, NULL, 'Conduct of Makapuno FS Workshop', 'Calamba City', '', 2, 'Approved', NULL, '0000-00-00', 0, 1, '2018-03-21 05:36:41', '0000-00-00 00:00:00'),
(473, '2018-04-12', '2018-04-12', '10:00 AM', '12:00 PM', '0000-00-00', '0000-00-00', NULL, NULL, 'Meeting on the monitoring of project \"Aerobic Treatment of Anaerobically Pre-Digested Swine Wastewater using Activated Sludge and Subsequent Polishing using Biological Filters/Trickling Filter\"', 'DOST IV-A', '', 24, 'Approved', NULL, '2018-03-23', 0, 1, '2018-03-22 08:54:04', '0000-00-00 00:00:00'),
(474, '2018-04-11', '2018-04-11', '9:15 AM', '2:15 PM', '0000-00-00', '0000-00-00', NULL, NULL, 'Meeting with Director Carmen of RCT Antipolo', 'Antipolo City', '', 24, 'Pending', NULL, '0000-00-00', 0, 0, '2018-03-23 06:06:07', '0000-00-00 00:00:00'),
(475, '2018-04-23', '2018-04-23', '9:30 PM', '2:30 PM', '0000-00-00', '0000-00-00', NULL, NULL, 'Prevention and Mitigation 1st Quarter 2018', 'DOST CALBARZON', '', 24, 'Pending', NULL, '0000-00-00', 0, 0, '2018-03-23 06:17:41', '0000-00-00 00:00:00'),
(476, '2018-04-23', '2018-04-23', '9:30 AM', '2:30 PM', '0000-00-00', '0000-00-00', NULL, NULL, 'Prevention and Mitigation 1st Qtr 2018 mtg', 'DOST CALABRZON', '', 24, 'Pending', NULL, '0000-00-00', 0, 0, '2018-03-23 06:19:01', '0000-00-00 00:00:00');

-- --------------------------------------------------------

--
-- Table structure for table `t_participants`
--

CREATE TABLE `t_participants` (
  `p_id` int(10) UNSIGNED NOT NULL,
  `m_id` int(10) UNSIGNED NOT NULL,
  `u_id` int(10) UNSIGNED NOT NULL,
  `p_ord` tinyint(4) NOT NULL DEFAULT '0',
  `p_seen` tinyint(4) NOT NULL DEFAULT '0',
  `p_notif` varchar(255) COLLATE utf8mb4_unicode_ci NOT NULL DEFAULT 'Pending',
  `created_at` timestamp NULL DEFAULT NULL,
  `updated_at` timestamp NULL DEFAULT NULL
) ENGINE=InnoDB DEFAULT CHARSET=utf8mb4 COLLATE=utf8mb4_unicode_ci;

--
-- Dumping data for table `t_participants`
--

INSERT INTO `t_participants` (`p_id`, `m_id`, `u_id`, `p_ord`, `p_seen`, `p_notif`, `created_at`, `updated_at`) VALUES
(1, 1, 28, 0, 1, 'Approved', '2017-01-20 01:46:58', '0000-00-00 00:00:00'),
(2, 1, 81, 0, 1, 'Approved', '2017-01-20 01:46:58', '0000-00-00 00:00:00'),
(4, 4, 43, 0, 0, 'Pending', '2017-01-23 08:18:45', '0000-00-00 00:00:00'),
(5, 5, 43, 0, 0, 'Pending', '2017-01-23 08:46:57', '0000-00-00 00:00:00'),
(6, 6, 43, 0, 0, 'Pending', '2017-01-23 08:48:13', '0000-00-00 00:00:00'),
(7, 7, 3, 0, 0, 'Pending', '2017-01-23 08:49:56', '0000-00-00 00:00:00'),
(8, 7, 27, 0, 1, 'Pending', '2017-01-23 08:49:56', '2017-07-03 02:45:45'),
(9, 8, 3, 0, 0, 'Pending', '2017-01-23 08:51:37', '0000-00-00 00:00:00'),
(10, 8, 27, 0, 1, 'Pending', '2017-01-23 08:51:37', '2017-07-03 02:45:34'),
(11, 9, 43, 0, 0, 'Pending', '2017-01-23 08:53:23', '0000-00-00 00:00:00'),
(12, 9, 63, 0, 1, 'Pending', '2017-01-23 08:53:23', '2017-07-02 23:56:11'),
(13, 12, 59, 0, 1, 'Pending', '2017-01-24 00:03:14', '0000-00-00 00:00:00'),
(14, 13, 43, 0, 0, 'Pending', '2017-01-24 00:07:01', '0000-00-00 00:00:00'),
(15, 13, 67, 0, 1, 'Pending', '2017-01-24 00:07:01', '2017-07-05 00:56:23'),
(16, 14, 28, 0, 0, 'Pending', '2017-01-24 00:09:16', '0000-00-00 00:00:00'),
(17, 15, 28, 0, 0, 'Pending', '2017-01-24 00:10:04', '0000-00-00 00:00:00'),
(18, 16, 28, 0, 0, 'Pending', '2017-01-24 00:11:14', '0000-00-00 00:00:00'),
(19, 16, 81, 0, 0, 'Pending', '2017-01-24 00:11:14', '0000-00-00 00:00:00'),
(20, 18, 28, 0, 0, 'Pending', '2017-01-24 00:13:05', '0000-00-00 00:00:00'),
(21, 19, 43, 0, 0, 'Canceled', '2017-01-24 00:16:30', '0000-00-00 00:00:00'),
(22, 19, 53, 0, 1, 'Canceled', '2017-01-24 00:16:30', '0000-00-00 00:00:00'),
(23, 19, 3, 0, 0, 'Canceled', '2017-01-24 00:16:30', '0000-00-00 00:00:00'),
(24, 20, 28, 0, 0, 'Pending', '2017-01-24 00:17:19', '0000-00-00 00:00:00'),
(25, 21, 43, 0, 0, 'Pending', '2017-01-24 00:18:28', '0000-00-00 00:00:00'),
(26, 21, 3, 0, 0, 'Pending', '2017-01-24 00:18:28', '0000-00-00 00:00:00'),
(27, 22, 1, 0, 1, 'Approved', '2017-01-26 08:05:38', '0000-00-00 00:00:00'),
(28, 22, 24, 0, 1, 'Approved', '2017-01-26 08:05:38', '0000-00-00 00:00:00'),
(29, 23, 43, 0, 0, 'Approved', '2017-01-26 08:08:50', '0000-00-00 00:00:00'),
(30, 23, 1, 0, 1, 'Approved', '2017-01-26 08:08:50', '0000-00-00 00:00:00'),
(31, 23, 24, 0, 1, 'Approved', '2017-01-26 08:08:50', '0000-00-00 00:00:00'),
(32, 24, 43, 0, 0, 'Pending', '2017-01-27 01:55:40', '0000-00-00 00:00:00'),
(33, 24, 67, 0, 1, 'Pending', '2017-01-27 01:55:40', '2017-07-05 00:56:13'),
(34, 25, 53, 0, 1, 'Pending', '2017-01-27 01:58:06', '2017-07-09 04:06:31'),
(35, 25, 54, 0, 0, 'Pending', '2017-01-27 01:58:06', '0000-00-00 00:00:00'),
(36, 26, 141, 0, 0, 'Canceled', '2017-01-27 02:44:52', '0000-00-00 00:00:00'),
(37, 27, 1, 0, 1, 'Pending', '2017-01-27 02:53:48', '0000-00-00 00:00:00'),
(38, 23, 2, 1, 1, 'Approved', '2017-01-27 03:19:38', '0000-00-00 00:00:00'),
(39, 23, 11, 1, 1, 'Approved', '2017-01-27 03:19:38', '0000-00-00 00:00:00'),
(40, 22, 2, 1, 1, 'Approved', '2017-01-27 03:20:10', '0000-00-00 00:00:00'),
(41, 22, 11, 1, 1, 'Approved', '2017-01-27 03:20:10', '0000-00-00 00:00:00'),
(42, 28, 27, 0, 1, 'Canceled', '2017-01-27 07:00:36', '0000-00-00 00:00:00'),
(43, 29, 2, 0, 0, 'Pending', '2017-01-30 22:36:08', '0000-00-00 00:00:00'),
(44, 30, 43, 0, 0, 'Approved', '2017-01-31 01:09:29', '0000-00-00 00:00:00'),
(45, 30, 142, 0, 1, 'Approved', '2017-01-31 01:09:29', '0000-00-00 00:00:00'),
(46, 30, 82, 0, 1, 'Approved', '2017-01-31 01:09:29', '0000-00-00 00:00:00'),
(47, 30, 69, 0, 1, 'Approved', '2017-01-31 01:09:29', '0000-00-00 00:00:00'),
(48, 30, 70, 0, 1, 'Approved', '2017-01-31 01:09:29', '2017-08-14 03:39:34'),
(49, 30, 3, 0, 1, 'Approved', '2017-01-31 01:09:29', '0000-00-00 00:00:00'),
(50, 31, 40, 0, 1, 'Canceled', '2017-01-31 02:26:49', '0000-00-00 00:00:00'),
(51, 32, 53, 0, 1, 'Pending', '2017-01-31 03:22:35', '2017-07-09 04:06:13'),
(52, 32, 54, 0, 1, 'Pending', '2017-01-31 03:22:35', '2018-01-11 02:33:48'),
(53, 32, 130, 0, 1, 'Pending', '2017-01-31 03:22:35', '2018-02-01 02:48:13'),
(54, 33, 3, 0, 0, 'Canceled', '2017-01-31 03:51:43', '0000-00-00 00:00:00'),
(55, 33, 67, 0, 1, 'Canceled', '2017-01-31 03:51:43', '0000-00-00 00:00:00'),
(56, 34, 1, 0, 1, 'Pending', '2017-01-31 03:57:19', '0000-00-00 00:00:00'),
(57, 35, 43, 0, 0, 'Pending', '2017-01-31 03:58:49', '0000-00-00 00:00:00'),
(58, 36, 43, 0, 0, 'Pending', '2017-01-31 04:00:50', '0000-00-00 00:00:00'),
(59, 36, 67, 0, 1, 'Pending', '2017-01-31 04:00:50', '2017-07-05 00:56:02'),
(61, 38, 43, 0, 0, 'Canceled', '2017-02-02 08:34:44', '0000-00-00 00:00:00'),
(62, 38, 1, 0, 1, 'Canceled', '2017-02-02 08:34:44', '0000-00-00 00:00:00'),
(63, 38, 24, 0, 1, 'Canceled', '2017-02-02 08:34:44', '0000-00-00 00:00:00'),
(64, 39, 43, 0, 0, 'Canceled', '2017-02-02 08:37:07', '0000-00-00 00:00:00'),
(65, 39, 1, 0, 1, 'Canceled', '2017-02-02 08:37:07', '0000-00-00 00:00:00'),
(66, 39, 24, 0, 1, 'Canceled', '2017-02-02 08:37:07', '0000-00-00 00:00:00'),
(67, 40, 11, 0, 0, 'Pending', '2017-02-07 04:59:59', '0000-00-00 00:00:00'),
(68, 41, 28, 0, 0, 'Pending', '2017-02-07 05:44:10', '0000-00-00 00:00:00'),
(69, 41, 81, 0, 0, 'Pending', '2017-02-07 05:44:10', '0000-00-00 00:00:00'),
(70, 41, 141, 0, 0, 'Pending', '2017-02-07 05:44:10', '0000-00-00 00:00:00'),
(71, 42, 43, 0, 0, 'Pending', '2017-02-07 05:47:30', '0000-00-00 00:00:00'),
(72, 42, 24, 0, 1, 'Pending', '2017-02-07 05:47:30', '2017-07-04 05:48:04'),
(73, 43, 70, 0, 1, 'Approved', '2017-02-09 08:16:26', '0000-00-00 00:00:00'),
(74, 44, 2, 0, 0, 'Pending', '2017-02-09 15:28:39', '0000-00-00 00:00:00'),
(75, 45, 2, 0, 1, 'Pending', '2017-02-09 15:30:09', '0000-00-00 00:00:00'),
(76, 46, 24, 0, 1, 'Canceled', '2017-02-14 06:09:14', '0000-00-00 00:00:00'),
(77, 47, 28, 0, 1, 'Approved', '2017-03-02 06:40:22', '0000-00-00 00:00:00'),
(78, 47, 65, 0, 1, 'Approved', '2017-03-02 06:40:22', '0000-00-00 00:00:00'),
(79, 47, 3, 0, 1, 'Approved', '2017-03-02 06:40:22', '0000-00-00 00:00:00'),
(80, 47, 69, 0, 1, 'Approved', '2017-03-02 06:40:22', '0000-00-00 00:00:00'),
(81, 47, 142, 0, 1, 'Approved', '2017-03-02 06:40:22', '0000-00-00 00:00:00'),
(82, 47, 82, 0, 1, 'Approved', '2017-03-02 06:40:22', '0000-00-00 00:00:00'),
(83, 47, 57, 0, 1, 'Approved', '2017-03-02 06:40:22', '0000-00-00 00:00:00'),
(84, 47, 60, 0, 0, 'Approved', '2017-03-02 06:40:22', '0000-00-00 00:00:00'),
(85, 47, 114, 0, 1, 'Approved', '2017-03-02 06:40:22', '0000-00-00 00:00:00'),
(86, 47, 115, 0, 0, 'Approved', '2017-03-02 06:40:22', '0000-00-00 00:00:00'),
(87, 47, 116, 0, 0, 'Approved', '2017-03-02 06:40:22', '0000-00-00 00:00:00'),
(88, 47, 130, 0, 0, 'Approved', '2017-03-02 06:40:22', '0000-00-00 00:00:00'),
(89, 47, 131, 0, 1, 'Approved', '2017-03-02 06:40:22', '0000-00-00 00:00:00'),
(90, 49, 24, 0, 1, 'Pending', '2017-03-05 08:57:53', '2017-07-04 05:47:59'),
(91, 53, 2, 0, 0, 'Pending', '2017-03-06 09:04:33', '0000-00-00 00:00:00'),
(92, 57, 3, 0, 0, 'Pending', '2017-03-09 06:07:55', '0000-00-00 00:00:00'),
(93, 58, 3, 0, 0, 'Pending', '2017-03-09 06:09:10', '0000-00-00 00:00:00'),
(94, 59, 3, 0, 0, 'Pending', '2017-03-09 06:13:30', '0000-00-00 00:00:00'),
(95, 59, 81, 0, 0, 'Pending', '2017-03-09 06:13:30', '0000-00-00 00:00:00'),
(96, 59, 141, 0, 0, 'Pending', '2017-03-09 06:13:30', '0000-00-00 00:00:00'),
(97, 60, 62, 0, 1, 'Pending', '2017-03-10 06:05:41', '2018-03-13 01:29:49'),
(98, 61, 3, 0, 0, 'Pending', '2017-03-10 06:16:55', '0000-00-00 00:00:00'),
(99, 62, 28, 0, 0, 'Pending', '2017-03-10 06:19:08', '0000-00-00 00:00:00'),
(100, 62, 3, 0, 0, 'Pending', '2017-03-10 06:19:08', '0000-00-00 00:00:00'),
(101, 62, 81, 0, 0, 'Pending', '2017-03-10 06:19:08', '0000-00-00 00:00:00'),
(102, 62, 141, 0, 0, 'Pending', '2017-03-10 06:19:08', '0000-00-00 00:00:00'),
(103, 63, 28, 0, 0, 'Pending', '2017-03-10 06:21:19', '0000-00-00 00:00:00'),
(104, 63, 3, 0, 0, 'Pending', '2017-03-10 06:21:19', '0000-00-00 00:00:00'),
(105, 63, 40, 0, 0, 'Pending', '2017-03-10 06:21:19', '0000-00-00 00:00:00'),
(106, 64, 28, 0, 0, 'Pending', '2017-03-10 06:40:32', '0000-00-00 00:00:00'),
(107, 64, 3, 0, 0, 'Pending', '2017-03-10 06:40:32', '0000-00-00 00:00:00'),
(108, 64, 40, 0, 0, 'Pending', '2017-03-10 06:40:32', '0000-00-00 00:00:00'),
(109, 65, 43, 0, 0, 'Pending', '2017-03-10 06:42:13', '0000-00-00 00:00:00'),
(110, 66, 1, 0, 1, 'Pending', '2017-03-10 06:43:37', '2017-07-02 10:52:02'),
(111, 68, 57, 0, 0, 'Pending', '2017-03-10 06:46:53', '0000-00-00 00:00:00'),
(112, 69, 57, 0, 0, 'Pending', '2017-03-10 06:48:23', '0000-00-00 00:00:00'),
(113, 70, 57, 0, 0, 'Pending', '2017-03-10 06:49:14', '0000-00-00 00:00:00'),
(114, 71, 70, 0, 1, 'Pending', '2017-03-10 06:51:00', '2017-07-03 00:19:45'),
(115, 78, 2, 0, 0, 'Pending', '2017-03-15 12:45:33', '0000-00-00 00:00:00'),
(116, 79, 2, 0, 0, 'Pending', '2017-03-15 12:49:19', '0000-00-00 00:00:00'),
(117, 80, 2, 0, 0, 'Pending', '2017-03-15 12:50:17', '0000-00-00 00:00:00'),
(118, 81, 2, 0, 0, 'Pending', '2017-03-15 12:51:02', '0000-00-00 00:00:00'),
(119, 82, 2, 0, 0, 'Pending', '2017-03-15 12:52:25', '0000-00-00 00:00:00'),
(120, 83, 3, 0, 0, 'Canceled', '2017-03-16 00:33:23', '0000-00-00 00:00:00'),
(121, 84, 43, 0, 0, 'Approved', '2017-03-16 02:36:38', '0000-00-00 00:00:00'),
(122, 85, 87, 0, 1, 'Approved', '2017-03-16 02:44:10', '0000-00-00 00:00:00'),
(123, 86, 87, 0, 1, 'Approved', '2017-03-16 02:46:20', '0000-00-00 00:00:00'),
(124, 87, 24, 0, 1, 'Pending', '2017-03-17 05:47:02', '2017-07-04 05:47:50'),
(125, 88, 70, 0, 1, 'Approved', '2017-03-22 03:10:22', '0000-00-00 00:00:00'),
(126, 90, 24, 0, 1, 'Pending', '2017-03-23 05:42:03', '2017-07-04 05:47:42'),
(127, 91, 43, 0, 0, 'Pending', '2017-03-23 05:43:55', '0000-00-00 00:00:00'),
(128, 92, 43, 0, 0, 'Pending', '2017-03-23 05:52:52', '0000-00-00 00:00:00'),
(129, 93, 70, 0, 1, 'Pending', '2017-03-23 05:54:26', '2017-07-03 00:19:31'),
(130, 97, 70, 0, 1, 'Pending', '2017-04-07 06:52:28', '2017-07-03 00:19:54'),
(131, 98, 57, 0, 0, 'Canceled', '2017-04-07 06:53:55', '0000-00-00 00:00:00'),
(132, 99, 57, 0, 0, 'Canceled', '2017-04-07 06:54:51', '0000-00-00 00:00:00'),
(133, 100, 28, 0, 0, 'Canceled', '2017-04-07 07:44:32', '0000-00-00 00:00:00'),
(134, 102, 2, 0, 0, 'Pending', '2017-04-08 11:57:40', '0000-00-00 00:00:00'),
(135, 103, 2, 0, 0, 'Pending', '2017-04-09 06:03:50', '0000-00-00 00:00:00'),
(136, 104, 2, 0, 0, 'Pending', '2017-04-09 06:05:49', '0000-00-00 00:00:00'),
(137, 105, 3, 0, 0, 'Approved', '2017-04-12 02:20:26', '0000-00-00 00:00:00'),
(138, 105, 27, 0, 1, 'Approved', '2017-04-12 02:20:26', '0000-00-00 00:00:00'),
(139, 106, 27, 0, 1, 'Canceled', '2017-04-12 02:27:36', '0000-00-00 00:00:00'),
(140, 108, 24, 0, 1, 'Pending', '2017-04-12 02:59:59', '2017-07-04 05:47:34'),
(141, 110, 28, 0, 0, 'Pending', '2017-04-12 03:02:36', '0000-00-00 00:00:00'),
(142, 111, 28, 0, 1, 'Canceled', '2017-04-12 03:03:52', '0000-00-00 00:00:00'),
(143, 111, 3, 0, 0, 'Canceled', '2017-04-12 03:03:52', '0000-00-00 00:00:00'),
(144, 111, 141, 0, 0, 'Canceled', '2017-04-12 03:03:52', '0000-00-00 00:00:00'),
(145, 115, 67, 0, 1, 'Approved', '2017-04-18 06:23:10', '0000-00-00 00:00:00'),
(146, 116, 57, 0, 0, 'Canceled', '2017-04-20 06:09:03', '0000-00-00 00:00:00'),
(147, 123, 141, 0, 0, 'Pending', '2017-04-25 00:14:11', '0000-00-00 00:00:00'),
(148, 124, 40, 0, 0, 'Pending', '2017-04-25 00:23:26', '0000-00-00 00:00:00'),
(149, 160, 1, 0, 1, 'Approved', '2017-05-31 01:16:21', '0000-00-00 00:00:00'),
(150, 161, 1, 0, 1, 'Approved', '2017-05-31 01:19:49', '0000-00-00 00:00:00'),
(151, 162, 28, 0, 1, 'Canceled', '2017-06-01 03:21:15', '2017-07-10 07:56:22'),
(152, 163, 28, 0, 0, 'Canceled', '2017-06-01 03:22:06', '0000-00-00 00:00:00'),
(153, 164, 28, 0, 0, 'Postponed', '2017-06-01 03:23:16', '0000-00-00 00:00:00'),
(154, 168, 70, 0, 1, 'Approved', '2017-06-05 07:56:37', '2017-07-03 00:19:59'),
(155, 169, 43, 0, 0, 'Canceled', '2017-06-05 08:43:05', '0000-00-00 00:00:00'),
(156, 174, 2, 0, 1, 'Approved', '2017-06-07 01:29:12', '0000-00-00 00:00:00'),
(157, 174, 70, 0, 1, 'Approved', '2017-06-07 01:29:12', '2017-07-03 00:20:04'),
(158, 174, 3, 0, 0, 'Approved', '2017-06-07 01:29:12', '0000-00-00 00:00:00'),
(159, 175, 43, 0, 0, 'Canceled', '2017-06-07 08:01:48', '0000-00-00 00:00:00'),
(160, 176, 43, 0, 0, 'Canceled', '2017-06-07 08:11:37', '0000-00-00 00:00:00'),
(161, 177, 59, 0, 1, 'Approved', '2017-06-08 08:01:07', '0000-00-00 00:00:00'),
(162, 179, 43, 0, 0, 'Canceled', '2017-06-09 00:44:39', '0000-00-00 00:00:00'),
(163, 180, 43, 0, 0, 'Canceled', '2017-06-09 00:46:50', '0000-00-00 00:00:00'),
(164, 181, 43, 0, 0, 'Approved', '2017-06-13 03:14:16', '0000-00-00 00:00:00'),
(165, 181, 138, 0, 1, 'Approved', '2017-06-13 03:14:16', '2017-12-14 01:34:58'),
(166, 181, 3, 0, 0, 'Approved', '2017-06-13 03:14:16', '0000-00-00 00:00:00'),
(167, 184, 43, 0, 0, 'Approved', '2017-06-14 05:32:18', '0000-00-00 00:00:00'),
(168, 187, 43, 0, 0, 'Approved', '2017-06-16 05:59:29', '0000-00-00 00:00:00'),
(169, 188, 43, 0, 0, 'Approved', '2017-06-16 06:00:58', '0000-00-00 00:00:00'),
(170, 189, 43, 0, 0, 'Approved', '2017-06-19 07:21:02', '0000-00-00 00:00:00'),
(171, 190, 49, 0, 1, 'Approved', '2017-06-21 07:21:37', '0000-00-00 00:00:00'),
(172, 190, 24, 0, 1, 'Approved', '2017-06-21 07:21:37', '0000-00-00 00:00:00'),
(173, 190, 145, 0, 1, 'Approved', '2017-06-21 07:21:37', '0000-00-00 00:00:00'),
(174, 191, 2, 0, 0, 'Approved', '2017-06-22 00:29:56', '2017-07-18 01:08:35'),
(175, 191, 70, 0, 1, 'Approved', '2017-06-22 00:29:56', '2017-07-18 01:08:35'),
(176, 202, 59, 0, 1, 'Pending', '2017-07-04 02:35:26', '2017-07-27 08:21:28'),
(177, 206, 2, 0, 0, 'Pending', '2017-07-05 07:05:03', '0000-00-00 00:00:00'),
(178, 206, 43, 0, 0, 'Pending', '2017-07-05 07:05:03', '0000-00-00 00:00:00'),
(179, 207, 27, 0, 1, 'Pending', '2017-07-05 07:09:47', '2017-07-06 00:33:51'),
(180, 207, 40, 0, 0, 'Pending', '2017-07-05 07:09:47', '0000-00-00 00:00:00'),
(181, 209, 2, 0, 1, 'Approved', '2017-07-06 03:06:17', '2017-07-19 05:24:16'),
(182, 211, 70, 0, 1, 'Pending', '2017-07-10 02:59:38', '2017-08-14 03:39:42'),
(183, 212, 70, 0, 1, 'Pending', '2017-07-10 03:01:16', '2017-08-14 03:40:28'),
(184, 213, 70, 0, 1, 'Pending', '2017-07-10 03:04:53', '2017-08-14 03:39:57'),
(185, 214, 70, 0, 1, 'Pending', '2017-07-10 03:08:05', '2017-08-14 03:39:50'),
(186, 215, 70, 0, 1, 'Pending', '2017-07-10 03:10:02', '2017-08-14 03:39:20'),
(187, 216, 70, 0, 1, 'Pending', '2017-07-10 03:11:30', '2017-07-18 03:09:25'),
(188, 220, 59, 0, 1, 'Approved', '2017-07-13 07:22:46', '2017-08-04 08:19:23'),
(190, 228, 3, 0, 0, 'Approved', '2017-07-25 06:19:02', '2017-07-31 14:19:44'),
(191, 229, 43, 0, 0, 'Pending', '2017-07-25 10:22:52', '0000-00-00 00:00:00'),
(192, 230, 43, 0, 0, 'Pending', '2017-07-26 01:04:49', '0000-00-00 00:00:00'),
(193, 231, 43, 0, 0, 'Pending', '2017-07-26 04:59:06', '0000-00-00 00:00:00'),
(194, 232, 91, 0, 0, 'Pending', '2017-07-26 05:00:40', '0000-00-00 00:00:00'),
(195, 236, 70, 0, 1, 'Pending', '2017-07-26 05:09:27', '2017-08-14 03:39:14'),
(196, 238, 70, 0, 1, 'Approved', '2017-07-28 02:05:44', '2017-08-14 03:39:10'),
(197, 238, 82, 0, 1, 'Approved', '2017-07-28 02:05:44', '2017-07-31 06:12:18'),
(198, 239, 24, 0, 1, 'Approved', '2017-07-31 03:52:44', '2017-07-31 14:20:10'),
(199, 240, 160, 0, 1, 'Approved', '2017-07-31 05:18:10', '2017-09-27 08:59:06'),
(200, 241, 43, 0, 0, 'Approved', '2017-07-31 08:48:48', '2017-07-31 14:19:17'),
(201, 244, 3, 0, 0, 'Pending', '2017-08-04 08:11:05', '0000-00-00 00:00:00'),
(202, 254, 2, 0, 0, 'Approved', '2017-08-14 03:47:15', '2017-08-15 05:28:49'),
(203, 254, 142, 0, 1, 'Approved', '2017-08-14 03:47:15', '2017-08-16 02:46:57'),
(204, 255, 43, 0, 0, 'Pending', '2017-08-14 05:23:36', '0000-00-00 00:00:00'),
(205, 256, 2, 0, 0, 'Approved', '2017-08-14 06:04:53', '2017-08-15 05:28:21'),
(206, 257, 2, 0, 0, 'Pending', '2017-08-14 06:50:33', '0000-00-00 00:00:00'),
(207, 258, 2, 0, 0, 'Pending', '2017-08-14 06:54:18', '0000-00-00 00:00:00'),
(208, 259, 2, 0, 0, 'Pending', '2017-08-15 05:28:14', '0000-00-00 00:00:00'),
(209, 260, 2, 0, 0, 'Pending', '2017-08-15 05:30:08', '0000-00-00 00:00:00'),
(210, 261, 2, 0, 0, 'Pending', '2017-08-15 05:31:21', '0000-00-00 00:00:00'),
(211, 262, 2, 0, 0, 'Pending', '2017-08-15 05:33:38', '0000-00-00 00:00:00'),
(212, 263, 2, 0, 0, 'Pending', '2017-08-15 05:35:16', '0000-00-00 00:00:00'),
(213, 264, 2, 0, 0, 'Pending', '2017-08-15 05:38:11', '0000-00-00 00:00:00'),
(214, 265, 69, 0, 0, 'Approved', '2017-08-15 08:11:01', '2017-08-18 14:09:06'),
(215, 265, 82, 0, 1, 'Approved', '2017-08-15 08:11:01', '2017-08-23 06:57:44'),
(216, 266, 69, 0, 0, 'Approved', '2017-08-15 08:13:13', '2017-08-16 15:44:45'),
(217, 266, 82, 0, 1, 'Approved', '2017-08-15 08:13:13', '2017-08-23 06:57:37'),
(218, 267, 1, 0, 1, 'Pending', '2017-08-16 15:44:36', '2017-08-17 11:10:32'),
(219, 268, 3, 0, 0, 'Approved', '2017-08-17 02:14:05', '2017-10-10 02:49:37'),
(220, 269, 59, 0, 1, 'Pending', '2017-08-22 02:07:15', '2017-09-22 06:03:33'),
(221, 277, 43, 0, 0, 'Pending', '2017-08-23 02:27:09', '0000-00-00 00:00:00'),
(222, 278, 3, 0, 0, 'Approved', '2017-08-24 01:18:15', '2017-09-04 14:25:10'),
(223, 280, 3, 0, 0, 'Pending', '2017-08-25 08:06:14', '0000-00-00 00:00:00'),
(224, 282, 3, 0, 0, 'Pending', '2017-08-25 08:23:54', '0000-00-00 00:00:00'),
(225, 282, 28, 0, 0, 'Pending', '2017-08-25 08:23:54', '0000-00-00 00:00:00'),
(226, 282, 43, 0, 0, 'Pending', '2017-08-25 08:23:54', '0000-00-00 00:00:00'),
(227, 290, 2, 0, 0, 'Pending', '2017-09-04 14:30:51', '0000-00-00 00:00:00'),
(228, 294, 70, 0, 0, 'Pending', '2017-09-05 00:56:24', '0000-00-00 00:00:00'),
(229, 295, 1, 0, 1, 'Pending', '2017-09-05 01:03:24', '2017-09-05 01:06:27'),
(230, 298, 57, 0, 0, 'Pending', '2017-09-05 08:52:14', '0000-00-00 00:00:00'),
(231, 299, 1, 0, 1, 'Pending', '2017-09-06 03:17:48', '2017-09-11 05:16:25'),
(232, 299, 5, 0, 1, 'Pending', '2017-09-07 05:46:41', '2017-09-11 04:33:26'),
(233, 299, 74, 0, 1, 'Pending', '2017-09-07 05:46:41', '2017-09-26 01:24:24'),
(234, 299, 83, 0, 1, 'Pending', '2017-09-07 05:46:41', '2017-11-23 02:34:31'),
(235, 301, 1, 0, 1, 'Approved', '2017-09-11 05:17:47', '2017-09-18 01:34:07'),
(236, 301, 2, 0, 0, 'Approved', '2017-09-11 05:17:47', '2017-09-13 08:40:02'),
(237, 301, 5, 0, 1, 'Approved', '2017-09-11 05:17:47', '2018-06-05 22:28:44'),
(238, 301, 74, 0, 1, 'Approved', '2017-09-11 05:17:47', '2017-09-26 01:22:26'),
(239, 301, 83, 0, 1, 'Approved', '2017-09-11 05:17:47', '2017-11-23 02:34:28'),
(240, 302, 3, 0, 0, 'Approved', '2017-09-12 02:36:37', '2017-09-15 04:19:48'),
(241, 303, 2, 0, 0, 'Approved', '2017-09-13 02:45:09', '2017-09-13 08:40:33'),
(242, 303, 82, 0, 1, 'Approved', '2017-09-13 02:45:09', '2017-09-19 07:32:26'),
(243, 304, 2, 0, 0, 'Approved', '2017-09-13 02:48:59', '2017-09-13 08:40:27'),
(244, 304, 69, 0, 0, 'Approved', '2017-09-13 02:48:59', '2017-09-13 08:40:27'),
(245, 305, 69, 0, 0, 'Pending', '2017-09-14 01:14:16', '0000-00-00 00:00:00'),
(246, 305, 82, 0, 1, 'Pending', '2017-09-14 01:14:16', '2017-09-19 07:32:33'),
(247, 306, 69, 0, 0, 'Pending', '2017-09-14 01:15:48', '0000-00-00 00:00:00'),
(248, 306, 82, 0, 1, 'Pending', '2017-09-14 01:15:48', '2017-09-19 07:32:38'),
(249, 307, 69, 0, 0, 'Approved', '2017-09-15 04:43:22', '2017-09-25 02:11:50'),
(250, 307, 82, 0, 1, 'Approved', '2017-09-15 04:43:22', '2017-09-25 02:11:50'),
(251, 308, 69, 0, 0, 'Approved', '2017-09-15 04:45:36', '2017-09-25 02:11:42'),
(252, 308, 82, 0, 1, 'Approved', '2017-09-15 04:45:36', '2017-09-25 02:11:42'),
(253, 309, 59, 0, 1, 'Approved', '2017-09-22 03:33:18', '2017-09-25 02:12:04'),
(254, 310, 2, 0, 0, 'Pending', '2017-09-22 08:52:07', '0000-00-00 00:00:00'),
(255, 310, 70, 0, 0, 'Pending', '2017-09-22 08:52:07', '0000-00-00 00:00:00'),
(256, 311, 2, 0, 0, 'Pending', '2017-09-22 08:55:54', '0000-00-00 00:00:00'),
(257, 311, 3, 0, 0, 'Pending', '2017-09-22 08:55:54', '0000-00-00 00:00:00'),
(258, 311, 43, 0, 0, 'Pending', '2017-09-22 08:55:54', '0000-00-00 00:00:00'),
(259, 311, 69, 0, 0, 'Pending', '2017-09-22 08:55:54', '0000-00-00 00:00:00'),
(260, 311, 70, 0, 0, 'Pending', '2017-09-22 08:55:54', '0000-00-00 00:00:00'),
(261, 311, 82, 0, 1, 'Pending', '2017-09-22 08:55:54', '2017-09-25 03:26:09'),
(262, 311, 142, 0, 1, 'Pending', '2017-09-22 08:55:54', '2017-10-04 08:14:34'),
(263, 317, 24, 0, 1, 'Approved', '2017-09-27 02:21:16', '2017-09-28 02:30:31'),
(264, 318, 1, 0, 1, 'Approved', '2017-09-27 02:23:00', '2017-09-27 09:28:17'),
(265, 318, 24, 0, 1, 'Approved', '2017-09-27 02:23:00', '2017-09-28 02:30:19'),
(266, 318, 43, 0, 0, 'Approved', '2017-09-27 02:23:00', '2017-09-27 07:09:23'),
(267, 318, 145, 0, 1, 'Approved', '2017-09-27 02:23:00', '2017-09-29 02:52:25'),
(268, 317, 1, 0, 1, 'Pending', '2017-09-28 02:30:52', '2017-10-15 19:19:26'),
(269, 317, 43, 0, 0, 'Pending', '2017-09-28 02:30:52', '0000-00-00 00:00:00'),
(270, 317, 145, 0, 1, 'Pending', '2017-09-28 02:30:52', '2017-09-29 02:52:16'),
(271, 319, 141, 0, 0, 'Approved', '2017-10-02 01:21:06', '2017-10-02 21:35:08'),
(272, 320, 63, 0, 1, 'Approved', '2017-10-04 11:07:26', '2017-10-10 02:45:34'),
(273, 321, 3, 0, 0, 'Approved', '2017-10-04 11:09:42', '2017-10-10 02:44:58'),
(274, 321, 43, 0, 0, 'Approved', '2017-10-04 11:09:42', '2017-10-10 02:44:58'),
(275, 322, 2, 0, 0, 'Pending', '2017-10-10 02:44:51', '0000-00-00 00:00:00'),
(276, 325, 142, 0, 1, 'Pending', '2017-10-18 07:26:55', '2017-10-20 07:42:03'),
(277, 332, 43, 0, 0, 'Pending', '2017-10-18 07:44:51', '0000-00-00 00:00:00'),
(278, 335, 67, 0, 1, 'Pending', '2017-10-18 07:48:26', '2017-10-20 00:36:23'),
(279, 337, 1, 0, 1, 'Approved', '2017-10-23 03:15:25', '2017-10-24 12:56:23'),
(280, 337, 43, 0, 0, 'Approved', '2017-10-23 03:15:25', '2017-10-24 09:09:37'),
(281, 337, 145, 0, 0, 'Approved', '2017-10-23 03:15:25', '2017-10-24 09:09:37'),
(282, 343, 1, 0, 1, 'Approved', '2017-11-15 22:51:36', '2018-01-09 06:15:10'),
(283, 344, 1, 0, 1, 'Approved', '2017-11-28 04:41:01', '2017-12-05 21:56:38'),
(284, 345, 3, 0, 0, 'Pending', '2017-11-29 03:58:54', '2017-12-05 21:56:32'),
(285, 345, 11, 0, 0, 'Pending', '2017-11-29 03:58:54', '2017-12-05 21:56:32'),
(286, 345, 67, 0, 1, 'Pending', '2017-11-29 03:58:54', '2017-12-13 02:50:38'),
(287, 346, 82, 0, 1, 'Approved', '2017-12-01 03:35:02', '2017-12-07 06:46:38'),
(288, 347, 82, 0, 1, 'Approved', '2017-12-01 03:36:03', '2017-12-07 06:46:35'),
(289, 359, 3, 0, 0, 'Pending', '2017-12-15 03:32:44', '0000-00-00 00:00:00'),
(290, 359, 43, 0, 0, 'Pending', '2017-12-15 03:32:44', '0000-00-00 00:00:00'),
(291, 359, 67, 0, 1, 'Pending', '2017-12-15 03:32:44', '2018-01-11 03:40:28'),
(292, 360, 1, 0, 1, 'Pending', '2017-12-15 03:34:06', '2017-12-17 23:57:01'),
(293, 360, 3, 0, 0, 'Pending', '2017-12-15 03:34:06', '0000-00-00 00:00:00'),
(294, 360, 40, 0, 0, 'Pending', '2017-12-15 03:34:06', '0000-00-00 00:00:00'),
(295, 360, 43, 0, 0, 'Pending', '2017-12-15 03:34:06', '0000-00-00 00:00:00'),
(296, 361, 3, 0, 0, 'Pending', '2017-12-15 03:35:35', '0000-00-00 00:00:00'),
(297, 361, 40, 0, 0, 'Pending', '2017-12-15 03:35:35', '0000-00-00 00:00:00'),
(298, 361, 43, 0, 0, 'Pending', '2017-12-15 03:35:35', '0000-00-00 00:00:00'),
(299, 362, 3, 0, 0, 'Pending', '2017-12-15 03:36:52', '0000-00-00 00:00:00'),
(300, 363, 141, 0, 0, 'Pending', '2017-12-29 02:04:20', '0000-00-00 00:00:00'),
(301, 364, 3, 0, 0, 'Pending', '2017-12-29 02:06:15', '0000-00-00 00:00:00'),
(302, 364, 48, 0, 0, 'Pending', '2017-12-29 02:06:15', '0000-00-00 00:00:00'),
(303, 365, 3, 0, 0, 'Pending', '2017-12-29 02:07:43', '0000-00-00 00:00:00'),
(304, 365, 53, 0, 1, 'Pending', '2017-12-29 02:07:43', '2018-01-05 03:10:42'),
(305, 367, 3, 0, 0, 'Pending', '2017-12-29 02:10:40', '0000-00-00 00:00:00'),
(306, 367, 28, 0, 0, 'Pending', '2017-12-29 02:10:40', '0000-00-00 00:00:00'),
(307, 367, 43, 0, 0, 'Pending', '2017-12-29 02:10:40', '0000-00-00 00:00:00'),
(308, 368, 3, 0, 0, 'Pending', '2017-12-29 02:11:56', '0000-00-00 00:00:00'),
(309, 368, 28, 0, 0, 'Pending', '2017-12-29 02:11:56', '0000-00-00 00:00:00'),
(310, 368, 43, 0, 0, 'Pending', '2017-12-29 02:11:56', '0000-00-00 00:00:00'),
(311, 369, 1, 0, 1, 'Pending', '2017-12-29 02:12:51', '2018-01-18 08:33:06'),
(312, 370, 2, 0, 0, 'Approved', '2017-12-29 05:18:39', '2018-01-09 06:15:18'),
(313, 371, 3, 0, 0, 'Pending', '2018-01-03 03:36:39', '0000-00-00 00:00:00'),
(314, 371, 40, 0, 0, 'Pending', '2018-01-03 03:36:39', '0000-00-00 00:00:00'),
(315, 371, 43, 0, 0, 'Pending', '2018-01-03 03:36:39', '0000-00-00 00:00:00'),
(316, 371, 48, 0, 0, 'Pending', '2018-01-03 03:36:39', '0000-00-00 00:00:00'),
(317, 371, 63, 0, 1, 'Pending', '2018-01-03 03:36:39', '2018-01-29 02:49:40'),
(318, 371, 75, 0, 1, 'Pending', '2018-01-03 03:36:39', '2018-01-12 05:23:23'),
(319, 371, 77, 0, 0, 'Pending', '2018-01-03 03:36:39', '0000-00-00 00:00:00'),
(320, 374, 3, 0, 0, 'Pending', '2018-01-04 07:38:32', '0000-00-00 00:00:00'),
(321, 374, 141, 0, 0, 'Pending', '2018-01-04 07:38:32', '0000-00-00 00:00:00'),
(322, 375, 141, 0, 0, 'Pending', '2018-01-04 07:40:26', '0000-00-00 00:00:00'),
(323, 376, 82, 0, 1, 'Pending', '2018-01-08 08:58:29', '2018-01-10 01:26:47'),
(324, 377, 1, 0, 1, 'Approved', '2018-01-08 13:26:30', '2018-01-15 02:51:27'),
(325, 377, 5, 0, 1, 'Approved', '2018-01-08 13:26:30', '2018-01-09 23:44:56'),
(326, 377, 74, 0, 1, 'Approved', '2018-01-08 13:26:30', '2018-01-15 03:03:45'),
(327, 377, 83, 0, 1, 'Approved', '2018-01-08 13:26:30', '2018-01-10 08:33:43'),
(328, 378, 24, 0, 1, 'Pending', '2018-01-09 05:32:51', '2018-02-01 06:51:05'),
(329, 378, 43, 0, 0, 'Pending', '2018-01-09 05:32:51', '0000-00-00 00:00:00'),
(330, 379, 82, 0, 1, 'Approved', '2018-01-10 02:09:06', '2018-01-18 06:29:05'),
(331, 380, 2, 0, 0, 'Pending', '2018-01-11 00:45:00', '0000-00-00 00:00:00'),
(332, 380, 3, 0, 0, 'Pending', '2018-01-11 00:45:00', '0000-00-00 00:00:00'),
(333, 380, 40, 0, 0, 'Pending', '2018-01-11 00:45:00', '0000-00-00 00:00:00'),
(334, 380, 48, 0, 0, 'Pending', '2018-01-11 00:45:00', '0000-00-00 00:00:00'),
(335, 380, 63, 0, 1, 'Pending', '2018-01-11 00:45:00', '2018-01-29 02:50:01'),
(336, 380, 75, 0, 0, 'Pending', '2018-01-11 00:45:00', '0000-00-00 00:00:00'),
(337, 380, 77, 0, 0, 'Pending', '2018-01-11 00:45:00', '0000-00-00 00:00:00'),
(338, 383, 2, 0, 0, 'Pending', '2018-01-15 03:29:10', '2018-01-22 08:02:42'),
(339, 383, 3, 0, 0, 'Pending', '2018-01-15 03:29:10', '2018-01-22 08:02:42'),
(340, 383, 40, 0, 0, 'Pending', '2018-01-15 03:29:10', '2018-01-22 08:02:42'),
(341, 383, 43, 0, 0, 'Pending', '2018-01-15 03:29:10', '2018-01-22 08:02:42'),
(342, 383, 48, 0, 0, 'Pending', '2018-01-15 03:29:10', '2018-01-22 08:02:42'),
(343, 383, 63, 0, 1, 'Pending', '2018-01-15 03:29:10', '2018-01-29 02:50:16'),
(344, 383, 75, 0, 1, 'Pending', '2018-01-15 03:29:10', '2018-01-31 23:47:02'),
(345, 383, 77, 0, 0, 'Pending', '2018-01-15 03:29:10', '2018-01-22 08:02:42'),
(346, 383, 140, 0, 0, 'Pending', '2018-01-15 03:29:10', '2018-01-22 08:02:42'),
(347, 384, 3, 0, 0, 'Pending', '2018-01-17 00:54:26', '0000-00-00 00:00:00'),
(348, 384, 43, 0, 0, 'Pending', '2018-01-17 00:54:26', '0000-00-00 00:00:00'),
(349, 386, 3, 0, 0, 'Pending', '2018-01-17 01:06:58', '0000-00-00 00:00:00'),
(350, 386, 28, 0, 0, 'Pending', '2018-01-17 01:06:58', '0000-00-00 00:00:00'),
(351, 387, 1, 0, 1, 'Pending', '2018-01-17 01:17:27', '2018-01-18 08:32:57'),
(352, 388, 24, 0, 1, 'Approved', '2018-01-17 01:27:56', '2018-02-01 06:51:00'),
(353, 388, 43, 0, 0, 'Approved', '2018-01-17 01:27:56', '2018-01-22 08:02:06'),
(354, 389, 28, 0, 0, 'Pending', '2018-01-17 01:32:59', '0000-00-00 00:00:00'),
(355, 390, 3, 0, 0, 'Pending', '2018-01-17 01:41:10', '0000-00-00 00:00:00'),
(356, 394, 63, 0, 1, 'Pending', '2018-01-17 07:54:45', '2018-01-29 02:50:10'),
(357, 394, 75, 0, 1, 'Pending', '2018-01-17 07:54:45', '2018-02-26 01:33:06'),
(358, 395, 3, 0, 0, 'Pending', '2018-01-17 07:56:45', '0000-00-00 00:00:00'),
(359, 395, 57, 0, 0, 'Pending', '2018-01-17 07:56:45', '0000-00-00 00:00:00'),
(360, 395, 60, 0, 0, 'Pending', '2018-01-17 07:56:45', '0000-00-00 00:00:00'),
(361, 397, 3, 0, 0, 'Pending', '2018-01-17 08:02:27', '0000-00-00 00:00:00'),
(362, 397, 43, 0, 0, 'Pending', '2018-01-17 08:02:27', '0000-00-00 00:00:00'),
(363, 397, 57, 0, 0, 'Pending', '2018-01-17 08:02:27', '0000-00-00 00:00:00'),
(364, 398, 1, 0, 1, 'Pending', '2018-01-17 08:03:58', '2018-01-18 08:32:44'),
(365, 398, 3, 0, 0, 'Pending', '2018-01-17 08:03:58', '0000-00-00 00:00:00'),
(366, 398, 40, 0, 0, 'Pending', '2018-01-17 08:03:58', '0000-00-00 00:00:00'),
(367, 398, 43, 0, 0, 'Pending', '2018-01-17 08:03:58', '0000-00-00 00:00:00'),
(368, 399, 1, 0, 1, 'Pending', '2018-01-18 08:46:22', '2018-01-23 00:45:09'),
(369, 399, 3, 0, 0, 'Pending', '2018-01-18 08:46:22', '0000-00-00 00:00:00'),
(370, 399, 28, 0, 0, 'Pending', '2018-01-18 08:46:22', '0000-00-00 00:00:00'),
(371, 399, 40, 0, 0, 'Pending', '2018-01-18 08:46:22', '0000-00-00 00:00:00'),
(372, 399, 43, 0, 0, 'Pending', '2018-01-18 08:46:22', '0000-00-00 00:00:00'),
(373, 399, 48, 0, 0, 'Pending', '2018-01-18 08:46:22', '0000-00-00 00:00:00'),
(374, 399, 49, 0, 0, 'Pending', '2018-01-18 08:46:22', '0000-00-00 00:00:00'),
(375, 399, 50, 0, 0, 'Pending', '2018-01-18 08:46:22', '0000-00-00 00:00:00'),
(376, 399, 53, 0, 1, 'Pending', '2018-01-18 08:46:22', '2018-01-19 10:39:55'),
(377, 399, 57, 0, 0, 'Pending', '2018-01-18 08:46:22', '0000-00-00 00:00:00'),
(378, 399, 59, 0, 1, 'Pending', '2018-01-18 08:46:22', '2018-01-23 04:25:14'),
(379, 400, 1, 0, 1, 'Pending', '2018-01-18 08:48:47', '2018-01-23 00:44:59'),
(380, 400, 3, 0, 0, 'Pending', '2018-01-18 08:48:47', '0000-00-00 00:00:00'),
(381, 400, 28, 0, 0, 'Pending', '2018-01-18 08:48:47', '0000-00-00 00:00:00'),
(382, 400, 40, 0, 0, 'Pending', '2018-01-18 08:48:47', '0000-00-00 00:00:00'),
(383, 400, 43, 0, 0, 'Pending', '2018-01-18 08:48:47', '0000-00-00 00:00:00'),
(384, 400, 48, 0, 0, 'Pending', '2018-01-18 08:48:47', '0000-00-00 00:00:00'),
(385, 400, 49, 0, 0, 'Pending', '2018-01-18 08:48:47', '0000-00-00 00:00:00'),
(386, 400, 50, 0, 0, 'Pending', '2018-01-18 08:48:47', '0000-00-00 00:00:00'),
(387, 400, 53, 0, 1, 'Pending', '2018-01-18 08:48:47', '2018-01-19 10:35:59'),
(388, 401, 1, 0, 1, 'Pending', '2018-01-23 01:22:24', '2018-01-23 11:51:10'),
(389, 401, 3, 0, 0, 'Pending', '2018-01-23 01:22:24', '0000-00-00 00:00:00'),
(390, 401, 50, 0, 0, 'Pending', '2018-01-23 01:22:24', '0000-00-00 00:00:00'),
(391, 403, 53, 0, 1, 'Pending', '2018-01-24 05:30:40', '2018-02-06 00:34:27'),
(392, 403, 130, 0, 1, 'Pending', '2018-01-24 05:30:40', '2018-02-01 03:29:09'),
(393, 404, 59, 0, 1, 'Pending', '2018-01-31 05:16:19', '2018-02-08 04:33:19'),
(394, 405, 50, 0, 0, 'Approved', '2018-02-01 02:29:51', '2018-02-02 01:42:04'),
(395, 406, 1, 0, 1, 'Approved', '2018-02-01 06:53:03', '2018-02-02 01:41:59'),
(396, 407, 2, 0, 0, 'Pending', '2018-02-05 04:47:13', '0000-00-00 00:00:00'),
(397, 408, 43, 0, 0, 'Pending', '2018-02-05 05:09:22', '0000-00-00 00:00:00'),
(398, 410, 50, 0, 0, 'Pending', '2018-02-08 05:14:50', '0000-00-00 00:00:00'),
(399, 412, 82, 0, 1, 'Pending', '2018-02-08 05:22:14', '2018-02-09 02:41:37'),
(400, 413, 3, 0, 0, 'Pending', '2018-02-08 05:23:21', '0000-00-00 00:00:00'),
(401, 413, 43, 0, 0, 'Pending', '2018-02-08 05:23:21', '0000-00-00 00:00:00'),
(402, 413, 61, 0, 0, 'Pending', '2018-02-08 05:23:21', '0000-00-00 00:00:00'),
(403, 420, 57, 0, 0, 'Approved', '2018-02-09 01:10:42', '2018-02-12 00:52:24'),
(404, 420, 65, 0, 1, 'Approved', '2018-02-09 01:10:42', '2018-02-15 06:10:42'),
(405, 420, 116, 0, 0, 'Approved', '2018-02-09 01:10:42', '2018-02-12 00:52:24'),
(406, 420, 131, 0, 0, 'Approved', '2018-02-09 01:10:42', '2018-02-12 00:52:24'),
(407, 421, 82, 0, 1, 'Approved', '2018-02-19 01:11:44', '2018-03-08 07:10:40'),
(408, 421, 3, 0, 0, 'Approved', '2018-02-19 01:12:34', '0000-00-00 00:00:00'),
(409, 421, 43, 0, 0, 'Approved', '2018-02-19 01:12:34', '0000-00-00 00:00:00'),
(410, 421, 56, 0, 0, 'Approved', '2018-02-19 01:12:34', '0000-00-00 00:00:00'),
(411, 421, 91, 0, 0, 'Approved', '2018-02-19 01:12:34', '0000-00-00 00:00:00'),
(412, 421, 117, 0, 0, 'Approved', '2018-02-19 01:12:34', '0000-00-00 00:00:00'),
(413, 421, 132, 0, 1, 'Approved', '2018-02-19 01:12:34', '2018-03-12 06:09:47'),
(414, 421, 168, 0, 0, 'Approved', '2018-02-19 01:12:34', '0000-00-00 00:00:00'),
(415, 423, 3, 0, 0, 'Pending', '2018-02-19 06:14:16', '0000-00-00 00:00:00'),
(416, 423, 43, 0, 0, 'Pending', '2018-02-19 06:14:16', '0000-00-00 00:00:00'),
(417, 423, 51, 0, 1, 'Pending', '2018-02-19 06:14:16', '2018-02-27 06:08:27'),
(418, 423, 61, 0, 0, 'Pending', '2018-02-19 06:14:16', '0000-00-00 00:00:00'),
(419, 424, 50, 0, 0, 'Pending', '2018-02-19 06:28:38', '0000-00-00 00:00:00'),
(420, 426, 50, 0, 0, 'Pending', '2018-02-19 06:41:32', '0000-00-00 00:00:00'),
(421, 430, 141, 0, 0, 'Pending', '2018-02-19 07:00:28', '0000-00-00 00:00:00'),
(422, 431, 36, 0, 0, 'Pending', '2018-02-19 07:05:34', '2018-03-06 03:50:39'),
(423, 431, 59, 0, 1, 'Pending', '2018-02-19 07:05:34', '2018-03-12 04:08:11'),
(424, 434, 50, 0, 0, 'Pending', '2018-02-19 07:12:17', '0000-00-00 00:00:00'),
(425, 442, 82, 0, 1, 'Pending', '2018-02-22 01:14:15', '2018-03-08 07:10:43'),
(426, 445, 82, 0, 1, 'Pending', '2018-02-27 05:23:23', '2018-03-08 07:10:46'),
(427, 446, 59, 0, 1, 'Pending', '2018-03-01 03:28:09', '2018-03-12 04:07:53'),
(428, 447, 1, 0, 1, 'Approved', '2018-03-05 03:02:54', '2018-03-06 06:45:39'),
(429, 448, 1, 0, 1, 'Approved', '2018-03-05 06:21:08', '2018-03-06 06:46:40'),
(430, 448, 2, 0, 0, 'Approved', '2018-03-05 06:21:08', '2018-03-06 06:46:40'),
(431, 449, 141, 0, 0, 'Pending', '2018-03-06 03:52:20', '0000-00-00 00:00:00'),
(432, 449, 185, 0, 1, 'Pending', '2018-03-06 03:52:20', '2018-03-07 02:38:54'),
(433, 451, 3, 0, 0, 'Approved', '2018-03-07 01:53:02', '2018-03-12 05:52:46'),
(434, 451, 43, 0, 0, 'Approved', '2018-03-07 01:53:02', '2018-03-12 05:52:46'),
(435, 451, 82, 0, 1, 'Approved', '2018-03-07 01:53:02', '2018-03-12 05:52:46'),
(436, 452, 10, 0, 0, 'Pending', '2018-03-09 01:41:43', '0000-00-00 00:00:00'),
(437, 452, 25, 0, 0, 'Pending', '2018-03-09 01:41:43', '0000-00-00 00:00:00'),
(438, 452, 35, 0, 1, 'Pending', '2018-03-09 01:41:43', '2018-03-14 05:33:50'),
(439, 452, 36, 0, 0, 'Pending', '2018-03-09 01:41:43', '0000-00-00 00:00:00'),
(440, 452, 43, 0, 0, 'Pending', '2018-03-09 01:41:43', '0000-00-00 00:00:00'),
(441, 452, 62, 0, 1, 'Pending', '2018-03-09 01:41:43', '2018-03-13 01:29:44'),
(442, 453, 43, 0, 0, 'Pending', '2018-03-09 01:58:02', '0000-00-00 00:00:00'),
(443, 454, 141, 0, 0, 'Pending', '2018-03-09 02:12:59', '0000-00-00 00:00:00'),
(444, 454, 185, 0, 1, 'Pending', '2018-03-09 02:12:59', '2018-03-10 23:46:44'),
(445, 456, 1, 0, 1, 'Pending', '2018-03-09 02:37:44', '2018-03-12 02:17:06'),
(446, 459, 24, 0, 1, 'Approved', '2018-03-09 05:36:44', '2018-03-20 08:00:14'),
(447, 456, 57, 0, 0, 'Pending', '2018-03-16 07:02:22', '0000-00-00 00:00:00'),
(448, 460, 82, 0, 1, 'Approved', '2018-03-18 01:31:27', '2018-03-18 15:00:08'),
(449, 465, 50, 0, 0, 'Pending', '2018-03-20 03:41:34', '0000-00-00 00:00:00'),
(450, 466, 43, 0, 0, 'Pending', '2018-03-20 03:42:45', '0000-00-00 00:00:00'),
(451, 466, 181, 0, 0, 'Pending', '2018-03-20 03:42:45', '0000-00-00 00:00:00'),
(452, 467, 3, 0, 0, 'Pending', '2018-03-20 03:53:31', '0000-00-00 00:00:00'),
(453, 467, 43, 0, 0, 'Pending', '2018-03-20 03:53:31', '0000-00-00 00:00:00'),
(454, 468, 43, 0, 0, 'Pending', '2018-03-20 03:55:18', '0000-00-00 00:00:00'),
(455, 469, 3, 0, 0, 'Pending', '2018-03-20 03:57:28', '0000-00-00 00:00:00'),
(456, 469, 27, 0, 1, 'Pending', '2018-03-20 03:57:28', '2018-03-21 00:01:21'),
(457, 470, 1, 0, 1, 'Approved', '2018-03-21 03:11:46', '2018-03-21 10:35:40'),
(458, 470, 2, 0, 0, 'Approved', '2018-03-21 03:11:46', '2018-03-21 05:31:02'),
(459, 470, 24, 0, 1, 'Approved', '2018-03-21 03:11:46', '2018-03-22 08:54:58'),
(460, 470, 43, 0, 0, 'Approved', '2018-03-21 03:11:46', '2018-03-21 05:31:02'),
(461, 473, 24, 0, 1, 'Approved', '2018-03-22 08:54:04', '2018-03-23 06:06:39'),
(462, 474, 2, 0, 0, 'Pending', '2018-03-23 06:06:07', '0000-00-00 00:00:00'),
(463, 474, 49, 0, 0, 'Pending', '2018-03-23 06:06:07', '0000-00-00 00:00:00'),
(464, 476, 1, 0, 0, 'Pending', '2018-03-23 06:19:01', '0000-00-00 00:00:00'),
(465, 476, 2, 0, 0, 'Pending', '2018-03-23 06:19:01', '0000-00-00 00:00:00'),
(466, 476, 43, 0, 0, 'Pending', '2018-03-23 06:19:01', '0000-00-00 00:00:00');

-- --------------------------------------------------------

--
-- Table structure for table `t_settings`
--

CREATE TABLE `t_settings` (
  `s_id` int(10) UNSIGNED NOT NULL,
  `s_sysname` varchar(255) COLLATE utf8mb4_unicode_ci NOT NULL,
  `s_abbr` varchar(255) COLLATE utf8mb4_unicode_ci NOT NULL,
  `s_pending_days` int(11) NOT NULL,
  `s_background` varchar(250) COLLATE utf8mb4_unicode_ci NOT NULL,
  `created_at` timestamp NULL DEFAULT NULL,
  `updated_at` timestamp NULL DEFAULT NULL
) ENGINE=InnoDB DEFAULT CHARSET=utf8mb4 COLLATE=utf8mb4_unicode_ci;

--
-- Dumping data for table `t_settings`
--

INSERT INTO `t_settings` (`s_id`, `s_sysname`, `s_abbr`, `s_pending_days`, `s_background`, `created_at`, `updated_at`) VALUES
(1, 'Tracking, Retrieval, Archiving of Communications for Efficiency (TRACE)', 'TRACE', 9, 'images/system/background.jpg', '2017-05-02 17:00:18', '2018-06-05 18:19:43');

-- --------------------------------------------------------

--
-- Table structure for table `t_ug_rights`
--

CREATE TABLE `t_ug_rights` (
  `ugr_id` int(10) UNSIGNED NOT NULL,
  `ug_id` int(10) UNSIGNED NOT NULL,
  `ur_id` int(10) UNSIGNED NOT NULL,
  `ugr_view` tinyint(4) NOT NULL,
  `ugr_add` tinyint(4) NOT NULL,
  `ugr_edit` tinyint(4) NOT NULL,
  `ugr_delete` tinyint(4) NOT NULL,
  `created_at` timestamp NULL DEFAULT NULL,
  `updated_at` timestamp NULL DEFAULT NULL
) ENGINE=InnoDB DEFAULT CHARSET=utf8mb4 COLLATE=utf8mb4_unicode_ci;

--
-- Dumping data for table `t_ug_rights`
--

INSERT INTO `t_ug_rights` (`ugr_id`, `ug_id`, `ur_id`, `ugr_view`, `ugr_add`, `ugr_edit`, `ugr_delete`, `created_at`, `updated_at`) VALUES
(1, 1, 1, 1, 1, 0, 0, '2017-05-03 01:00:00', '2017-05-08 00:52:00'),
(2, 1, 2, 1, 1, 1, 0, '2017-05-03 01:00:00', '2017-05-02 18:28:56'),
(3, 1, 3, 1, 1, 1, 1, '2017-05-03 01:00:00', '0000-00-00 00:00:00'),
(4, 1, 4, 1, 1, 1, 1, '2017-05-03 01:00:00', '0000-00-00 00:00:00'),
(5, 1, 5, 1, 1, 1, 1, '2017-05-03 01:00:00', '0000-00-00 00:00:00'),
(6, 1, 6, 1, 0, 0, 0, '2017-05-03 01:00:00', '2017-05-02 18:29:05'),
(7, 1, 7, 1, 0, 0, 0, '2017-05-03 01:00:00', '2017-05-02 18:29:10'),
(8, 1, 8, 1, 0, 0, 0, '2017-05-03 01:00:00', '2017-05-02 18:29:16'),
(9, 1, 9, 1, 1, 1, 1, '2017-05-03 01:00:00', '0000-00-00 00:00:00'),
(10, 1, 10, 1, 1, 1, 0, '2017-05-03 01:00:00', '2017-05-02 18:29:48'),
(11, 1, 11, 1, 0, 0, 0, '2017-05-03 01:00:00', '2017-05-02 18:29:53'),
(12, 1, 12, 1, 0, 0, 0, '2017-05-03 01:00:00', '2017-05-02 18:29:58'),
(13, 1, 13, 1, 0, 0, 0, '2017-05-03 01:00:00', '2017-05-02 18:30:01'),
(14, 2, 1, 1, 0, 0, 0, '0000-00-00 00:00:00', '2017-05-02 18:30:12'),
(15, 2, 2, 1, 1, 1, 0, '2017-05-03 01:00:00', '2017-05-02 18:30:16'),
(16, 2, 3, 1, 0, 0, 0, '2017-05-03 01:00:00', '2017-05-09 22:45:43'),
(17, 2, 4, 1, 1, 1, 1, '2017-05-03 01:00:00', '0000-00-00 00:00:00'),
(18, 2, 5, 1, 1, 1, 1, '2017-05-03 01:00:00', '0000-00-00 00:00:00'),
(19, 2, 6, 1, 0, 0, 0, '2017-05-03 01:00:00', '2017-05-02 18:30:24'),
(20, 2, 7, 1, 0, 0, 0, '2017-05-03 01:00:00', '2017-05-02 18:30:28'),
(21, 2, 8, 1, 0, 0, 0, '2017-05-03 01:00:00', '2017-05-02 18:30:31'),
(22, 2, 9, 1, 1, 1, 1, '2017-05-03 01:00:00', '0000-00-00 00:00:00'),
(23, 2, 10, 1, 1, 1, 1, '2017-05-03 01:00:00', '0000-00-00 00:00:00'),
(24, 2, 11, 1, 0, 0, 0, '2017-05-03 01:00:00', '2017-05-02 18:31:37'),
(25, 2, 12, 1, 0, 0, 0, '2017-05-03 01:00:00', '2017-05-02 18:31:33'),
(26, 2, 13, 1, 0, 0, 0, '2017-05-03 01:00:00', '2017-05-02 18:31:17'),
(27, 3, 1, 1, 1, 1, 0, '2017-05-03 01:00:00', '2017-05-02 18:31:49'),
(28, 3, 2, 1, 1, 1, 0, '2017-05-03 01:00:00', '2017-05-02 18:31:54'),
(29, 3, 3, 1, 1, 1, 1, '2017-05-03 01:00:00', '0000-00-00 00:00:00'),
(30, 3, 4, 1, 1, 1, 1, '2017-05-03 01:00:00', '0000-00-00 00:00:00'),
(31, 3, 5, 1, 1, 1, 1, '2017-05-03 01:00:00', '0000-00-00 00:00:00'),
(32, 3, 6, 1, 0, 0, 0, '2017-05-03 01:00:00', '2017-05-02 18:31:59'),
(33, 3, 7, 1, 0, 0, 0, '2017-05-03 01:00:00', '2017-05-02 18:32:04'),
(34, 3, 8, 1, 0, 0, 0, '2017-05-03 01:00:00', '2017-05-02 18:32:08'),
(35, 3, 9, 1, 1, 1, 1, '2017-05-03 01:00:00', '0000-00-00 00:00:00'),
(36, 3, 10, 1, 0, 0, 0, '2017-05-03 01:00:00', '2017-05-02 18:32:15'),
(37, 3, 11, 1, 0, 0, 0, '2017-05-03 01:00:00', '2017-05-02 18:32:19'),
(38, 3, 12, 1, 0, 0, 0, '2017-05-03 01:00:00', '2017-05-02 18:32:22'),
(39, 3, 13, 1, 0, 0, 0, '2017-05-03 01:00:00', '2017-05-02 18:32:25'),
(40, 4, 1, 1, 0, 0, 0, '2017-05-03 01:00:00', '2017-05-02 18:32:32'),
(41, 4, 2, 1, 1, 1, 0, '2017-05-03 01:00:00', '2017-05-02 18:32:37'),
(42, 4, 3, 1, 0, 0, 0, '2017-05-03 01:00:00', '2017-05-09 22:45:55'),
(43, 4, 4, 1, 1, 1, 1, '2017-05-03 01:00:00', '0000-00-00 00:00:00'),
(44, 4, 5, 1, 1, 1, 1, '2017-05-03 01:00:00', '0000-00-00 00:00:00'),
(45, 4, 6, 1, 0, 0, 0, '2017-05-03 01:00:00', '2017-05-02 18:32:43'),
(46, 4, 7, 1, 0, 0, 0, '2017-05-03 01:00:00', '2017-05-02 18:32:49'),
(47, 4, 8, 1, 0, 0, 0, '2017-05-03 01:00:00', '2017-05-02 18:32:52'),
(48, 4, 9, 1, 1, 1, 1, '2017-05-03 01:00:00', '0000-00-00 00:00:00'),
(49, 4, 10, 1, 0, 0, 0, '2017-05-03 01:00:00', '2017-05-02 18:32:57'),
(50, 4, 11, 1, 0, 0, 0, '2017-05-03 01:00:00', '2017-05-02 18:33:01'),
(51, 4, 12, 1, 0, 0, 0, '2017-05-03 01:00:00', '2017-05-02 18:33:05'),
(52, 4, 13, 1, 0, 0, 0, '2017-05-03 01:00:00', '2017-05-02 18:33:12');

-- --------------------------------------------------------

--
-- Table structure for table `t_user_groups`
--

CREATE TABLE `t_user_groups` (
  `ug_id` int(10) UNSIGNED NOT NULL,
  `ug_name` varchar(255) COLLATE utf8mb4_unicode_ci NOT NULL,
  `created_at` timestamp NULL DEFAULT NULL,
  `updated_at` timestamp NULL DEFAULT NULL
) ENGINE=InnoDB DEFAULT CHARSET=utf8mb4 COLLATE=utf8mb4_unicode_ci;

--
-- Dumping data for table `t_user_groups`
--

INSERT INTO `t_user_groups` (`ug_id`, `ug_name`, `created_at`, `updated_at`) VALUES
(1, 'Regional Director', '2017-05-02 17:00:18', NULL),
(2, 'Division Head / Unit Chief', '2017-05-02 17:00:18', NULL),
(3, 'Document Controller', '2017-05-02 17:00:18', NULL),
(4, 'Ordinary User', '2017-05-02 17:00:18', NULL);

-- --------------------------------------------------------

--
-- Table structure for table `t_user_logs`
--

CREATE TABLE `t_user_logs` (
  `ul_id` int(10) UNSIGNED NOT NULL,
  `u_id` int(10) UNSIGNED NOT NULL,
  `ul_ip` varchar(255) COLLATE utf8mb4_unicode_ci NOT NULL,
  `ul_session` varchar(255) COLLATE utf8mb4_unicode_ci NOT NULL,
  `created_at` timestamp NULL DEFAULT NULL,
  `updated_at` timestamp NULL DEFAULT NULL
) ENGINE=InnoDB DEFAULT CHARSET=utf8mb4 COLLATE=utf8mb4_unicode_ci;

--
-- Dumping data for table `t_user_logs`
--

INSERT INTO `t_user_logs` (`ul_id`, `u_id`, `ul_ip`, `ul_session`, `created_at`, `updated_at`) VALUES
(1, 5, '10.10.10.1', 'W3XEPom5N3LipfO6nwOJZ9wf6QVCEaFz1gMXTUnH', '2018-06-05 16:52:03', '2018-06-06 01:06:02'),
(2, 5, '10.10.10.1', 'afkdopJp6ZbJaxLvm8J9MMz1U68sb872g9KZpbWl', '2018-06-05 18:24:36', '2018-06-05 18:24:41'),
(3, 5, '10.10.10.1', 'wE4v2rNVQEkjTIwnfI5LzULt4eZWYgI0riVFLPXT', '2018-06-06 16:19:55', '2018-06-06 18:35:25'),
(4, 1, '10.10.10.1', 'lh6CqccGJwPXdsSQT4MVolcvPX17SbOJvY008FzD', '2018-06-06 18:36:07', '2018-06-06 18:38:34'),
(5, 3, '10.10.10.1', 'e7qmZCDnBBkdsERA1Zpt4M1xW0BKmrvMlTCE5lnk', '2018-06-06 18:38:39', NULL),
(6, 2, '10.10.10.1', 'uYtCd658UkWYLlYl0CM6e8DcZ9Kk7iyo9Ow3GpHj', '2018-06-06 18:43:02', NULL),
(7, 3, '10.10.10.1', '2vo7XTv6RTzF2GGmmkSNtwgPfDJ52X6uIzcqODrd', '2018-06-06 18:44:01', '2018-06-06 19:54:58'),
(8, 11, '10.10.10.1', 'VXb07L2gfGoKJX6ENqdmsw5b4xPxsS5rraFmENah', '2018-06-06 19:55:19', NULL),
(9, 11, '10.10.10.1', 'e2JSSbvMq6YuMzvMcJOAgIQQLZFpiJKp3NfhSl3L', '2018-06-06 21:27:24', '2018-06-06 21:45:25'),
(10, 11, '10.10.10.1', '6NU53zijyVLHGS12QgnfjADqtC5z3bGs65yT0DK4', '2018-06-06 21:46:09', '2018-06-06 21:46:37'),
(11, 5, '10.10.10.1', 'Na3POUS0viNCkzAcOcz3xboChMpojdk1NCTWeRrE', '2018-06-06 23:07:45', '2018-06-06 23:08:06'),
(12, 5, '10.10.10.1', 'lWZHuBqIoA7gre8TPYQqKzVsDY5sIrnspGvgqPuf', '2018-06-10 22:35:55', '2018-06-10 22:36:27'),
(13, 3, '10.10.10.1', 'gdeCR6C5pAeuFck8Urs6qMYzDVyD8K2fXvPO7fht', '2018-06-10 22:36:34', NULL),
(14, 3, '10.10.10.1', 'o2vFU3YbpdmX1jAnFLceYhP75ICB0DHrjEELDTr8', '2018-06-12 16:39:59', '2018-06-12 17:35:47'),
(15, 1, '10.10.10.1', 'ESrCr3zUoV4bsGlYTG67w6gQ1ADMFHYGwkZ9hV75', '2018-06-12 17:36:48', '2018-06-12 17:38:20'),
(16, 3, '10.10.10.1', 'x2FW64wlgyyoE9xhQdRviWGEbfE47L271UGHx1ol', '2018-06-12 17:38:26', '2018-06-12 18:53:53'),
(17, 5, '10.10.10.1', 'RseEXvXxmeRt8xHd9R7wefqBLucPXBoeP7aBnS2I', '2018-06-12 18:53:57', '2018-06-12 19:09:58'),
(18, 3, '10.10.10.1', 'KSaDrszFbnBVPXzLlcDogzM6ZHUIa5lGXh5FqvZK', '2018-06-12 19:10:01', '2018-06-12 19:13:23'),
(19, 11, '10.10.10.1', '8MDIKnZ8R8fKMbeJUeJ1IZjVGMARPmdnj6HcRY3Y', '2018-06-12 19:13:29', '2018-06-12 19:21:37'),
(20, 3, '10.10.10.1', 'FaqYVF4fuD5J7T4m0iS3gQGsqmOZcalPzMiCHQ2N', '2018-06-12 19:21:42', '2018-06-12 19:23:28'),
(21, 5, '10.10.10.1', 'VAWO5IPHgw8HzmDm1BGxb7kJk3CRv98NAJ8olJNp', '2018-06-12 19:23:32', '2018-06-12 19:37:34'),
(22, 3, '10.10.10.1', '5bnoQuPoeLdUiI5x78NouQQ6D4RYCXOFmjTouZrd', '2018-06-12 19:37:37', NULL),
(23, 3, '10.10.10.1', 'eaDehoaTYJ9JDg9MKQK1nzKhStpYNYyqquoCWeBP', '2018-06-20 22:14:38', NULL);

-- --------------------------------------------------------

--
-- Table structure for table `t_user_rights`
--

CREATE TABLE `t_user_rights` (
  `ur_id` int(10) UNSIGNED NOT NULL,
  `ur_name` varchar(255) COLLATE utf8mb4_unicode_ci NOT NULL,
  `created_at` timestamp NULL DEFAULT NULL,
  `updated_at` timestamp NULL DEFAULT NULL
) ENGINE=InnoDB DEFAULT CHARSET=utf8mb4 COLLATE=utf8mb4_unicode_ci;

--
-- Dumping data for table `t_user_rights`
--

INSERT INTO `t_user_rights` (`ur_id`, `ur_name`, `created_at`, `updated_at`) VALUES
(1, 'Incoming Documents', '2017-05-03 01:00:00', NULL),
(2, 'Outgoing Documents', '2017-05-03 01:00:00', NULL),
(3, 'RD\'s Calendar', '2017-05-03 01:00:00', NULL),
(4, 'Meetings', '2017-05-03 01:00:00', NULL),
(5, 'Events', '2017-05-03 01:00:00', NULL),
(6, 'Document Statistics', '2017-05-03 01:00:00', NULL),
(7, 'User Statistics', '2017-05-03 01:00:00', NULL),
(8, 'Unit Statistics', '2017-05-03 01:00:00', NULL),
(9, 'Company Information', '2017-05-03 01:00:00', NULL),
(10, 'Groups', '2017-05-03 01:00:00', NULL),
(11, 'Accounts', '2017-05-03 01:00:00', NULL),
(12, 'System Settings', '2017-05-03 01:00:00', NULL),
(13, 'User Groups', '2017-05-03 01:00:00', NULL);

--
-- Indexes for dumped tables
--

--
-- Indexes for table `migrations`
--
ALTER TABLE `migrations`
  ADD PRIMARY KEY (`id`);

--
-- Indexes for table `t_actions`
--
ALTER TABLE `t_actions`
  ADD PRIMARY KEY (`a_id`);

--
-- Indexes for table `t_action_done`
--
ALTER TABLE `t_action_done`
  ADD PRIMARY KEY (`ad_id`),
  ADD KEY `t_action_done_comm_id_foreign` (`comm_id`),
  ADD KEY `t_action_done_d_id_foreign` (`d_id`),
  ADD KEY `t_action_done_u_id_foreign` (`u_id`);

--
-- Indexes for table `t_comments`
--
ALTER TABLE `t_comments`
  ADD PRIMARY KEY (`comm_id`),
  ADD KEY `t_comments_u_id_foreign` (`u_id`);

--
-- Indexes for table `t_companies`
--
ALTER TABLE `t_companies`
  ADD PRIMARY KEY (`c_id`);

--
-- Indexes for table `t_dcomment_seen`
--
ALTER TABLE `t_dcomment_seen`
  ADD PRIMARY KEY (`dcs_id`),
  ADD KEY `t_dcomment_seen_d_id_foreign` (`d_id`),
  ADD KEY `t_dcomment_seen_comm_id_foreign` (`comm_id`),
  ADD KEY `t_dcomment_seen_u_id_foreign` (`u_id`);

--
-- Indexes for table `t_documents`
--
ALTER TABLE `t_documents`
  ADD PRIMARY KEY (`d_id`),
  ADD KEY `t_documents_dt_id_foreign` (`dt_id`),
  ADD KEY `t_documents_c_id_foreign` (`c_id`);

--
-- Indexes for table `t_document_attachments`
--
ALTER TABLE `t_document_attachments`
  ADD PRIMARY KEY (`da_id`),
  ADD KEY `t_document_attachments_d_id_foreign` (`d_id`);

--
-- Indexes for table `t_document_routings`
--
ALTER TABLE `t_document_routings`
  ADD PRIMARY KEY (`dr_id`),
  ADD KEY `t_document_routings_d_id_foreign` (`d_id`),
  ADD KEY `t_document_routings_u_id_foreign` (`u_id`);

--
-- Indexes for table `t_document_types`
--
ALTER TABLE `t_document_types`
  ADD PRIMARY KEY (`dt_id`);

--
-- Indexes for table `t_ecomment_seen`
--
ALTER TABLE `t_ecomment_seen`
  ADD PRIMARY KEY (`ecs_id`),
  ADD KEY `t_ecomment_seen_e_id_foreign` (`e_id`),
  ADD KEY `t_ecomment_seen_comm_id_foreign` (`comm_id`),
  ADD KEY `t_ecomment_seen_u_id_foreign` (`u_id`);

--
-- Indexes for table `t_events`
--
ALTER TABLE `t_events`
  ADD PRIMARY KEY (`e_id`),
  ADD KEY `t_events_u_id_foreign` (`u_id`);

--
-- Indexes for table `t_event_attachments`
--
ALTER TABLE `t_event_attachments`
  ADD PRIMARY KEY (`ea_id`),
  ADD KEY `t_event_attachments_e_id_foreign` (`e_id`);

--
-- Indexes for table `t_event_seen`
--
ALTER TABLE `t_event_seen`
  ADD PRIMARY KEY (`es_id`),
  ADD KEY `t_event_seen_e_id_foreign` (`e_id`),
  ADD KEY `t_event_seen_u_id_foreign` (`u_id`);

--
-- Indexes for table `t_groups`
--
ALTER TABLE `t_groups`
  ADD PRIMARY KEY (`group_id`);

--
-- Indexes for table `t_group_members`
--
ALTER TABLE `t_group_members`
  ADD PRIMARY KEY (`gm_id`),
  ADD KEY `t_group_members_group_id_foreign` (`group_id`),
  ADD KEY `t_group_members_u_id_foreign` (`u_id`);

--
-- Indexes for table `t_meetings`
--
ALTER TABLE `t_meetings`
  ADD PRIMARY KEY (`m_id`),
  ADD KEY `t_meetings_m_encodedby_foreign` (`m_encodedby`);

--
-- Indexes for table `t_participants`
--
ALTER TABLE `t_participants`
  ADD PRIMARY KEY (`p_id`),
  ADD KEY `t_participants_m_id_foreign` (`m_id`),
  ADD KEY `t_participants_u_id_foreign` (`u_id`);

--
-- Indexes for table `t_settings`
--
ALTER TABLE `t_settings`
  ADD PRIMARY KEY (`s_id`);

--
-- Indexes for table `t_ug_rights`
--
ALTER TABLE `t_ug_rights`
  ADD PRIMARY KEY (`ugr_id`),
  ADD KEY `t_ug_rights_ug_id_foreign` (`ug_id`),
  ADD KEY `t_ug_rights_ur_id_foreign` (`ur_id`);

--
-- Indexes for table `t_user_groups`
--
ALTER TABLE `t_user_groups`
  ADD PRIMARY KEY (`ug_id`);

--
-- Indexes for table `t_user_logs`
--
ALTER TABLE `t_user_logs`
  ADD PRIMARY KEY (`ul_id`),
  ADD KEY `t_user_logs_u_id_foreign` (`u_id`);

--
-- Indexes for table `t_user_rights`
--
ALTER TABLE `t_user_rights`
  ADD PRIMARY KEY (`ur_id`);

--
-- AUTO_INCREMENT for dumped tables
--

--
-- AUTO_INCREMENT for table `migrations`
--
ALTER TABLE `migrations`
  MODIFY `id` int(10) UNSIGNED NOT NULL AUTO_INCREMENT, AUTO_INCREMENT=24;

--
-- AUTO_INCREMENT for table `t_actions`
--
ALTER TABLE `t_actions`
  MODIFY `a_id` int(10) UNSIGNED NOT NULL AUTO_INCREMENT, AUTO_INCREMENT=15;

--
-- AUTO_INCREMENT for table `t_action_done`
--
ALTER TABLE `t_action_done`
  MODIFY `ad_id` int(10) UNSIGNED NOT NULL AUTO_INCREMENT, AUTO_INCREMENT=1588;

--
-- AUTO_INCREMENT for table `t_comments`
--
ALTER TABLE `t_comments`
  MODIFY `comm_id` int(10) UNSIGNED NOT NULL AUTO_INCREMENT, AUTO_INCREMENT=10154;

--
-- AUTO_INCREMENT for table `t_companies`
--
ALTER TABLE `t_companies`
  MODIFY `c_id` int(10) UNSIGNED NOT NULL AUTO_INCREMENT, AUTO_INCREMENT=950;

--
-- AUTO_INCREMENT for table `t_dcomment_seen`
--
ALTER TABLE `t_dcomment_seen`
  MODIFY `dcs_id` int(10) UNSIGNED NOT NULL AUTO_INCREMENT, AUTO_INCREMENT=60267;

--
-- AUTO_INCREMENT for table `t_documents`
--
ALTER TABLE `t_documents`
  MODIFY `d_id` bigint(20) UNSIGNED NOT NULL AUTO_INCREMENT, AUTO_INCREMENT=6706;

--
-- AUTO_INCREMENT for table `t_document_attachments`
--
ALTER TABLE `t_document_attachments`
  MODIFY `da_id` int(10) UNSIGNED NOT NULL AUTO_INCREMENT, AUTO_INCREMENT=8116;

--
-- AUTO_INCREMENT for table `t_document_routings`
--
ALTER TABLE `t_document_routings`
  MODIFY `dr_id` int(10) UNSIGNED NOT NULL AUTO_INCREMENT, AUTO_INCREMENT=21292;

--
-- AUTO_INCREMENT for table `t_document_types`
--
ALTER TABLE `t_document_types`
  MODIFY `dt_id` int(10) UNSIGNED NOT NULL AUTO_INCREMENT, AUTO_INCREMENT=22;

--
-- AUTO_INCREMENT for table `t_ecomment_seen`
--
ALTER TABLE `t_ecomment_seen`
  MODIFY `ecs_id` int(10) UNSIGNED NOT NULL AUTO_INCREMENT, AUTO_INCREMENT=680;

--
-- AUTO_INCREMENT for table `t_events`
--
ALTER TABLE `t_events`
  MODIFY `e_id` int(10) UNSIGNED NOT NULL AUTO_INCREMENT, AUTO_INCREMENT=630;

--
-- AUTO_INCREMENT for table `t_event_attachments`
--
ALTER TABLE `t_event_attachments`
  MODIFY `ea_id` int(10) UNSIGNED NOT NULL AUTO_INCREMENT, AUTO_INCREMENT=15;

--
-- AUTO_INCREMENT for table `t_event_seen`
--
ALTER TABLE `t_event_seen`
  MODIFY `es_id` int(10) UNSIGNED NOT NULL AUTO_INCREMENT, AUTO_INCREMENT=1267;

--
-- AUTO_INCREMENT for table `t_groups`
--
ALTER TABLE `t_groups`
  MODIFY `group_id` int(10) UNSIGNED NOT NULL AUTO_INCREMENT, AUTO_INCREMENT=25;

--
-- AUTO_INCREMENT for table `t_group_members`
--
ALTER TABLE `t_group_members`
  MODIFY `gm_id` int(10) UNSIGNED NOT NULL AUTO_INCREMENT, AUTO_INCREMENT=174;

--
-- AUTO_INCREMENT for table `t_meetings`
--
ALTER TABLE `t_meetings`
  MODIFY `m_id` int(10) UNSIGNED NOT NULL AUTO_INCREMENT, AUTO_INCREMENT=477;

--
-- AUTO_INCREMENT for table `t_participants`
--
ALTER TABLE `t_participants`
  MODIFY `p_id` int(10) UNSIGNED NOT NULL AUTO_INCREMENT, AUTO_INCREMENT=467;

--
-- AUTO_INCREMENT for table `t_settings`
--
ALTER TABLE `t_settings`
  MODIFY `s_id` int(10) UNSIGNED NOT NULL AUTO_INCREMENT, AUTO_INCREMENT=2;

--
-- AUTO_INCREMENT for table `t_ug_rights`
--
ALTER TABLE `t_ug_rights`
  MODIFY `ugr_id` int(10) UNSIGNED NOT NULL AUTO_INCREMENT, AUTO_INCREMENT=53;

--
-- AUTO_INCREMENT for table `t_user_groups`
--
ALTER TABLE `t_user_groups`
  MODIFY `ug_id` int(10) UNSIGNED NOT NULL AUTO_INCREMENT, AUTO_INCREMENT=5;

--
-- AUTO_INCREMENT for table `t_user_logs`
--
ALTER TABLE `t_user_logs`
  MODIFY `ul_id` int(10) UNSIGNED NOT NULL AUTO_INCREMENT, AUTO_INCREMENT=24;

--
-- AUTO_INCREMENT for table `t_user_rights`
--
ALTER TABLE `t_user_rights`
  MODIFY `ur_id` int(10) UNSIGNED NOT NULL AUTO_INCREMENT, AUTO_INCREMENT=14;

--
-- Constraints for dumped tables
--

--
-- Constraints for table `t_action_done`
--
ALTER TABLE `t_action_done`
  ADD CONSTRAINT `t_action_done_comm_id_foreign` FOREIGN KEY (`comm_id`) REFERENCES `t_comments` (`comm_id`) ON DELETE CASCADE,
  ADD CONSTRAINT `t_action_done_d_id_foreign` FOREIGN KEY (`d_id`) REFERENCES `t_documents` (`d_id`) ON DELETE CASCADE,
  ADD CONSTRAINT `t_action_done_u_id_foreign` FOREIGN KEY (`u_id`) REFERENCES `t_users` (`u_id`) ON DELETE CASCADE;

--
-- Constraints for table `t_comments`
--
ALTER TABLE `t_comments`
  ADD CONSTRAINT `t_comments_u_id_foreign` FOREIGN KEY (`u_id`) REFERENCES `t_users` (`u_id`);

--
-- Constraints for table `t_dcomment_seen`
--
ALTER TABLE `t_dcomment_seen`
  ADD CONSTRAINT `t_dcomment_seen_comm_id_foreign` FOREIGN KEY (`comm_id`) REFERENCES `t_comments` (`comm_id`) ON DELETE CASCADE,
  ADD CONSTRAINT `t_dcomment_seen_d_id_foreign` FOREIGN KEY (`d_id`) REFERENCES `t_documents` (`d_id`) ON DELETE CASCADE,
  ADD CONSTRAINT `t_dcomment_seen_u_id_foreign` FOREIGN KEY (`u_id`) REFERENCES `t_users` (`u_id`) ON DELETE CASCADE;

--
-- Constraints for table `t_documents`
--
ALTER TABLE `t_documents`
  ADD CONSTRAINT `t_documents_c_id_foreign` FOREIGN KEY (`c_id`) REFERENCES `t_companies` (`c_id`),
  ADD CONSTRAINT `t_documents_dt_id_foreign` FOREIGN KEY (`dt_id`) REFERENCES `t_document_types` (`dt_id`);

--
-- Constraints for table `t_document_attachments`
--
ALTER TABLE `t_document_attachments`
  ADD CONSTRAINT `t_document_attachments_d_id_foreign` FOREIGN KEY (`d_id`) REFERENCES `t_documents` (`d_id`) ON DELETE CASCADE;

--
-- Constraints for table `t_document_routings`
--
ALTER TABLE `t_document_routings`
  ADD CONSTRAINT `t_document_routings_d_id_foreign` FOREIGN KEY (`d_id`) REFERENCES `t_documents` (`d_id`) ON DELETE CASCADE,
  ADD CONSTRAINT `t_document_routings_u_id_foreign` FOREIGN KEY (`u_id`) REFERENCES `t_users` (`u_id`) ON DELETE CASCADE;

--
-- Constraints for table `t_ecomment_seen`
--
ALTER TABLE `t_ecomment_seen`
  ADD CONSTRAINT `t_ecomment_seen_comm_id_foreign` FOREIGN KEY (`comm_id`) REFERENCES `t_comments` (`comm_id`) ON DELETE CASCADE,
  ADD CONSTRAINT `t_ecomment_seen_e_id_foreign` FOREIGN KEY (`e_id`) REFERENCES `t_events` (`e_id`) ON DELETE CASCADE,
  ADD CONSTRAINT `t_ecomment_seen_u_id_foreign` FOREIGN KEY (`u_id`) REFERENCES `t_users` (`u_id`) ON DELETE CASCADE;

--
-- Constraints for table `t_events`
--
ALTER TABLE `t_events`
  ADD CONSTRAINT `t_events_u_id_foreign` FOREIGN KEY (`u_id`) REFERENCES `t_users` (`u_id`);

--
-- Constraints for table `t_event_attachments`
--
ALTER TABLE `t_event_attachments`
  ADD CONSTRAINT `t_event_attachments_e_id_foreign` FOREIGN KEY (`e_id`) REFERENCES `t_events` (`e_id`) ON DELETE CASCADE;

--
-- Constraints for table `t_event_seen`
--
ALTER TABLE `t_event_seen`
  ADD CONSTRAINT `t_event_seen_e_id_foreign` FOREIGN KEY (`e_id`) REFERENCES `t_events` (`e_id`) ON DELETE CASCADE,
  ADD CONSTRAINT `t_event_seen_u_id_foreign` FOREIGN KEY (`u_id`) REFERENCES `t_users` (`u_id`) ON DELETE CASCADE;

--
-- Constraints for table `t_group_members`
--
ALTER TABLE `t_group_members`
  ADD CONSTRAINT `t_group_members_group_id_foreign` FOREIGN KEY (`group_id`) REFERENCES `t_groups` (`group_id`) ON DELETE CASCADE,
  ADD CONSTRAINT `t_group_members_u_id_foreign` FOREIGN KEY (`u_id`) REFERENCES `t_users` (`u_id`) ON DELETE CASCADE;

--
-- Constraints for table `t_meetings`
--
ALTER TABLE `t_meetings`
  ADD CONSTRAINT `t_meetings_m_encodedby_foreign` FOREIGN KEY (`m_encodedby`) REFERENCES `t_users` (`u_id`) ON DELETE CASCADE;

--
-- Constraints for table `t_participants`
--
ALTER TABLE `t_participants`
  ADD CONSTRAINT `t_participants_m_id_foreign` FOREIGN KEY (`m_id`) REFERENCES `t_meetings` (`m_id`) ON DELETE CASCADE,
  ADD CONSTRAINT `t_participants_u_id_foreign` FOREIGN KEY (`u_id`) REFERENCES `t_users` (`u_id`) ON DELETE CASCADE;

--
-- Constraints for table `t_ug_rights`
--
ALTER TABLE `t_ug_rights`
  ADD CONSTRAINT `t_ug_rights_ug_id_foreign` FOREIGN KEY (`ug_id`) REFERENCES `t_user_groups` (`ug_id`),
  ADD CONSTRAINT `t_ug_rights_ur_id_foreign` FOREIGN KEY (`ur_id`) REFERENCES `t_user_rights` (`ur_id`);

--
-- Constraints for table `t_user_logs`
--
ALTER TABLE `t_user_logs`
  ADD CONSTRAINT `t_user_logs_u_id_foreign` FOREIGN KEY (`u_id`) REFERENCES `t_users` (`u_id`);
COMMIT;

